{"id":791,"date":"2025-11-25T09:04:28","date_gmt":"2025-11-25T09:04:28","guid":{"rendered":""},"modified":"2025-11-25T09:04:28","modified_gmt":"2025-11-25T09:04:28","slug":"finale-aktion-5-el-rap-de-la-por-791","status":"publish","type":"product","link":"https:\/\/www.casadelectores.com\/index.php\/producto\/finale-aktion-5-el-rap-de-la-por-791\/","title":{"rendered":"Finale Aktion 5. EL RAP DE LA POR"},"content":{"rendered":"<p>Compte amb les orelles delicades, arriba una m\u00fasica terror\u00edfica!A Lugubria arriba la celebraci\u00f3 m\u00e9s important de l&#8217;any, l&#8217;Horribilis Versibus. \u00c9s el dia que ser\u00e0 coronat el Gran Poeta, el rap que far\u00e0 tremolar el p\u00fablic i el jurat amb les seves rimes. Pobre Geronimo&#8230; No s\u00e9 s\u00ed suportar\u00e0 l&#8217;estrepit\u00f3s i terror\u00edfic rap de la por! \u00ab,<\/p>\n","protected":false},"excerpt":{"rendered":"<p>Compte amb les orelles delicades, arriba una m\u00fasica terror\u00edfica!A Lugubria arriba la celebraci\u00f3 m\u00e9s important de l&#8217;any, l&#8217;Horribilis Versibus. \u00c9s el dia que ser\u00e0 coronat el Gran Poeta, el rap que far\u00e0 tremolar el p\u00fablic i el jurat amb les seves rimes. Pobre Geronimo&#8230; No s\u00e9 s\u00ed suportar\u00e0 l&#8217;estrepit\u00f3s i terror\u00edfic rap de la por!&hellip;&nbsp;<a href=\"https:\/\/www.casadelectores.com\/index.php\/producto\/finale-aktion-5-el-rap-de-la-por-791\/\" rel=\"bookmark\"><span class=\"screen-reader-text\">Finale Aktion 5. EL RAP DE LA POR<\/span><\/a><\/p>\n","protected":false},"featured_media":891,"template":"","meta":{"neve_meta_sidebar":"","neve_meta_container":"","neve_meta_enable_content_width":"","neve_meta_content_width":0,"neve_meta_title_alignment":"","neve_meta_author_avatar":"","neve_post_elements_order":"","neve_meta_disable_header":"","neve_meta_disable_footer":"","neve_meta_disable_title":"","_themeisle_gutenberg_block_has_review":false},"product_brand":[],"product_cat":[26],"product_tag":[],"class_list":["post-791","product","type-product","status-publish","has-post-thumbnail","product_cat-publicaciones-de-libros","first","instock","sale","shipping-taxable","purchasable","product-type-simple"],"yoast_head":"<!-- This site is optimized with the Yoast SEO plugin v26.3 - https:\/\/yoast.com\/wordpress\/plugins\/seo\/ -->\n<title>Finale Aktion 5. EL RAP DE LA POR - casadelectores<\/title>\n<meta name=\"robots\" content=\"index, follow, max-snippet:-1, max-image-preview:large, max-video-preview:-1\" \/>\n<link rel=\"canonical\" href=\"https:\/\/www.casadelectores.com\/index.php\/producto\/finale-aktion-5-el-rap-de-la-por-791\/\" \/>\n<meta property=\"og:locale\" content=\"es_ES\" \/>\n<meta property=\"og:type\" content=\"article\" \/>\n<meta property=\"og:title\" content=\"Finale Aktion 5. EL RAP DE LA POR - casadelectores\" \/>\n<meta property=\"og:description\" content=\"Compte amb les orelles delicades, arriba una m\u00fasica terror\u00edfica!A Lugubria arriba la celebraci\u00f3 m\u00e9s important de l&#8217;any, l&#8217;Horribilis Versibus. \u00c9s el dia que ser\u00e0 coronat el Gran Poeta, el rap que far\u00e0 tremolar el p\u00fablic i el jurat amb les seves rimes. Pobre Geronimo&#8230; No s\u00e9 s\u00ed suportar\u00e0 l&#8217;estrepit\u00f3s i terror\u00edfic rap de la por!&hellip;&nbsp;Finale Aktion 5. EL RAP DE LA POR\" \/>\n<meta property=\"og:url\" content=\"https:\/\/www.casadelectores.com\/index.php\/producto\/finale-aktion-5-el-rap-de-la-por-791\/\" \/>\n<meta property=\"og:site_name\" content=\"casadelectores\" \/>\n<meta property=\"og:image\" content=\"https:\/\/www.casadelectores.com\/wp-content\/uploads\/2025\/SK0176311-DE20251119-101116-0-1763518286-978841579089.webp\" \/>\n\t<meta property=\"og:image:width\" content=\"300\" \/>\n\t<meta property=\"og:image:height\" content=\"418\" \/>\n\t<meta property=\"og:image:type\" content=\"image\/webp\" \/>\n<meta name=\"twitter:card\" content=\"summary_large_image\" \/>\n<script type=\"application\/ld+json\" class=\"yoast-schema-graph\">{\"@context\":\"https:\/\/schema.org\",\"@graph\":[{\"@type\":\"WebPage\",\"@id\":\"https:\/\/www.casadelectores.com\/index.php\/producto\/finale-aktion-5-el-rap-de-la-por-791\/\",\"url\":\"https:\/\/www.casadelectores.com\/index.php\/producto\/finale-aktion-5-el-rap-de-la-por-791\/\",\"name\":\"Finale Aktion 5. EL RAP DE LA POR - casadelectores\",\"isPartOf\":{\"@id\":\"https:\/\/www.casadelectores.com\/#website\"},\"primaryImageOfPage\":{\"@id\":\"https:\/\/www.casadelectores.com\/index.php\/producto\/finale-aktion-5-el-rap-de-la-por-791\/#primaryimage\"},\"image\":{\"@id\":\"https:\/\/www.casadelectores.com\/index.php\/producto\/finale-aktion-5-el-rap-de-la-por-791\/#primaryimage\"},\"thumbnailUrl\":\"https:\/\/www.casadelectores.com\/wp-content\/uploads\/2025\/SK0176311-DE20251119-101116-0-1763518286-978841579089.webp\",\"datePublished\":\"2025-11-25T09:04:28+00:00\",\"breadcrumb\":{\"@id\":\"https:\/\/www.casadelectores.com\/index.php\/producto\/finale-aktion-5-el-rap-de-la-por-791\/#breadcrumb\"},\"inLanguage\":\"es\",\"potentialAction\":[{\"@type\":\"ReadAction\",\"target\":[\"https:\/\/www.casadelectores.com\/index.php\/producto\/finale-aktion-5-el-rap-de-la-por-791\/\"]}]},{\"@type\":\"ImageObject\",\"inLanguage\":\"es\",\"@id\":\"https:\/\/www.casadelectores.com\/index.php\/producto\/finale-aktion-5-el-rap-de-la-por-791\/#primaryimage\",\"url\":\"https:\/\/www.casadelectores.com\/wp-content\/uploads\/2025\/SK0176311-DE20251119-101116-0-1763518286-978841579089.webp\",\"contentUrl\":\"https:\/\/www.casadelectores.com\/wp-content\/uploads\/2025\/SK0176311-DE20251119-101116-0-1763518286-978841579089.webp\",\"width\":300,\"height\":418},{\"@type\":\"BreadcrumbList\",\"@id\":\"https:\/\/www.casadelectores.com\/index.php\/producto\/finale-aktion-5-el-rap-de-la-por-791\/#breadcrumb\",\"itemListElement\":[{\"@type\":\"ListItem\",\"position\":1,\"name\":\"Portada\",\"item\":\"https:\/\/www.casadelectores.com\/\"},{\"@type\":\"ListItem\",\"position\":2,\"name\":\"Shop\",\"item\":\"https:\/\/www.casadelectores.com\/index.php\/shop\/\"},{\"@type\":\"ListItem\",\"position\":3,\"name\":\"Finale Aktion 5. EL RAP DE LA POR\"}]},{\"@type\":\"WebSite\",\"@id\":\"https:\/\/www.casadelectores.com\/#website\",\"url\":\"https:\/\/www.casadelectores.com\/\",\"name\":\"Enam\u00f3rate de las compras\",\"description\":\"\",\"publisher\":{\"@id\":\"https:\/\/www.casadelectores.com\/#organization\"},\"potentialAction\":[{\"@type\":\"SearchAction\",\"target\":{\"@type\":\"EntryPoint\",\"urlTemplate\":\"https:\/\/www.casadelectores.com\/?s={search_term_string}\"},\"query-input\":{\"@type\":\"PropertyValueSpecification\",\"valueRequired\":true,\"valueName\":\"search_term_string\"}}],\"inLanguage\":\"es\"},{\"@type\":\"Organization\",\"@id\":\"https:\/\/www.casadelectores.com\/#organization\",\"name\":\"Enam\u00f3rate de las compras\",\"url\":\"https:\/\/www.casadelectores.com\/\",\"logo\":{\"@type\":\"ImageObject\",\"inLanguage\":\"es\",\"@id\":\"https:\/\/www.casadelectores.com\/#\/schema\/logo\/image\/\",\"url\":\"https:\/\/www.casadelectores.com\/wp-content\/uploads\/2020\/10\/shop-icon.png\",\"contentUrl\":\"https:\/\/www.casadelectores.com\/wp-content\/uploads\/2020\/10\/shop-icon.png\",\"width\":512,\"height\":512,\"caption\":\"Enam\u00f3rate de las compras\"},\"image\":{\"@id\":\"https:\/\/www.casadelectores.com\/#\/schema\/logo\/image\/\"}}]}<\/script>\n<!-- \/ Yoast SEO plugin. -->","yoast_head_json":{"title":"Finale Aktion 5. EL RAP DE LA POR - casadelectores","robots":{"index":"index","follow":"follow","max-snippet":"max-snippet:-1","max-image-preview":"max-image-preview:large","max-video-preview":"max-video-preview:-1"},"canonical":"https:\/\/www.casadelectores.com\/index.php\/producto\/finale-aktion-5-el-rap-de-la-por-791\/","og_locale":"es_ES","og_type":"article","og_title":"Finale Aktion 5. EL RAP DE LA POR - casadelectores","og_description":"Compte amb les orelles delicades, arriba una m\u00fasica terror\u00edfica!A Lugubria arriba la celebraci\u00f3 m\u00e9s important de l&#8217;any, l&#8217;Horribilis Versibus. \u00c9s el dia que ser\u00e0 coronat el Gran Poeta, el rap que far\u00e0 tremolar el p\u00fablic i el jurat amb les seves rimes. Pobre Geronimo&#8230; No s\u00e9 s\u00ed suportar\u00e0 l&#8217;estrepit\u00f3s i terror\u00edfic rap de la por!&hellip;&nbsp;Finale Aktion 5. EL RAP DE LA POR","og_url":"https:\/\/www.casadelectores.com\/index.php\/producto\/finale-aktion-5-el-rap-de-la-por-791\/","og_site_name":"casadelectores","og_image":[{"width":300,"height":418,"url":"https:\/\/www.casadelectores.com\/wp-content\/uploads\/2025\/SK0176311-DE20251119-101116-0-1763518286-978841579089.webp","type":"image\/webp"}],"twitter_card":"summary_large_image","schema":{"@context":"https:\/\/schema.org","@graph":[{"@type":"WebPage","@id":"https:\/\/www.casadelectores.com\/index.php\/producto\/finale-aktion-5-el-rap-de-la-por-791\/","url":"https:\/\/www.casadelectores.com\/index.php\/producto\/finale-aktion-5-el-rap-de-la-por-791\/","name":"Finale Aktion 5. EL RAP DE LA POR - casadelectores","isPartOf":{"@id":"https:\/\/www.casadelectores.com\/#website"},"primaryImageOfPage":{"@id":"https:\/\/www.casadelectores.com\/index.php\/producto\/finale-aktion-5-el-rap-de-la-por-791\/#primaryimage"},"image":{"@id":"https:\/\/www.casadelectores.com\/index.php\/producto\/finale-aktion-5-el-rap-de-la-por-791\/#primaryimage"},"thumbnailUrl":"https:\/\/www.casadelectores.com\/wp-content\/uploads\/2025\/SK0176311-DE20251119-101116-0-1763518286-978841579089.webp","datePublished":"2025-11-25T09:04:28+00:00","breadcrumb":{"@id":"https:\/\/www.casadelectores.com\/index.php\/producto\/finale-aktion-5-el-rap-de-la-por-791\/#breadcrumb"},"inLanguage":"es","potentialAction":[{"@type":"ReadAction","target":["https:\/\/www.casadelectores.com\/index.php\/producto\/finale-aktion-5-el-rap-de-la-por-791\/"]}]},{"@type":"ImageObject","inLanguage":"es","@id":"https:\/\/www.casadelectores.com\/index.php\/producto\/finale-aktion-5-el-rap-de-la-por-791\/#primaryimage","url":"https:\/\/www.casadelectores.com\/wp-content\/uploads\/2025\/SK0176311-DE20251119-101116-0-1763518286-978841579089.webp","contentUrl":"https:\/\/www.casadelectores.com\/wp-content\/uploads\/2025\/SK0176311-DE20251119-101116-0-1763518286-978841579089.webp","width":300,"height":418},{"@type":"BreadcrumbList","@id":"https:\/\/www.casadelectores.com\/index.php\/producto\/finale-aktion-5-el-rap-de-la-por-791\/#breadcrumb","itemListElement":[{"@type":"ListItem","position":1,"name":"Portada","item":"https:\/\/www.casadelectores.com\/"},{"@type":"ListItem","position":2,"name":"Shop","item":"https:\/\/www.casadelectores.com\/index.php\/shop\/"},{"@type":"ListItem","position":3,"name":"Finale Aktion 5. EL RAP DE LA POR"}]},{"@type":"WebSite","@id":"https:\/\/www.casadelectores.com\/#website","url":"https:\/\/www.casadelectores.com\/","name":"Enam\u00f3rate de las compras","description":"","publisher":{"@id":"https:\/\/www.casadelectores.com\/#organization"},"potentialAction":[{"@type":"SearchAction","target":{"@type":"EntryPoint","urlTemplate":"https:\/\/www.casadelectores.com\/?s={search_term_string}"},"query-input":{"@type":"PropertyValueSpecification","valueRequired":true,"valueName":"search_term_string"}}],"inLanguage":"es"},{"@type":"Organization","@id":"https:\/\/www.casadelectores.com\/#organization","name":"Enam\u00f3rate de las compras","url":"https:\/\/www.casadelectores.com\/","logo":{"@type":"ImageObject","inLanguage":"es","@id":"https:\/\/www.casadelectores.com\/#\/schema\/logo\/image\/","url":"https:\/\/www.casadelectores.com\/wp-content\/uploads\/2020\/10\/shop-icon.png","contentUrl":"https:\/\/www.casadelectores.com\/wp-content\/uploads\/2020\/10\/shop-icon.png","width":512,"height":512,"caption":"Enam\u00f3rate de las compras"},"image":{"@id":"https:\/\/www.casadelectores.com\/#\/schema\/logo\/image\/"}}]}},"_links":{"self":[{"href":"https:\/\/www.casadelectores.com\/index.php\/wp-json\/wp\/v2\/product\/791","targetHints":{"allow":["GET"]}}],"collection":[{"href":"https:\/\/www.casadelectores.com\/index.php\/wp-json\/wp\/v2\/product"}],"about":[{"href":"https:\/\/www.casadelectores.com\/index.php\/wp-json\/wp\/v2\/types\/product"}],"wp:featuredmedia":[{"embeddable":true,"href":"https:\/\/www.casadelectores.com\/index.php\/wp-json\/wp\/v2\/media\/891"}],"wp:attachment":[{"href":"https:\/\/www.casadelectores.com\/index.php\/wp-json\/wp\/v2\/media?parent=791"}],"wp:term":[{"taxonomy":"product_brand","embeddable":true,"href":"https:\/\/www.casadelectores.com\/index.php\/wp-json\/wp\/v2\/product_brand?post=791"},{"taxonomy":"product_cat","embeddable":true,"href":"https:\/\/www.casadelectores.com\/index.php\/wp-json\/wp\/v2\/product_cat?post=791"},{"taxonomy":"product_tag","embeddable":true,"href":"https:\/\/www.casadelectores.com\/index.php\/wp-json\/wp\/v2\/product_tag?post=791"}],"curies":[{"name":"wp","href":"https:\/\/api.w.org\/{rel}","templated":true}]}}

<p>Compte amb les orelles delicades, arriba una música terrorífica!A Lugubria arriba la celebració més important de l&#8217;any, l&#8217;Horribilis Versibus. És el dia que serà coronat el Gran Poeta, el rap que farà tremolar el públic i el jurat amb les seves rimes. Pobre Geronimo&#8230; No sé sí suportarà l&#8217;estrepitós i terrorífic rap de la por! «,</p>

<p>Compte amb les orelles delicades, arriba una música terrorífica!A Lugubria arriba la celebració més important de l&#8217;any, l&#8217;Horribilis Versibus. És el dia que serà coronat el Gran Poeta, el rap que farà tremolar el públic i el jurat amb les seves rimes. Pobre Geronimo&#8230; No sé sí suportarà l&#8217;estrepitós i terrorífic rap de la por!&hellip;&nbsp;<a href="https://www.casadelectores.com/index.php/producto/finale-aktion-5-el-rap-de-la-por-791/" rel="bookmark"><span class="screen-reader-text">Finale Aktion 5. EL RAP DE LA POR</span></a></p>

<!-- This site is optimized with the Yoast SEO plugin v26.3 - https://yoast.com/wordpress/plugins/seo/ -->
<title>Finale Aktion 5. EL RAP DE LA POR - casadelectores</title>
<meta name="robots" content="index, follow, max-snippet:-1, max-image-preview:large, max-video-preview:-1" />
<link rel="canonical" href="https://www.casadelectores.com/index.php/producto/finale-aktion-5-el-rap-de-la-por-791/" />
<meta property="og:locale" content="es_ES" />
<meta property="og:type" content="article" />
<meta property="og:title" content="Finale Aktion 5. EL RAP DE LA POR - casadelectores" />
<meta property="og:description" content="Compte amb les orelles delicades, arriba una música terrorífica!A Lugubria arriba la celebració més important de l&#8217;any, l&#8217;Horribilis Versibus. És el dia que serà coronat el Gran Poeta, el rap que farà tremolar el públic i el jurat amb les seves rimes. Pobre Geronimo&#8230; No sé sí suportarà l&#8217;estrepitós i terrorífic rap de la por!&hellip;&nbsp;Finale Aktion 5. EL RAP DE LA POR" />
<meta property="og:url" content="https://www.casadelectores.com/index.php/producto/finale-aktion-5-el-rap-de-la-por-791/" />
<meta property="og:site_name" content="casadelectores" />
<meta property="og:image" content="https://www.casadelectores.com/wp-content/uploads/2025/SK0176311-DE20251119-101116-0-1763518286-978841579089.webp" />
	<meta property="og:image:width" content="300" />
	<meta property="og:image:height" content="418" />
	<meta property="og:image:type" content="image/webp" />
<meta name="twitter:card" content="summary_large_image" />
<script type="application/ld+json" class="yoast-schema-graph">{"@context":"https://schema.org","@graph":[{"@type":"WebPage","@id":"https://www.casadelectores.com/index.php/producto/finale-aktion-5-el-rap-de-la-por-791/","url":"https://www.casadelectores.com/index.php/producto/finale-aktion-5-el-rap-de-la-por-791/","name":"Finale Aktion 5. EL RAP DE LA POR - casadelectores","isPartOf":{"@id":"https://www.casadelectores.com/#website"},"primaryImageOfPage":{"@id":"https://www.casadelectores.com/index.php/producto/finale-aktion-5-el-rap-de-la-por-791/#primaryimage"},"image":{"@id":"https://www.casadelectores.com/index.php/producto/finale-aktion-5-el-rap-de-la-por-791/#primaryimage"},"thumbnailUrl":"https://www.casadelectores.com/wp-content/uploads/2025/SK0176311-DE20251119-101116-0-1763518286-978841579089.webp","datePublished":"2025-11-25T09:04:28+00:00","breadcrumb":{"@id":"https://www.casadelectores.com/index.php/producto/finale-aktion-5-el-rap-de-la-por-791/#breadcrumb"},"inLanguage":"es","potentialAction":[{"@type":"ReadAction","target":["https://www.casadelectores.com/index.php/producto/finale-aktion-5-el-rap-de-la-por-791/"]}]},{"@type":"ImageObject","inLanguage":"es","@id":"https://www.casadelectores.com/index.php/producto/finale-aktion-5-el-rap-de-la-por-791/#primaryimage","url":"https://www.casadelectores.com/wp-content/uploads/2025/SK0176311-DE20251119-101116-0-1763518286-978841579089.webp","contentUrl":"https://www.casadelectores.com/wp-content/uploads/2025/SK0176311-DE20251119-101116-0-1763518286-978841579089.webp","width":300,"height":418},{"@type":"BreadcrumbList","@id":"https://www.casadelectores.com/index.php/producto/finale-aktion-5-el-rap-de-la-por-791/#breadcrumb","itemListElement":[{"@type":"ListItem","position":1,"name":"Portada","item":"https://www.casadelectores.com/"},{"@type":"ListItem","position":2,"name":"Shop","item":"https://www.casadelectores.com/index.php/shop/"},{"@type":"ListItem","position":3,"name":"Finale Aktion 5. EL RAP DE LA POR"}]},{"@type":"WebSite","@id":"https://www.casadelectores.com/#website","url":"https://www.casadelectores.com/","name":"Enamórate de las compras","description":"","publisher":{"@id":"https://www.casadelectores.com/#organization"},"potentialAction":[{"@type":"SearchAction","target":{"@type":"EntryPoint","urlTemplate":"https://www.casadelectores.com/?s={search_term_string}"},"query-input":{"@type":"PropertyValueSpecification","valueRequired":true,"valueName":"search_term_string"}}],"inLanguage":"es"},{"@type":"Organization","@id":"https://www.casadelectores.com/#organization","name":"Enamórate de las compras","url":"https://www.casadelectores.com/","logo":{"@type":"ImageObject","inLanguage":"es","@id":"https://www.casadelectores.com/#/schema/logo/image/","url":"https://www.casadelectores.com/wp-content/uploads/2020/10/shop-icon.png","contentUrl":"https://www.casadelectores.com/wp-content/uploads/2020/10/shop-icon.png","width":512,"height":512,"caption":"Enamórate de las compras"},"image":{"@id":"https://www.casadelectores.com/#/schema/logo/image/"}}]}</script>
<!-- / Yoast SEO plugin. -->

Compte amb les orelles delicades, arriba una música terrorífica!A Lugubria arriba la celebració més important de l&#8217;any, l&#8217;Horribilis Versibus. És el dia que serà coronat el Gran Poeta, el rap que farà tremolar el públic i el jurat amb les seves rimes. Pobre Geronimo&#8230; No sé sí suportarà l&#8217;estrepitós i terrorífic rap de la por!&hellip;&nbsp;Finale Aktion 5. EL RAP DE LA POR

Enamórate de las compras
