{"id":68454,"date":"2025-11-25T09:06:28","date_gmt":"2025-11-25T09:06:28","guid":{"rendered":""},"modified":"2025-11-25T09:06:28","modified_gmt":"2025-11-25T09:06:28","slug":"en-torno-al-arte-estetica-historia-y-critica-preis-gesenkt-68454","status":"publish","type":"product","link":"https:\/\/www.casadelectores.com\/index.php\/producto\/en-torno-al-arte-estetica-historia-y-critica-preis-gesenkt-68454\/","title":{"rendered":"EN TORNO AL ARTE. EST\u00c9TICA, HISTORIA Y CR\u00cdTICA Preis Gesenkt"},"content":{"rendered":"<p>Acostumbramos a hablar del mundo de la ficci\u00f3n como sia un texto o una imagen le correspondiera uno y solo unmundo, como si una novela representara todos los estados decosas y los hechos de ese mundo. Sin embargo, los estados decosas descritos y los hechos narrados en una novela no dibujanun mundo en su totalidad, ni siquiera son todos los que necesitamospara entenderla. El mundo desborda el texto de la obray a la propia la obra, que ser\u00eda ilegible sin ese mundo sobre elque tiene sentido. El lector hace inferencias, establece hip\u00f3tesis,llega a conclusiones y adopta actitudes \u0096m\u00e1s o menos deliberadamente\u0096haciendo uso de supuestos y creencias que noson expl\u00edcitas, sino que tienen que ver con ese mundo de trasfondo.Los personajes adultos han tenido una infancia, las emocionesque motivan sus actos tienen una historia, cuando laacci\u00f3n deja de centrarse en ellos, siguen existiendo, los acontecimientossiguen teniendo consecuencias, las geograf\u00edas de loslugares preexisten o en todo caso se suponen el escenario permanentede las historias, etc. \u00ab,<\/p>\n","protected":false},"excerpt":{"rendered":"<p>Acostumbramos a hablar del mundo de la ficci\u00f3n como sia un texto o una imagen le correspondiera uno y solo unmundo, como si una novela representara todos los estados decosas y los hechos de ese mundo. Sin embargo, los estados decosas descritos y los hechos narrados en una novela no dibujanun mundo en su totalidad,&hellip;&nbsp;<a href=\"https:\/\/www.casadelectores.com\/index.php\/producto\/en-torno-al-arte-estetica-historia-y-critica-preis-gesenkt-68454\/\" rel=\"bookmark\"><span class=\"screen-reader-text\">EN TORNO AL ARTE. EST\u00c9TICA, HISTORIA Y CR\u00cdTICA Preis Gesenkt<\/span><\/a><\/p>\n","protected":false},"featured_media":68554,"template":"","meta":{"neve_meta_sidebar":"","neve_meta_container":"","neve_meta_enable_content_width":"","neve_meta_content_width":0,"neve_meta_title_alignment":"","neve_meta_author_avatar":"","neve_post_elements_order":"","neve_meta_disable_header":"","neve_meta_disable_footer":"","neve_meta_disable_title":"","_themeisle_gutenberg_block_has_review":false},"product_brand":[],"product_cat":[26],"product_tag":[],"class_list":["post-68454","product","type-product","status-publish","has-post-thumbnail","product_cat-publicaciones-de-libros","first","instock","sale","shipping-taxable","purchasable","product-type-simple"],"yoast_head":"<!-- This site is optimized with the Yoast SEO plugin v26.3 - https:\/\/yoast.com\/wordpress\/plugins\/seo\/ -->\n<title>EN TORNO AL ARTE. EST\u00c9TICA, HISTORIA Y CR\u00cdTICA Preis Gesenkt - casadelectores<\/title>\n<meta name=\"robots\" content=\"index, follow, max-snippet:-1, max-image-preview:large, max-video-preview:-1\" \/>\n<link rel=\"canonical\" href=\"https:\/\/www.casadelectores.com\/index.php\/producto\/en-torno-al-arte-estetica-historia-y-critica-preis-gesenkt-68454\/\" \/>\n<meta property=\"og:locale\" content=\"es_ES\" \/>\n<meta property=\"og:type\" content=\"article\" \/>\n<meta property=\"og:title\" content=\"EN TORNO AL ARTE. EST\u00c9TICA, HISTORIA Y CR\u00cdTICA Preis Gesenkt - casadelectores\" \/>\n<meta property=\"og:description\" content=\"Acostumbramos a hablar del mundo de la ficci\u00f3n como sia un texto o una imagen le correspondiera uno y solo unmundo, como si una novela representara todos los estados decosas y los hechos de ese mundo. Sin embargo, los estados decosas descritos y los hechos narrados en una novela no dibujanun mundo en su totalidad,&hellip;&nbsp;EN TORNO AL ARTE. EST\u00c9TICA, HISTORIA Y CR\u00cdTICA Preis Gesenkt\" \/>\n<meta property=\"og:url\" content=\"https:\/\/www.casadelectores.com\/index.php\/producto\/en-torno-al-arte-estetica-historia-y-critica-preis-gesenkt-68454\/\" \/>\n<meta property=\"og:site_name\" content=\"casadelectores\" \/>\n<meta property=\"og:image\" content=\"https:\/\/www.casadelectores.com\/wp-content\/uploads\/2025\/SK0209096-DE20251119-101116-0-1763518287-978847774736.webp\" \/>\n\t<meta property=\"og:image:width\" content=\"299\" \/>\n\t<meta property=\"og:image:height\" content=\"500\" \/>\n\t<meta property=\"og:image:type\" content=\"image\/webp\" \/>\n<meta name=\"twitter:card\" content=\"summary_large_image\" \/>\n<meta name=\"twitter:label1\" content=\"Tiempo de lectura\" \/>\n\t<meta name=\"twitter:data1\" content=\"1 minuto\" \/>\n<script type=\"application\/ld+json\" class=\"yoast-schema-graph\">{\"@context\":\"https:\/\/schema.org\",\"@graph\":[{\"@type\":\"WebPage\",\"@id\":\"https:\/\/www.casadelectores.com\/index.php\/producto\/en-torno-al-arte-estetica-historia-y-critica-preis-gesenkt-68454\/\",\"url\":\"https:\/\/www.casadelectores.com\/index.php\/producto\/en-torno-al-arte-estetica-historia-y-critica-preis-gesenkt-68454\/\",\"name\":\"EN TORNO AL ARTE. EST\u00c9TICA, HISTORIA Y CR\u00cdTICA Preis Gesenkt - casadelectores\",\"isPartOf\":{\"@id\":\"https:\/\/www.casadelectores.com\/#website\"},\"primaryImageOfPage\":{\"@id\":\"https:\/\/www.casadelectores.com\/index.php\/producto\/en-torno-al-arte-estetica-historia-y-critica-preis-gesenkt-68454\/#primaryimage\"},\"image\":{\"@id\":\"https:\/\/www.casadelectores.com\/index.php\/producto\/en-torno-al-arte-estetica-historia-y-critica-preis-gesenkt-68454\/#primaryimage\"},\"thumbnailUrl\":\"https:\/\/www.casadelectores.com\/wp-content\/uploads\/2025\/SK0209096-DE20251119-101116-0-1763518287-978847774736.webp\",\"datePublished\":\"2025-11-25T09:06:28+00:00\",\"breadcrumb\":{\"@id\":\"https:\/\/www.casadelectores.com\/index.php\/producto\/en-torno-al-arte-estetica-historia-y-critica-preis-gesenkt-68454\/#breadcrumb\"},\"inLanguage\":\"es\",\"potentialAction\":[{\"@type\":\"ReadAction\",\"target\":[\"https:\/\/www.casadelectores.com\/index.php\/producto\/en-torno-al-arte-estetica-historia-y-critica-preis-gesenkt-68454\/\"]}]},{\"@type\":\"ImageObject\",\"inLanguage\":\"es\",\"@id\":\"https:\/\/www.casadelectores.com\/index.php\/producto\/en-torno-al-arte-estetica-historia-y-critica-preis-gesenkt-68454\/#primaryimage\",\"url\":\"https:\/\/www.casadelectores.com\/wp-content\/uploads\/2025\/SK0209096-DE20251119-101116-0-1763518287-978847774736.webp\",\"contentUrl\":\"https:\/\/www.casadelectores.com\/wp-content\/uploads\/2025\/SK0209096-DE20251119-101116-0-1763518287-978847774736.webp\",\"width\":299,\"height\":500},{\"@type\":\"BreadcrumbList\",\"@id\":\"https:\/\/www.casadelectores.com\/index.php\/producto\/en-torno-al-arte-estetica-historia-y-critica-preis-gesenkt-68454\/#breadcrumb\",\"itemListElement\":[{\"@type\":\"ListItem\",\"position\":1,\"name\":\"Portada\",\"item\":\"https:\/\/www.casadelectores.com\/\"},{\"@type\":\"ListItem\",\"position\":2,\"name\":\"Shop\",\"item\":\"https:\/\/www.casadelectores.com\/index.php\/shop\/\"},{\"@type\":\"ListItem\",\"position\":3,\"name\":\"EN TORNO AL ARTE. EST\u00c9TICA, HISTORIA Y CR\u00cdTICA Preis Gesenkt\"}]},{\"@type\":\"WebSite\",\"@id\":\"https:\/\/www.casadelectores.com\/#website\",\"url\":\"https:\/\/www.casadelectores.com\/\",\"name\":\"Enam\u00f3rate de las compras\",\"description\":\"\",\"publisher\":{\"@id\":\"https:\/\/www.casadelectores.com\/#organization\"},\"potentialAction\":[{\"@type\":\"SearchAction\",\"target\":{\"@type\":\"EntryPoint\",\"urlTemplate\":\"https:\/\/www.casadelectores.com\/?s={search_term_string}\"},\"query-input\":{\"@type\":\"PropertyValueSpecification\",\"valueRequired\":true,\"valueName\":\"search_term_string\"}}],\"inLanguage\":\"es\"},{\"@type\":\"Organization\",\"@id\":\"https:\/\/www.casadelectores.com\/#organization\",\"name\":\"Enam\u00f3rate de las compras\",\"url\":\"https:\/\/www.casadelectores.com\/\",\"logo\":{\"@type\":\"ImageObject\",\"inLanguage\":\"es\",\"@id\":\"https:\/\/www.casadelectores.com\/#\/schema\/logo\/image\/\",\"url\":\"https:\/\/www.casadelectores.com\/wp-content\/uploads\/2020\/10\/shop-icon.png\",\"contentUrl\":\"https:\/\/www.casadelectores.com\/wp-content\/uploads\/2020\/10\/shop-icon.png\",\"width\":512,\"height\":512,\"caption\":\"Enam\u00f3rate de las compras\"},\"image\":{\"@id\":\"https:\/\/www.casadelectores.com\/#\/schema\/logo\/image\/\"}}]}<\/script>\n<!-- \/ Yoast SEO plugin. -->","yoast_head_json":{"title":"EN TORNO AL ARTE. EST\u00c9TICA, HISTORIA Y CR\u00cdTICA Preis Gesenkt - casadelectores","robots":{"index":"index","follow":"follow","max-snippet":"max-snippet:-1","max-image-preview":"max-image-preview:large","max-video-preview":"max-video-preview:-1"},"canonical":"https:\/\/www.casadelectores.com\/index.php\/producto\/en-torno-al-arte-estetica-historia-y-critica-preis-gesenkt-68454\/","og_locale":"es_ES","og_type":"article","og_title":"EN TORNO AL ARTE. EST\u00c9TICA, HISTORIA Y CR\u00cdTICA Preis Gesenkt - casadelectores","og_description":"Acostumbramos a hablar del mundo de la ficci\u00f3n como sia un texto o una imagen le correspondiera uno y solo unmundo, como si una novela representara todos los estados decosas y los hechos de ese mundo. Sin embargo, los estados decosas descritos y los hechos narrados en una novela no dibujanun mundo en su totalidad,&hellip;&nbsp;EN TORNO AL ARTE. EST\u00c9TICA, HISTORIA Y CR\u00cdTICA Preis Gesenkt","og_url":"https:\/\/www.casadelectores.com\/index.php\/producto\/en-torno-al-arte-estetica-historia-y-critica-preis-gesenkt-68454\/","og_site_name":"casadelectores","og_image":[{"width":299,"height":500,"url":"https:\/\/www.casadelectores.com\/wp-content\/uploads\/2025\/SK0209096-DE20251119-101116-0-1763518287-978847774736.webp","type":"image\/webp"}],"twitter_card":"summary_large_image","twitter_misc":{"Tiempo de lectura":"1 minuto"},"schema":{"@context":"https:\/\/schema.org","@graph":[{"@type":"WebPage","@id":"https:\/\/www.casadelectores.com\/index.php\/producto\/en-torno-al-arte-estetica-historia-y-critica-preis-gesenkt-68454\/","url":"https:\/\/www.casadelectores.com\/index.php\/producto\/en-torno-al-arte-estetica-historia-y-critica-preis-gesenkt-68454\/","name":"EN TORNO AL ARTE. EST\u00c9TICA, HISTORIA Y CR\u00cdTICA Preis Gesenkt - casadelectores","isPartOf":{"@id":"https:\/\/www.casadelectores.com\/#website"},"primaryImageOfPage":{"@id":"https:\/\/www.casadelectores.com\/index.php\/producto\/en-torno-al-arte-estetica-historia-y-critica-preis-gesenkt-68454\/#primaryimage"},"image":{"@id":"https:\/\/www.casadelectores.com\/index.php\/producto\/en-torno-al-arte-estetica-historia-y-critica-preis-gesenkt-68454\/#primaryimage"},"thumbnailUrl":"https:\/\/www.casadelectores.com\/wp-content\/uploads\/2025\/SK0209096-DE20251119-101116-0-1763518287-978847774736.webp","datePublished":"2025-11-25T09:06:28+00:00","breadcrumb":{"@id":"https:\/\/www.casadelectores.com\/index.php\/producto\/en-torno-al-arte-estetica-historia-y-critica-preis-gesenkt-68454\/#breadcrumb"},"inLanguage":"es","potentialAction":[{"@type":"ReadAction","target":["https:\/\/www.casadelectores.com\/index.php\/producto\/en-torno-al-arte-estetica-historia-y-critica-preis-gesenkt-68454\/"]}]},{"@type":"ImageObject","inLanguage":"es","@id":"https:\/\/www.casadelectores.com\/index.php\/producto\/en-torno-al-arte-estetica-historia-y-critica-preis-gesenkt-68454\/#primaryimage","url":"https:\/\/www.casadelectores.com\/wp-content\/uploads\/2025\/SK0209096-DE20251119-101116-0-1763518287-978847774736.webp","contentUrl":"https:\/\/www.casadelectores.com\/wp-content\/uploads\/2025\/SK0209096-DE20251119-101116-0-1763518287-978847774736.webp","width":299,"height":500},{"@type":"BreadcrumbList","@id":"https:\/\/www.casadelectores.com\/index.php\/producto\/en-torno-al-arte-estetica-historia-y-critica-preis-gesenkt-68454\/#breadcrumb","itemListElement":[{"@type":"ListItem","position":1,"name":"Portada","item":"https:\/\/www.casadelectores.com\/"},{"@type":"ListItem","position":2,"name":"Shop","item":"https:\/\/www.casadelectores.com\/index.php\/shop\/"},{"@type":"ListItem","position":3,"name":"EN TORNO AL ARTE. EST\u00c9TICA, HISTORIA Y CR\u00cdTICA Preis Gesenkt"}]},{"@type":"WebSite","@id":"https:\/\/www.casadelectores.com\/#website","url":"https:\/\/www.casadelectores.com\/","name":"Enam\u00f3rate de las compras","description":"","publisher":{"@id":"https:\/\/www.casadelectores.com\/#organization"},"potentialAction":[{"@type":"SearchAction","target":{"@type":"EntryPoint","urlTemplate":"https:\/\/www.casadelectores.com\/?s={search_term_string}"},"query-input":{"@type":"PropertyValueSpecification","valueRequired":true,"valueName":"search_term_string"}}],"inLanguage":"es"},{"@type":"Organization","@id":"https:\/\/www.casadelectores.com\/#organization","name":"Enam\u00f3rate de las compras","url":"https:\/\/www.casadelectores.com\/","logo":{"@type":"ImageObject","inLanguage":"es","@id":"https:\/\/www.casadelectores.com\/#\/schema\/logo\/image\/","url":"https:\/\/www.casadelectores.com\/wp-content\/uploads\/2020\/10\/shop-icon.png","contentUrl":"https:\/\/www.casadelectores.com\/wp-content\/uploads\/2020\/10\/shop-icon.png","width":512,"height":512,"caption":"Enam\u00f3rate de las compras"},"image":{"@id":"https:\/\/www.casadelectores.com\/#\/schema\/logo\/image\/"}}]}},"_links":{"self":[{"href":"https:\/\/www.casadelectores.com\/index.php\/wp-json\/wp\/v2\/product\/68454","targetHints":{"allow":["GET"]}}],"collection":[{"href":"https:\/\/www.casadelectores.com\/index.php\/wp-json\/wp\/v2\/product"}],"about":[{"href":"https:\/\/www.casadelectores.com\/index.php\/wp-json\/wp\/v2\/types\/product"}],"wp:featuredmedia":[{"embeddable":true,"href":"https:\/\/www.casadelectores.com\/index.php\/wp-json\/wp\/v2\/media\/68554"}],"wp:attachment":[{"href":"https:\/\/www.casadelectores.com\/index.php\/wp-json\/wp\/v2\/media?parent=68454"}],"wp:term":[{"taxonomy":"product_brand","embeddable":true,"href":"https:\/\/www.casadelectores.com\/index.php\/wp-json\/wp\/v2\/product_brand?post=68454"},{"taxonomy":"product_cat","embeddable":true,"href":"https:\/\/www.casadelectores.com\/index.php\/wp-json\/wp\/v2\/product_cat?post=68454"},{"taxonomy":"product_tag","embeddable":true,"href":"https:\/\/www.casadelectores.com\/index.php\/wp-json\/wp\/v2\/product_tag?post=68454"}],"curies":[{"name":"wp","href":"https:\/\/api.w.org\/{rel}","templated":true}]}}

EN TORNO AL ARTE. ESTÉTICA, HISTORIA Y CRÍTICA Preis Gesenkt

<p>Acostumbramos a hablar del mundo de la ficción como sia un texto o una imagen le correspondiera uno y solo unmundo, como si una novela representara todos los estados decosas y los hechos de ese mundo. Sin embargo, los estados decosas descritos y los hechos narrados en una novela no dibujanun mundo en su totalidad, ni siquiera son todos los que necesitamospara entenderla. El mundo desborda el texto de la obray a la propia la obra, que sería ilegible sin ese mundo sobre elque tiene sentido. El lector hace inferencias, establece hipótesis,llega a conclusiones y adopta actitudes más o menos deliberadamentehaciendo uso de supuestos y creencias que noson explícitas, sino que tienen que ver con ese mundo de trasfondo.Los personajes adultos han tenido una infancia, las emocionesque motivan sus actos tienen una historia, cuando laacción deja de centrarse en ellos, siguen existiendo, los acontecimientossiguen teniendo consecuencias, las geografías de loslugares preexisten o en todo caso se suponen el escenario permanentede las historias, etc. «,</p>

<p>Acostumbramos a hablar del mundo de la ficción como sia un texto o una imagen le correspondiera uno y solo unmundo, como si una novela representara todos los estados decosas y los hechos de ese mundo. Sin embargo, los estados decosas descritos y los hechos narrados en una novela no dibujanun mundo en su totalidad,&hellip;&nbsp;<a href="https://www.casadelectores.com/index.php/producto/en-torno-al-arte-estetica-historia-y-critica-preis-gesenkt-68454/" rel="bookmark"><span class="screen-reader-text">EN TORNO AL ARTE. ESTÉTICA, HISTORIA Y CRÍTICA Preis Gesenkt</span></a></p>

<!-- This site is optimized with the Yoast SEO plugin v26.3 - https://yoast.com/wordpress/plugins/seo/ -->
<title>EN TORNO AL ARTE. ESTÉTICA, HISTORIA Y CRÍTICA Preis Gesenkt - casadelectores</title>
<meta name="robots" content="index, follow, max-snippet:-1, max-image-preview:large, max-video-preview:-1" />
<link rel="canonical" href="https://www.casadelectores.com/index.php/producto/en-torno-al-arte-estetica-historia-y-critica-preis-gesenkt-68454/" />
<meta property="og:locale" content="es_ES" />
<meta property="og:type" content="article" />
<meta property="og:title" content="EN TORNO AL ARTE. ESTÉTICA, HISTORIA Y CRÍTICA Preis Gesenkt - casadelectores" />
<meta property="og:description" content="Acostumbramos a hablar del mundo de la ficción como sia un texto o una imagen le correspondiera uno y solo unmundo, como si una novela representara todos los estados decosas y los hechos de ese mundo. Sin embargo, los estados decosas descritos y los hechos narrados en una novela no dibujanun mundo en su totalidad,&hellip;&nbsp;EN TORNO AL ARTE. ESTÉTICA, HISTORIA Y CRÍTICA Preis Gesenkt" />
<meta property="og:url" content="https://www.casadelectores.com/index.php/producto/en-torno-al-arte-estetica-historia-y-critica-preis-gesenkt-68454/" />
<meta property="og:site_name" content="casadelectores" />
<meta property="og:image" content="https://www.casadelectores.com/wp-content/uploads/2025/SK0209096-DE20251119-101116-0-1763518287-978847774736.webp" />
	<meta property="og:image:width" content="299" />
	<meta property="og:image:height" content="500" />
	<meta property="og:image:type" content="image/webp" />
<meta name="twitter:card" content="summary_large_image" />
<meta name="twitter:label1" content="Tiempo de lectura" />
	<meta name="twitter:data1" content="1 minuto" />
<script type="application/ld+json" class="yoast-schema-graph">{"@context":"https://schema.org","@graph":[{"@type":"WebPage","@id":"https://www.casadelectores.com/index.php/producto/en-torno-al-arte-estetica-historia-y-critica-preis-gesenkt-68454/","url":"https://www.casadelectores.com/index.php/producto/en-torno-al-arte-estetica-historia-y-critica-preis-gesenkt-68454/","name":"EN TORNO AL ARTE. ESTÉTICA, HISTORIA Y CRÍTICA Preis Gesenkt - casadelectores","isPartOf":{"@id":"https://www.casadelectores.com/#website"},"primaryImageOfPage":{"@id":"https://www.casadelectores.com/index.php/producto/en-torno-al-arte-estetica-historia-y-critica-preis-gesenkt-68454/#primaryimage"},"image":{"@id":"https://www.casadelectores.com/index.php/producto/en-torno-al-arte-estetica-historia-y-critica-preis-gesenkt-68454/#primaryimage"},"thumbnailUrl":"https://www.casadelectores.com/wp-content/uploads/2025/SK0209096-DE20251119-101116-0-1763518287-978847774736.webp","datePublished":"2025-11-25T09:06:28+00:00","breadcrumb":{"@id":"https://www.casadelectores.com/index.php/producto/en-torno-al-arte-estetica-historia-y-critica-preis-gesenkt-68454/#breadcrumb"},"inLanguage":"es","potentialAction":[{"@type":"ReadAction","target":["https://www.casadelectores.com/index.php/producto/en-torno-al-arte-estetica-historia-y-critica-preis-gesenkt-68454/"]}]},{"@type":"ImageObject","inLanguage":"es","@id":"https://www.casadelectores.com/index.php/producto/en-torno-al-arte-estetica-historia-y-critica-preis-gesenkt-68454/#primaryimage","url":"https://www.casadelectores.com/wp-content/uploads/2025/SK0209096-DE20251119-101116-0-1763518287-978847774736.webp","contentUrl":"https://www.casadelectores.com/wp-content/uploads/2025/SK0209096-DE20251119-101116-0-1763518287-978847774736.webp","width":299,"height":500},{"@type":"BreadcrumbList","@id":"https://www.casadelectores.com/index.php/producto/en-torno-al-arte-estetica-historia-y-critica-preis-gesenkt-68454/#breadcrumb","itemListElement":[{"@type":"ListItem","position":1,"name":"Portada","item":"https://www.casadelectores.com/"},{"@type":"ListItem","position":2,"name":"Shop","item":"https://www.casadelectores.com/index.php/shop/"},{"@type":"ListItem","position":3,"name":"EN TORNO AL ARTE. ESTÉTICA, HISTORIA Y CRÍTICA Preis Gesenkt"}]},{"@type":"WebSite","@id":"https://www.casadelectores.com/#website","url":"https://www.casadelectores.com/","name":"Enamórate de las compras","description":"","publisher":{"@id":"https://www.casadelectores.com/#organization"},"potentialAction":[{"@type":"SearchAction","target":{"@type":"EntryPoint","urlTemplate":"https://www.casadelectores.com/?s={search_term_string}"},"query-input":{"@type":"PropertyValueSpecification","valueRequired":true,"valueName":"search_term_string"}}],"inLanguage":"es"},{"@type":"Organization","@id":"https://www.casadelectores.com/#organization","name":"Enamórate de las compras","url":"https://www.casadelectores.com/","logo":{"@type":"ImageObject","inLanguage":"es","@id":"https://www.casadelectores.com/#/schema/logo/image/","url":"https://www.casadelectores.com/wp-content/uploads/2020/10/shop-icon.png","contentUrl":"https://www.casadelectores.com/wp-content/uploads/2020/10/shop-icon.png","width":512,"height":512,"caption":"Enamórate de las compras"},"image":{"@id":"https://www.casadelectores.com/#/schema/logo/image/"}}]}</script>
<!-- / Yoast SEO plugin. -->

EN TORNO AL ARTE. ESTÉTICA, HISTORIA Y CRÍTICA Preis Gesenkt - casadelectores

Acostumbramos a hablar del mundo de la ficción como sia un texto o una imagen le correspondiera uno y solo unmundo, como si una novela representara todos los estados decosas y los hechos de ese mundo. Sin embargo, los estados decosas descritos y los hechos narrados en una novela no dibujanun mundo en su totalidad,&hellip;&nbsp;EN TORNO AL ARTE. ESTÉTICA, HISTORIA Y CRÍTICA Preis Gesenkt

Enamórate de las compras
