{"id":6825,"date":"2025-11-25T09:04:32","date_gmt":"2025-11-25T09:04:32","guid":{"rendered":""},"modified":"2025-11-25T09:04:32","modified_gmt":"2025-11-25T09:04:32","slug":"expressversand-la-plaga-del-cielo-saga-de-los-fleury-4-6825","status":"publish","type":"product","link":"https:\/\/www.casadelectores.com\/index.php\/producto\/expressversand-la-plaga-del-cielo-saga-de-los-fleury-4-6825\/","title":{"rendered":"Expressversand LA PLAGA DEL CIELO (SAGA DE LOS FLEURY 4)"},"content":{"rendered":"<p>El broche de oro a la espl\u00e9ndida saga medieval de Daniel Wolf, el maestro alem\u00e1n del g\u00e9nero hist\u00f3rico que ha cautivado a 1.000.000 de lectores en todo el mundo. Una magn\u00edfica novela que nos ilumina una \u00e9poca oscura, recreando con pasi\u00f3n y detalle los escenarios sociales y pol\u00edticos de la \u00e9poca, y nos ofrece una trama trepidante marcada por la dignidad, el amor y la lucha por la vida.Un joven y valiente cirujano se enfrenta a una oscura epidemia al tiempo que combate otra plaga invisible provocada por los prejuicios y la injusticia. Ducado de Lorena, 1346. Adrien Fleury siempre so\u00f1\u00f3 con ser m\u00e9dico, pero ni en sus peores pesadillas pudo anticipar que, cuando lo consiguiera, deber\u00eda combatir la plaga m\u00e1s letal que la regi\u00f3n hab\u00eda conocido hasta el momento. Su valerosa defensa de la ciencia y su ardiente amor por L\u00e9a, una inteligente joven jud\u00eda, le valdr\u00e1n el odio eterno de los poderosos e intransigentes, quienes buscan siempre un chivo expiatorio para ocultar sus propias miserias. Con su inmenso talento narrativo, Daniel Wolf nos lleva a un siglo que empezaba a dejar atr\u00e1s el oscurantismo medieval y nos regala una historia fascinante donde brillan el amor por la ciencia y la defensa de la verdad. La cr\u00edtica ha dicho de su obra:\u00abResulta inevitable la referencia a Ken Follett.\u00bbQu\u00e9 Leer \u00abDaniel Wolf nos brinda un novel\u00f3n caudaloso, tenso y absorbente.\u00bbLa Vanguardia \u00ab,<\/p>\n","protected":false},"excerpt":{"rendered":"<p>El broche de oro a la espl\u00e9ndida saga medieval de Daniel Wolf, el maestro alem\u00e1n del g\u00e9nero hist\u00f3rico que ha cautivado a 1.000.000 de lectores en todo el mundo. Una magn\u00edfica novela que nos ilumina una \u00e9poca oscura, recreando con pasi\u00f3n y detalle los escenarios sociales y pol\u00edticos de la \u00e9poca, y nos ofrece una&hellip;&nbsp;<a href=\"https:\/\/www.casadelectores.com\/index.php\/producto\/expressversand-la-plaga-del-cielo-saga-de-los-fleury-4-6825\/\" rel=\"bookmark\"><span class=\"screen-reader-text\">Expressversand LA PLAGA DEL CIELO (SAGA DE LOS FLEURY 4)<\/span><\/a><\/p>\n","protected":false},"featured_media":6925,"template":"","meta":{"neve_meta_sidebar":"","neve_meta_container":"","neve_meta_enable_content_width":"","neve_meta_content_width":0,"neve_meta_title_alignment":"","neve_meta_author_avatar":"","neve_post_elements_order":"","neve_meta_disable_header":"","neve_meta_disable_footer":"","neve_meta_disable_title":"","_themeisle_gutenberg_block_has_review":false},"product_brand":[],"product_cat":[26],"product_tag":[],"class_list":["post-6825","product","type-product","status-publish","has-post-thumbnail","product_cat-publicaciones-de-libros","first","instock","sale","shipping-taxable","purchasable","product-type-simple"],"yoast_head":"<!-- This site is optimized with the Yoast SEO plugin v26.3 - https:\/\/yoast.com\/wordpress\/plugins\/seo\/ -->\n<title>Expressversand LA PLAGA DEL CIELO (SAGA DE LOS FLEURY 4) - casadelectores<\/title>\n<meta name=\"robots\" content=\"index, follow, max-snippet:-1, max-image-preview:large, max-video-preview:-1\" \/>\n<link rel=\"canonical\" href=\"https:\/\/www.casadelectores.com\/index.php\/producto\/expressversand-la-plaga-del-cielo-saga-de-los-fleury-4-6825\/\" \/>\n<meta property=\"og:locale\" content=\"es_ES\" \/>\n<meta property=\"og:type\" content=\"article\" \/>\n<meta property=\"og:title\" content=\"Expressversand LA PLAGA DEL CIELO (SAGA DE LOS FLEURY 4) - casadelectores\" \/>\n<meta property=\"og:description\" content=\"El broche de oro a la espl\u00e9ndida saga medieval de Daniel Wolf, el maestro alem\u00e1n del g\u00e9nero hist\u00f3rico que ha cautivado a 1.000.000 de lectores en todo el mundo. Una magn\u00edfica novela que nos ilumina una \u00e9poca oscura, recreando con pasi\u00f3n y detalle los escenarios sociales y pol\u00edticos de la \u00e9poca, y nos ofrece una&hellip;&nbsp;Expressversand LA PLAGA DEL CIELO (SAGA DE LOS FLEURY 4)\" \/>\n<meta property=\"og:url\" content=\"https:\/\/www.casadelectores.com\/index.php\/producto\/expressversand-la-plaga-del-cielo-saga-de-los-fleury-4-6825\/\" \/>\n<meta property=\"og:site_name\" content=\"casadelectores\" \/>\n<meta property=\"og:image\" content=\"https:\/\/www.casadelectores.com\/wp-content\/uploads\/2025\/SK0178498-DE20251119-101116-0-1763518286-978842535944.webp\" \/>\n\t<meta property=\"og:image:width\" content=\"300\" \/>\n\t<meta property=\"og:image:height\" content=\"463\" \/>\n\t<meta property=\"og:image:type\" content=\"image\/webp\" \/>\n<meta name=\"twitter:card\" content=\"summary_large_image\" \/>\n<meta name=\"twitter:label1\" content=\"Tiempo de lectura\" \/>\n\t<meta name=\"twitter:data1\" content=\"1 minuto\" \/>\n<script type=\"application\/ld+json\" class=\"yoast-schema-graph\">{\"@context\":\"https:\/\/schema.org\",\"@graph\":[{\"@type\":\"WebPage\",\"@id\":\"https:\/\/www.casadelectores.com\/index.php\/producto\/expressversand-la-plaga-del-cielo-saga-de-los-fleury-4-6825\/\",\"url\":\"https:\/\/www.casadelectores.com\/index.php\/producto\/expressversand-la-plaga-del-cielo-saga-de-los-fleury-4-6825\/\",\"name\":\"Expressversand LA PLAGA DEL CIELO (SAGA DE LOS FLEURY 4) - casadelectores\",\"isPartOf\":{\"@id\":\"https:\/\/www.casadelectores.com\/#website\"},\"primaryImageOfPage\":{\"@id\":\"https:\/\/www.casadelectores.com\/index.php\/producto\/expressversand-la-plaga-del-cielo-saga-de-los-fleury-4-6825\/#primaryimage\"},\"image\":{\"@id\":\"https:\/\/www.casadelectores.com\/index.php\/producto\/expressversand-la-plaga-del-cielo-saga-de-los-fleury-4-6825\/#primaryimage\"},\"thumbnailUrl\":\"https:\/\/www.casadelectores.com\/wp-content\/uploads\/2025\/SK0178498-DE20251119-101116-0-1763518286-978842535944.webp\",\"datePublished\":\"2025-11-25T09:04:32+00:00\",\"breadcrumb\":{\"@id\":\"https:\/\/www.casadelectores.com\/index.php\/producto\/expressversand-la-plaga-del-cielo-saga-de-los-fleury-4-6825\/#breadcrumb\"},\"inLanguage\":\"es\",\"potentialAction\":[{\"@type\":\"ReadAction\",\"target\":[\"https:\/\/www.casadelectores.com\/index.php\/producto\/expressversand-la-plaga-del-cielo-saga-de-los-fleury-4-6825\/\"]}]},{\"@type\":\"ImageObject\",\"inLanguage\":\"es\",\"@id\":\"https:\/\/www.casadelectores.com\/index.php\/producto\/expressversand-la-plaga-del-cielo-saga-de-los-fleury-4-6825\/#primaryimage\",\"url\":\"https:\/\/www.casadelectores.com\/wp-content\/uploads\/2025\/SK0178498-DE20251119-101116-0-1763518286-978842535944.webp\",\"contentUrl\":\"https:\/\/www.casadelectores.com\/wp-content\/uploads\/2025\/SK0178498-DE20251119-101116-0-1763518286-978842535944.webp\",\"width\":300,\"height\":463},{\"@type\":\"BreadcrumbList\",\"@id\":\"https:\/\/www.casadelectores.com\/index.php\/producto\/expressversand-la-plaga-del-cielo-saga-de-los-fleury-4-6825\/#breadcrumb\",\"itemListElement\":[{\"@type\":\"ListItem\",\"position\":1,\"name\":\"Portada\",\"item\":\"https:\/\/www.casadelectores.com\/\"},{\"@type\":\"ListItem\",\"position\":2,\"name\":\"Shop\",\"item\":\"https:\/\/www.casadelectores.com\/index.php\/shop\/\"},{\"@type\":\"ListItem\",\"position\":3,\"name\":\"Expressversand LA PLAGA DEL CIELO (SAGA DE LOS FLEURY 4)\"}]},{\"@type\":\"WebSite\",\"@id\":\"https:\/\/www.casadelectores.com\/#website\",\"url\":\"https:\/\/www.casadelectores.com\/\",\"name\":\"Enam\u00f3rate de las compras\",\"description\":\"\",\"publisher\":{\"@id\":\"https:\/\/www.casadelectores.com\/#organization\"},\"potentialAction\":[{\"@type\":\"SearchAction\",\"target\":{\"@type\":\"EntryPoint\",\"urlTemplate\":\"https:\/\/www.casadelectores.com\/?s={search_term_string}\"},\"query-input\":{\"@type\":\"PropertyValueSpecification\",\"valueRequired\":true,\"valueName\":\"search_term_string\"}}],\"inLanguage\":\"es\"},{\"@type\":\"Organization\",\"@id\":\"https:\/\/www.casadelectores.com\/#organization\",\"name\":\"Enam\u00f3rate de las compras\",\"url\":\"https:\/\/www.casadelectores.com\/\",\"logo\":{\"@type\":\"ImageObject\",\"inLanguage\":\"es\",\"@id\":\"https:\/\/www.casadelectores.com\/#\/schema\/logo\/image\/\",\"url\":\"https:\/\/www.casadelectores.com\/wp-content\/uploads\/2020\/10\/shop-icon.png\",\"contentUrl\":\"https:\/\/www.casadelectores.com\/wp-content\/uploads\/2020\/10\/shop-icon.png\",\"width\":512,\"height\":512,\"caption\":\"Enam\u00f3rate de las compras\"},\"image\":{\"@id\":\"https:\/\/www.casadelectores.com\/#\/schema\/logo\/image\/\"}}]}<\/script>\n<!-- \/ Yoast SEO plugin. -->","yoast_head_json":{"title":"Expressversand LA PLAGA DEL CIELO (SAGA DE LOS FLEURY 4) - casadelectores","robots":{"index":"index","follow":"follow","max-snippet":"max-snippet:-1","max-image-preview":"max-image-preview:large","max-video-preview":"max-video-preview:-1"},"canonical":"https:\/\/www.casadelectores.com\/index.php\/producto\/expressversand-la-plaga-del-cielo-saga-de-los-fleury-4-6825\/","og_locale":"es_ES","og_type":"article","og_title":"Expressversand LA PLAGA DEL CIELO (SAGA DE LOS FLEURY 4) - casadelectores","og_description":"El broche de oro a la espl\u00e9ndida saga medieval de Daniel Wolf, el maestro alem\u00e1n del g\u00e9nero hist\u00f3rico que ha cautivado a 1.000.000 de lectores en todo el mundo. Una magn\u00edfica novela que nos ilumina una \u00e9poca oscura, recreando con pasi\u00f3n y detalle los escenarios sociales y pol\u00edticos de la \u00e9poca, y nos ofrece una&hellip;&nbsp;Expressversand LA PLAGA DEL CIELO (SAGA DE LOS FLEURY 4)","og_url":"https:\/\/www.casadelectores.com\/index.php\/producto\/expressversand-la-plaga-del-cielo-saga-de-los-fleury-4-6825\/","og_site_name":"casadelectores","og_image":[{"width":300,"height":463,"url":"https:\/\/www.casadelectores.com\/wp-content\/uploads\/2025\/SK0178498-DE20251119-101116-0-1763518286-978842535944.webp","type":"image\/webp"}],"twitter_card":"summary_large_image","twitter_misc":{"Tiempo de lectura":"1 minuto"},"schema":{"@context":"https:\/\/schema.org","@graph":[{"@type":"WebPage","@id":"https:\/\/www.casadelectores.com\/index.php\/producto\/expressversand-la-plaga-del-cielo-saga-de-los-fleury-4-6825\/","url":"https:\/\/www.casadelectores.com\/index.php\/producto\/expressversand-la-plaga-del-cielo-saga-de-los-fleury-4-6825\/","name":"Expressversand LA PLAGA DEL CIELO (SAGA DE LOS FLEURY 4) - casadelectores","isPartOf":{"@id":"https:\/\/www.casadelectores.com\/#website"},"primaryImageOfPage":{"@id":"https:\/\/www.casadelectores.com\/index.php\/producto\/expressversand-la-plaga-del-cielo-saga-de-los-fleury-4-6825\/#primaryimage"},"image":{"@id":"https:\/\/www.casadelectores.com\/index.php\/producto\/expressversand-la-plaga-del-cielo-saga-de-los-fleury-4-6825\/#primaryimage"},"thumbnailUrl":"https:\/\/www.casadelectores.com\/wp-content\/uploads\/2025\/SK0178498-DE20251119-101116-0-1763518286-978842535944.webp","datePublished":"2025-11-25T09:04:32+00:00","breadcrumb":{"@id":"https:\/\/www.casadelectores.com\/index.php\/producto\/expressversand-la-plaga-del-cielo-saga-de-los-fleury-4-6825\/#breadcrumb"},"inLanguage":"es","potentialAction":[{"@type":"ReadAction","target":["https:\/\/www.casadelectores.com\/index.php\/producto\/expressversand-la-plaga-del-cielo-saga-de-los-fleury-4-6825\/"]}]},{"@type":"ImageObject","inLanguage":"es","@id":"https:\/\/www.casadelectores.com\/index.php\/producto\/expressversand-la-plaga-del-cielo-saga-de-los-fleury-4-6825\/#primaryimage","url":"https:\/\/www.casadelectores.com\/wp-content\/uploads\/2025\/SK0178498-DE20251119-101116-0-1763518286-978842535944.webp","contentUrl":"https:\/\/www.casadelectores.com\/wp-content\/uploads\/2025\/SK0178498-DE20251119-101116-0-1763518286-978842535944.webp","width":300,"height":463},{"@type":"BreadcrumbList","@id":"https:\/\/www.casadelectores.com\/index.php\/producto\/expressversand-la-plaga-del-cielo-saga-de-los-fleury-4-6825\/#breadcrumb","itemListElement":[{"@type":"ListItem","position":1,"name":"Portada","item":"https:\/\/www.casadelectores.com\/"},{"@type":"ListItem","position":2,"name":"Shop","item":"https:\/\/www.casadelectores.com\/index.php\/shop\/"},{"@type":"ListItem","position":3,"name":"Expressversand LA PLAGA DEL CIELO (SAGA DE LOS FLEURY 4)"}]},{"@type":"WebSite","@id":"https:\/\/www.casadelectores.com\/#website","url":"https:\/\/www.casadelectores.com\/","name":"Enam\u00f3rate de las compras","description":"","publisher":{"@id":"https:\/\/www.casadelectores.com\/#organization"},"potentialAction":[{"@type":"SearchAction","target":{"@type":"EntryPoint","urlTemplate":"https:\/\/www.casadelectores.com\/?s={search_term_string}"},"query-input":{"@type":"PropertyValueSpecification","valueRequired":true,"valueName":"search_term_string"}}],"inLanguage":"es"},{"@type":"Organization","@id":"https:\/\/www.casadelectores.com\/#organization","name":"Enam\u00f3rate de las compras","url":"https:\/\/www.casadelectores.com\/","logo":{"@type":"ImageObject","inLanguage":"es","@id":"https:\/\/www.casadelectores.com\/#\/schema\/logo\/image\/","url":"https:\/\/www.casadelectores.com\/wp-content\/uploads\/2020\/10\/shop-icon.png","contentUrl":"https:\/\/www.casadelectores.com\/wp-content\/uploads\/2020\/10\/shop-icon.png","width":512,"height":512,"caption":"Enam\u00f3rate de las compras"},"image":{"@id":"https:\/\/www.casadelectores.com\/#\/schema\/logo\/image\/"}}]}},"_links":{"self":[{"href":"https:\/\/www.casadelectores.com\/index.php\/wp-json\/wp\/v2\/product\/6825","targetHints":{"allow":["GET"]}}],"collection":[{"href":"https:\/\/www.casadelectores.com\/index.php\/wp-json\/wp\/v2\/product"}],"about":[{"href":"https:\/\/www.casadelectores.com\/index.php\/wp-json\/wp\/v2\/types\/product"}],"wp:featuredmedia":[{"embeddable":true,"href":"https:\/\/www.casadelectores.com\/index.php\/wp-json\/wp\/v2\/media\/6925"}],"wp:attachment":[{"href":"https:\/\/www.casadelectores.com\/index.php\/wp-json\/wp\/v2\/media?parent=6825"}],"wp:term":[{"taxonomy":"product_brand","embeddable":true,"href":"https:\/\/www.casadelectores.com\/index.php\/wp-json\/wp\/v2\/product_brand?post=6825"},{"taxonomy":"product_cat","embeddable":true,"href":"https:\/\/www.casadelectores.com\/index.php\/wp-json\/wp\/v2\/product_cat?post=6825"},{"taxonomy":"product_tag","embeddable":true,"href":"https:\/\/www.casadelectores.com\/index.php\/wp-json\/wp\/v2\/product_tag?post=6825"}],"curies":[{"name":"wp","href":"https:\/\/api.w.org\/{rel}","templated":true}]}}

<p>El broche de oro a la espléndida saga medieval de Daniel Wolf, el maestro alemán del género histórico que ha cautivado a 1.000.000 de lectores en todo el mundo. Una magnífica novela que nos ilumina una época oscura, recreando con pasión y detalle los escenarios sociales y políticos de la época, y nos ofrece una trama trepidante marcada por la dignidad, el amor y la lucha por la vida.Un joven y valiente cirujano se enfrenta a una oscura epidemia al tiempo que combate otra plaga invisible provocada por los prejuicios y la injusticia. Ducado de Lorena, 1346. Adrien Fleury siempre soñó con ser médico, pero ni en sus peores pesadillas pudo anticipar que, cuando lo consiguiera, debería combatir la plaga más letal que la región había conocido hasta el momento. Su valerosa defensa de la ciencia y su ardiente amor por Léa, una inteligente joven judía, le valdrán el odio eterno de los poderosos e intransigentes, quienes buscan siempre un chivo expiatorio para ocultar sus propias miserias. Con su inmenso talento narrativo, Daniel Wolf nos lleva a un siglo que empezaba a dejar atrás el oscurantismo medieval y nos regala una historia fascinante donde brillan el amor por la ciencia y la defensa de la verdad. La crítica ha dicho de su obra:«Resulta inevitable la referencia a Ken Follett.»Qué Leer «Daniel Wolf nos brinda un novelón caudaloso, tenso y absorbente.»La Vanguardia «,</p>

<p>El broche de oro a la espléndida saga medieval de Daniel Wolf, el maestro alemán del género histórico que ha cautivado a 1.000.000 de lectores en todo el mundo. Una magnífica novela que nos ilumina una época oscura, recreando con pasión y detalle los escenarios sociales y políticos de la época, y nos ofrece una&hellip;&nbsp;<a href="https://www.casadelectores.com/index.php/producto/expressversand-la-plaga-del-cielo-saga-de-los-fleury-4-6825/" rel="bookmark"><span class="screen-reader-text">Expressversand LA PLAGA DEL CIELO (SAGA DE LOS FLEURY 4)</span></a></p>

<!-- This site is optimized with the Yoast SEO plugin v26.3 - https://yoast.com/wordpress/plugins/seo/ -->
<title>Expressversand LA PLAGA DEL CIELO (SAGA DE LOS FLEURY 4) - casadelectores</title>
<meta name="robots" content="index, follow, max-snippet:-1, max-image-preview:large, max-video-preview:-1" />
<link rel="canonical" href="https://www.casadelectores.com/index.php/producto/expressversand-la-plaga-del-cielo-saga-de-los-fleury-4-6825/" />
<meta property="og:locale" content="es_ES" />
<meta property="og:type" content="article" />
<meta property="og:title" content="Expressversand LA PLAGA DEL CIELO (SAGA DE LOS FLEURY 4) - casadelectores" />
<meta property="og:description" content="El broche de oro a la espléndida saga medieval de Daniel Wolf, el maestro alemán del género histórico que ha cautivado a 1.000.000 de lectores en todo el mundo. Una magnífica novela que nos ilumina una época oscura, recreando con pasión y detalle los escenarios sociales y políticos de la época, y nos ofrece una&hellip;&nbsp;Expressversand LA PLAGA DEL CIELO (SAGA DE LOS FLEURY 4)" />
<meta property="og:url" content="https://www.casadelectores.com/index.php/producto/expressversand-la-plaga-del-cielo-saga-de-los-fleury-4-6825/" />
<meta property="og:site_name" content="casadelectores" />
<meta property="og:image" content="https://www.casadelectores.com/wp-content/uploads/2025/SK0178498-DE20251119-101116-0-1763518286-978842535944.webp" />
	<meta property="og:image:width" content="300" />
	<meta property="og:image:height" content="463" />
	<meta property="og:image:type" content="image/webp" />
<meta name="twitter:card" content="summary_large_image" />
<meta name="twitter:label1" content="Tiempo de lectura" />
	<meta name="twitter:data1" content="1 minuto" />
<script type="application/ld+json" class="yoast-schema-graph">{"@context":"https://schema.org","@graph":[{"@type":"WebPage","@id":"https://www.casadelectores.com/index.php/producto/expressversand-la-plaga-del-cielo-saga-de-los-fleury-4-6825/","url":"https://www.casadelectores.com/index.php/producto/expressversand-la-plaga-del-cielo-saga-de-los-fleury-4-6825/","name":"Expressversand LA PLAGA DEL CIELO (SAGA DE LOS FLEURY 4) - casadelectores","isPartOf":{"@id":"https://www.casadelectores.com/#website"},"primaryImageOfPage":{"@id":"https://www.casadelectores.com/index.php/producto/expressversand-la-plaga-del-cielo-saga-de-los-fleury-4-6825/#primaryimage"},"image":{"@id":"https://www.casadelectores.com/index.php/producto/expressversand-la-plaga-del-cielo-saga-de-los-fleury-4-6825/#primaryimage"},"thumbnailUrl":"https://www.casadelectores.com/wp-content/uploads/2025/SK0178498-DE20251119-101116-0-1763518286-978842535944.webp","datePublished":"2025-11-25T09:04:32+00:00","breadcrumb":{"@id":"https://www.casadelectores.com/index.php/producto/expressversand-la-plaga-del-cielo-saga-de-los-fleury-4-6825/#breadcrumb"},"inLanguage":"es","potentialAction":[{"@type":"ReadAction","target":["https://www.casadelectores.com/index.php/producto/expressversand-la-plaga-del-cielo-saga-de-los-fleury-4-6825/"]}]},{"@type":"ImageObject","inLanguage":"es","@id":"https://www.casadelectores.com/index.php/producto/expressversand-la-plaga-del-cielo-saga-de-los-fleury-4-6825/#primaryimage","url":"https://www.casadelectores.com/wp-content/uploads/2025/SK0178498-DE20251119-101116-0-1763518286-978842535944.webp","contentUrl":"https://www.casadelectores.com/wp-content/uploads/2025/SK0178498-DE20251119-101116-0-1763518286-978842535944.webp","width":300,"height":463},{"@type":"BreadcrumbList","@id":"https://www.casadelectores.com/index.php/producto/expressversand-la-plaga-del-cielo-saga-de-los-fleury-4-6825/#breadcrumb","itemListElement":[{"@type":"ListItem","position":1,"name":"Portada","item":"https://www.casadelectores.com/"},{"@type":"ListItem","position":2,"name":"Shop","item":"https://www.casadelectores.com/index.php/shop/"},{"@type":"ListItem","position":3,"name":"Expressversand LA PLAGA DEL CIELO (SAGA DE LOS FLEURY 4)"}]},{"@type":"WebSite","@id":"https://www.casadelectores.com/#website","url":"https://www.casadelectores.com/","name":"Enamórate de las compras","description":"","publisher":{"@id":"https://www.casadelectores.com/#organization"},"potentialAction":[{"@type":"SearchAction","target":{"@type":"EntryPoint","urlTemplate":"https://www.casadelectores.com/?s={search_term_string}"},"query-input":{"@type":"PropertyValueSpecification","valueRequired":true,"valueName":"search_term_string"}}],"inLanguage":"es"},{"@type":"Organization","@id":"https://www.casadelectores.com/#organization","name":"Enamórate de las compras","url":"https://www.casadelectores.com/","logo":{"@type":"ImageObject","inLanguage":"es","@id":"https://www.casadelectores.com/#/schema/logo/image/","url":"https://www.casadelectores.com/wp-content/uploads/2020/10/shop-icon.png","contentUrl":"https://www.casadelectores.com/wp-content/uploads/2020/10/shop-icon.png","width":512,"height":512,"caption":"Enamórate de las compras"},"image":{"@id":"https://www.casadelectores.com/#/schema/logo/image/"}}]}</script>
<!-- / Yoast SEO plugin. -->

El broche de oro a la espléndida saga medieval de Daniel Wolf, el maestro alemán del género histórico que ha cautivado a 1.000.000 de lectores en todo el mundo. Una magnífica novela que nos ilumina una época oscura, recreando con pasión y detalle los escenarios sociales y políticos de la época, y nos ofrece una&hellip;&nbsp;Expressversand LA PLAGA DEL CIELO (SAGA DE LOS FLEURY 4)

Enamórate de las compras
