{"id":67611,"date":"2025-11-25T09:06:26","date_gmt":"2025-11-25T09:06:26","guid":{"rendered":""},"modified":"2025-11-25T09:06:26","modified_gmt":"2025-11-25T09:06:26","slug":"en-la-boca-del-lobo-billig-67611","status":"publish","type":"product","link":"https:\/\/www.casadelectores.com\/index.php\/producto\/en-la-boca-del-lobo-billig-67611\/","title":{"rendered":"EN LA BOCA DEL LOBO Billig"},"content":{"rendered":"<p>Julieta y su madre llegan a La Sabina a pasar las vacaciones. A sus once a\u00f1os esa aldea perdida le parece a Julieta el mejor lugar para dejar atr\u00e1s problemas a los que no sabe poner nombre. Ese verano eterno lleno de primeras veces, descubrir\u00e1 que los cimientos del pueblo est\u00e1n hechos de secretos y recuerdos; los lindes del bosque, de cuentos y leyendas; y el coraz\u00f3n de las personas de miedo, odio, amor y esperanza, los cuatro sentimientos que nutren sus sue\u00f1os y tambi\u00e9n sus peores pesadillas.\u00a0\u00a0 En la boca del lobo surge de la mirada de una autora que ha destinado gran parte de su obra a observar la infancia en toda su riqueza, singularidad y vulnerabilidad, y muestra que las historias que compartimos, y las que nos contamos, pueden romper la maldici\u00f3n de una herencia envenenada.\u00a0\u00a0 Elvira Lindo regresa a la pura ficci\u00f3n creando un territorio literario propio, la despoblada Sabina y sus bosques, un escenario en el que realidad y f\u00e1bula se dan la mano, como en los cuentos cl\u00e1sicos. El lector que se adentre en \u00e9l, se ver\u00e1 inmerso en una novela magn\u00edfica, de intensidad creciente, ante cuyo misterio solo podr\u00e1 responder con asombro y emoci\u00f3n. \u00ab,<\/p>\n","protected":false},"excerpt":{"rendered":"<p>Julieta y su madre llegan a La Sabina a pasar las vacaciones. A sus once a\u00f1os esa aldea perdida le parece a Julieta el mejor lugar para dejar atr\u00e1s problemas a los que no sabe poner nombre. Ese verano eterno lleno de primeras veces, descubrir\u00e1 que los cimientos del pueblo est\u00e1n hechos de secretos y&hellip;&nbsp;<a href=\"https:\/\/www.casadelectores.com\/index.php\/producto\/en-la-boca-del-lobo-billig-67611\/\" rel=\"bookmark\"><span class=\"screen-reader-text\">EN LA BOCA DEL LOBO Billig<\/span><\/a><\/p>\n","protected":false},"featured_media":67711,"template":"","meta":{"neve_meta_sidebar":"","neve_meta_container":"","neve_meta_enable_content_width":"","neve_meta_content_width":0,"neve_meta_title_alignment":"","neve_meta_author_avatar":"","neve_post_elements_order":"","neve_meta_disable_header":"","neve_meta_disable_footer":"","neve_meta_disable_title":"","_themeisle_gutenberg_block_has_review":false},"product_brand":[],"product_cat":[26],"product_tag":[],"class_list":["post-67611","product","type-product","status-publish","has-post-thumbnail","product_cat-publicaciones-de-libros","first","instock","sale","shipping-taxable","purchasable","product-type-simple"],"yoast_head":"<!-- This site is optimized with the Yoast SEO plugin v26.3 - https:\/\/yoast.com\/wordpress\/plugins\/seo\/ -->\n<title>EN LA BOCA DEL LOBO Billig - casadelectores<\/title>\n<meta name=\"robots\" content=\"index, follow, max-snippet:-1, max-image-preview:large, max-video-preview:-1\" \/>\n<link rel=\"canonical\" href=\"https:\/\/www.casadelectores.com\/index.php\/producto\/en-la-boca-del-lobo-billig-67611\/\" \/>\n<meta property=\"og:locale\" content=\"es_ES\" \/>\n<meta property=\"og:type\" content=\"article\" \/>\n<meta property=\"og:title\" content=\"EN LA BOCA DEL LOBO Billig - casadelectores\" \/>\n<meta property=\"og:description\" content=\"Julieta y su madre llegan a La Sabina a pasar las vacaciones. A sus once a\u00f1os esa aldea perdida le parece a Julieta el mejor lugar para dejar atr\u00e1s problemas a los que no sabe poner nombre. Ese verano eterno lleno de primeras veces, descubrir\u00e1 que los cimientos del pueblo est\u00e1n hechos de secretos y&hellip;&nbsp;EN LA BOCA DEL LOBO Billig\" \/>\n<meta property=\"og:url\" content=\"https:\/\/www.casadelectores.com\/index.php\/producto\/en-la-boca-del-lobo-billig-67611\/\" \/>\n<meta property=\"og:site_name\" content=\"casadelectores\" \/>\n<meta property=\"og:image\" content=\"https:\/\/www.casadelectores.com\/wp-content\/uploads\/2025\/SK0208652-DE20251119-101116-0-1763518287-978843224196.webp\" \/>\n\t<meta property=\"og:image:width\" content=\"293\" \/>\n\t<meta property=\"og:image:height\" content=\"500\" \/>\n\t<meta property=\"og:image:type\" content=\"image\/webp\" \/>\n<meta name=\"twitter:card\" content=\"summary_large_image\" \/>\n<meta name=\"twitter:label1\" content=\"Tiempo de lectura\" \/>\n\t<meta name=\"twitter:data1\" content=\"1 minuto\" \/>\n<script type=\"application\/ld+json\" class=\"yoast-schema-graph\">{\"@context\":\"https:\/\/schema.org\",\"@graph\":[{\"@type\":\"WebPage\",\"@id\":\"https:\/\/www.casadelectores.com\/index.php\/producto\/en-la-boca-del-lobo-billig-67611\/\",\"url\":\"https:\/\/www.casadelectores.com\/index.php\/producto\/en-la-boca-del-lobo-billig-67611\/\",\"name\":\"EN LA BOCA DEL LOBO Billig - casadelectores\",\"isPartOf\":{\"@id\":\"https:\/\/www.casadelectores.com\/#website\"},\"primaryImageOfPage\":{\"@id\":\"https:\/\/www.casadelectores.com\/index.php\/producto\/en-la-boca-del-lobo-billig-67611\/#primaryimage\"},\"image\":{\"@id\":\"https:\/\/www.casadelectores.com\/index.php\/producto\/en-la-boca-del-lobo-billig-67611\/#primaryimage\"},\"thumbnailUrl\":\"https:\/\/www.casadelectores.com\/wp-content\/uploads\/2025\/SK0208652-DE20251119-101116-0-1763518287-978843224196.webp\",\"datePublished\":\"2025-11-25T09:06:26+00:00\",\"breadcrumb\":{\"@id\":\"https:\/\/www.casadelectores.com\/index.php\/producto\/en-la-boca-del-lobo-billig-67611\/#breadcrumb\"},\"inLanguage\":\"es\",\"potentialAction\":[{\"@type\":\"ReadAction\",\"target\":[\"https:\/\/www.casadelectores.com\/index.php\/producto\/en-la-boca-del-lobo-billig-67611\/\"]}]},{\"@type\":\"ImageObject\",\"inLanguage\":\"es\",\"@id\":\"https:\/\/www.casadelectores.com\/index.php\/producto\/en-la-boca-del-lobo-billig-67611\/#primaryimage\",\"url\":\"https:\/\/www.casadelectores.com\/wp-content\/uploads\/2025\/SK0208652-DE20251119-101116-0-1763518287-978843224196.webp\",\"contentUrl\":\"https:\/\/www.casadelectores.com\/wp-content\/uploads\/2025\/SK0208652-DE20251119-101116-0-1763518287-978843224196.webp\",\"width\":293,\"height\":500},{\"@type\":\"BreadcrumbList\",\"@id\":\"https:\/\/www.casadelectores.com\/index.php\/producto\/en-la-boca-del-lobo-billig-67611\/#breadcrumb\",\"itemListElement\":[{\"@type\":\"ListItem\",\"position\":1,\"name\":\"Portada\",\"item\":\"https:\/\/www.casadelectores.com\/\"},{\"@type\":\"ListItem\",\"position\":2,\"name\":\"Shop\",\"item\":\"https:\/\/www.casadelectores.com\/index.php\/shop\/\"},{\"@type\":\"ListItem\",\"position\":3,\"name\":\"EN LA BOCA DEL LOBO Billig\"}]},{\"@type\":\"WebSite\",\"@id\":\"https:\/\/www.casadelectores.com\/#website\",\"url\":\"https:\/\/www.casadelectores.com\/\",\"name\":\"Enam\u00f3rate de las compras\",\"description\":\"\",\"publisher\":{\"@id\":\"https:\/\/www.casadelectores.com\/#organization\"},\"potentialAction\":[{\"@type\":\"SearchAction\",\"target\":{\"@type\":\"EntryPoint\",\"urlTemplate\":\"https:\/\/www.casadelectores.com\/?s={search_term_string}\"},\"query-input\":{\"@type\":\"PropertyValueSpecification\",\"valueRequired\":true,\"valueName\":\"search_term_string\"}}],\"inLanguage\":\"es\"},{\"@type\":\"Organization\",\"@id\":\"https:\/\/www.casadelectores.com\/#organization\",\"name\":\"Enam\u00f3rate de las compras\",\"url\":\"https:\/\/www.casadelectores.com\/\",\"logo\":{\"@type\":\"ImageObject\",\"inLanguage\":\"es\",\"@id\":\"https:\/\/www.casadelectores.com\/#\/schema\/logo\/image\/\",\"url\":\"https:\/\/www.casadelectores.com\/wp-content\/uploads\/2020\/10\/shop-icon.png\",\"contentUrl\":\"https:\/\/www.casadelectores.com\/wp-content\/uploads\/2020\/10\/shop-icon.png\",\"width\":512,\"height\":512,\"caption\":\"Enam\u00f3rate de las compras\"},\"image\":{\"@id\":\"https:\/\/www.casadelectores.com\/#\/schema\/logo\/image\/\"}}]}<\/script>\n<!-- \/ Yoast SEO plugin. -->","yoast_head_json":{"title":"EN LA BOCA DEL LOBO Billig - casadelectores","robots":{"index":"index","follow":"follow","max-snippet":"max-snippet:-1","max-image-preview":"max-image-preview:large","max-video-preview":"max-video-preview:-1"},"canonical":"https:\/\/www.casadelectores.com\/index.php\/producto\/en-la-boca-del-lobo-billig-67611\/","og_locale":"es_ES","og_type":"article","og_title":"EN LA BOCA DEL LOBO Billig - casadelectores","og_description":"Julieta y su madre llegan a La Sabina a pasar las vacaciones. A sus once a\u00f1os esa aldea perdida le parece a Julieta el mejor lugar para dejar atr\u00e1s problemas a los que no sabe poner nombre. Ese verano eterno lleno de primeras veces, descubrir\u00e1 que los cimientos del pueblo est\u00e1n hechos de secretos y&hellip;&nbsp;EN LA BOCA DEL LOBO Billig","og_url":"https:\/\/www.casadelectores.com\/index.php\/producto\/en-la-boca-del-lobo-billig-67611\/","og_site_name":"casadelectores","og_image":[{"width":293,"height":500,"url":"https:\/\/www.casadelectores.com\/wp-content\/uploads\/2025\/SK0208652-DE20251119-101116-0-1763518287-978843224196.webp","type":"image\/webp"}],"twitter_card":"summary_large_image","twitter_misc":{"Tiempo de lectura":"1 minuto"},"schema":{"@context":"https:\/\/schema.org","@graph":[{"@type":"WebPage","@id":"https:\/\/www.casadelectores.com\/index.php\/producto\/en-la-boca-del-lobo-billig-67611\/","url":"https:\/\/www.casadelectores.com\/index.php\/producto\/en-la-boca-del-lobo-billig-67611\/","name":"EN LA BOCA DEL LOBO Billig - casadelectores","isPartOf":{"@id":"https:\/\/www.casadelectores.com\/#website"},"primaryImageOfPage":{"@id":"https:\/\/www.casadelectores.com\/index.php\/producto\/en-la-boca-del-lobo-billig-67611\/#primaryimage"},"image":{"@id":"https:\/\/www.casadelectores.com\/index.php\/producto\/en-la-boca-del-lobo-billig-67611\/#primaryimage"},"thumbnailUrl":"https:\/\/www.casadelectores.com\/wp-content\/uploads\/2025\/SK0208652-DE20251119-101116-0-1763518287-978843224196.webp","datePublished":"2025-11-25T09:06:26+00:00","breadcrumb":{"@id":"https:\/\/www.casadelectores.com\/index.php\/producto\/en-la-boca-del-lobo-billig-67611\/#breadcrumb"},"inLanguage":"es","potentialAction":[{"@type":"ReadAction","target":["https:\/\/www.casadelectores.com\/index.php\/producto\/en-la-boca-del-lobo-billig-67611\/"]}]},{"@type":"ImageObject","inLanguage":"es","@id":"https:\/\/www.casadelectores.com\/index.php\/producto\/en-la-boca-del-lobo-billig-67611\/#primaryimage","url":"https:\/\/www.casadelectores.com\/wp-content\/uploads\/2025\/SK0208652-DE20251119-101116-0-1763518287-978843224196.webp","contentUrl":"https:\/\/www.casadelectores.com\/wp-content\/uploads\/2025\/SK0208652-DE20251119-101116-0-1763518287-978843224196.webp","width":293,"height":500},{"@type":"BreadcrumbList","@id":"https:\/\/www.casadelectores.com\/index.php\/producto\/en-la-boca-del-lobo-billig-67611\/#breadcrumb","itemListElement":[{"@type":"ListItem","position":1,"name":"Portada","item":"https:\/\/www.casadelectores.com\/"},{"@type":"ListItem","position":2,"name":"Shop","item":"https:\/\/www.casadelectores.com\/index.php\/shop\/"},{"@type":"ListItem","position":3,"name":"EN LA BOCA DEL LOBO Billig"}]},{"@type":"WebSite","@id":"https:\/\/www.casadelectores.com\/#website","url":"https:\/\/www.casadelectores.com\/","name":"Enam\u00f3rate de las compras","description":"","publisher":{"@id":"https:\/\/www.casadelectores.com\/#organization"},"potentialAction":[{"@type":"SearchAction","target":{"@type":"EntryPoint","urlTemplate":"https:\/\/www.casadelectores.com\/?s={search_term_string}"},"query-input":{"@type":"PropertyValueSpecification","valueRequired":true,"valueName":"search_term_string"}}],"inLanguage":"es"},{"@type":"Organization","@id":"https:\/\/www.casadelectores.com\/#organization","name":"Enam\u00f3rate de las compras","url":"https:\/\/www.casadelectores.com\/","logo":{"@type":"ImageObject","inLanguage":"es","@id":"https:\/\/www.casadelectores.com\/#\/schema\/logo\/image\/","url":"https:\/\/www.casadelectores.com\/wp-content\/uploads\/2020\/10\/shop-icon.png","contentUrl":"https:\/\/www.casadelectores.com\/wp-content\/uploads\/2020\/10\/shop-icon.png","width":512,"height":512,"caption":"Enam\u00f3rate de las compras"},"image":{"@id":"https:\/\/www.casadelectores.com\/#\/schema\/logo\/image\/"}}]}},"_links":{"self":[{"href":"https:\/\/www.casadelectores.com\/index.php\/wp-json\/wp\/v2\/product\/67611","targetHints":{"allow":["GET"]}}],"collection":[{"href":"https:\/\/www.casadelectores.com\/index.php\/wp-json\/wp\/v2\/product"}],"about":[{"href":"https:\/\/www.casadelectores.com\/index.php\/wp-json\/wp\/v2\/types\/product"}],"wp:featuredmedia":[{"embeddable":true,"href":"https:\/\/www.casadelectores.com\/index.php\/wp-json\/wp\/v2\/media\/67711"}],"wp:attachment":[{"href":"https:\/\/www.casadelectores.com\/index.php\/wp-json\/wp\/v2\/media?parent=67611"}],"wp:term":[{"taxonomy":"product_brand","embeddable":true,"href":"https:\/\/www.casadelectores.com\/index.php\/wp-json\/wp\/v2\/product_brand?post=67611"},{"taxonomy":"product_cat","embeddable":true,"href":"https:\/\/www.casadelectores.com\/index.php\/wp-json\/wp\/v2\/product_cat?post=67611"},{"taxonomy":"product_tag","embeddable":true,"href":"https:\/\/www.casadelectores.com\/index.php\/wp-json\/wp\/v2\/product_tag?post=67611"}],"curies":[{"name":"wp","href":"https:\/\/api.w.org\/{rel}","templated":true}]}}

<p>Julieta y su madre llegan a La Sabina a pasar las vacaciones. A sus once años esa aldea perdida le parece a Julieta el mejor lugar para dejar atrás problemas a los que no sabe poner nombre. Ese verano eterno lleno de primeras veces, descubrirá que los cimientos del pueblo están hechos de secretos y recuerdos; los lindes del bosque, de cuentos y leyendas; y el corazón de las personas de miedo, odio, amor y esperanza, los cuatro sentimientos que nutren sus sueños y también sus peores pesadillas.   En la boca del lobo surge de la mirada de una autora que ha destinado gran parte de su obra a observar la infancia en toda su riqueza, singularidad y vulnerabilidad, y muestra que las historias que compartimos, y las que nos contamos, pueden romper la maldición de una herencia envenenada.   Elvira Lindo regresa a la pura ficción creando un territorio literario propio, la despoblada Sabina y sus bosques, un escenario en el que realidad y fábula se dan la mano, como en los cuentos clásicos. El lector que se adentre en él, se verá inmerso en una novela magnífica, de intensidad creciente, ante cuyo misterio solo podrá responder con asombro y emoción. «,</p>

<p>Julieta y su madre llegan a La Sabina a pasar las vacaciones. A sus once años esa aldea perdida le parece a Julieta el mejor lugar para dejar atrás problemas a los que no sabe poner nombre. Ese verano eterno lleno de primeras veces, descubrirá que los cimientos del pueblo están hechos de secretos y&hellip;&nbsp;<a href="https://www.casadelectores.com/index.php/producto/en-la-boca-del-lobo-billig-67611/" rel="bookmark"><span class="screen-reader-text">EN LA BOCA DEL LOBO Billig</span></a></p>

<!-- This site is optimized with the Yoast SEO plugin v26.3 - https://yoast.com/wordpress/plugins/seo/ -->
<title>EN LA BOCA DEL LOBO Billig - casadelectores</title>
<meta name="robots" content="index, follow, max-snippet:-1, max-image-preview:large, max-video-preview:-1" />
<link rel="canonical" href="https://www.casadelectores.com/index.php/producto/en-la-boca-del-lobo-billig-67611/" />
<meta property="og:locale" content="es_ES" />
<meta property="og:type" content="article" />
<meta property="og:title" content="EN LA BOCA DEL LOBO Billig - casadelectores" />
<meta property="og:description" content="Julieta y su madre llegan a La Sabina a pasar las vacaciones. A sus once años esa aldea perdida le parece a Julieta el mejor lugar para dejar atrás problemas a los que no sabe poner nombre. Ese verano eterno lleno de primeras veces, descubrirá que los cimientos del pueblo están hechos de secretos y&hellip;&nbsp;EN LA BOCA DEL LOBO Billig" />
<meta property="og:url" content="https://www.casadelectores.com/index.php/producto/en-la-boca-del-lobo-billig-67611/" />
<meta property="og:site_name" content="casadelectores" />
<meta property="og:image" content="https://www.casadelectores.com/wp-content/uploads/2025/SK0208652-DE20251119-101116-0-1763518287-978843224196.webp" />
	<meta property="og:image:width" content="293" />
	<meta property="og:image:height" content="500" />
	<meta property="og:image:type" content="image/webp" />
<meta name="twitter:card" content="summary_large_image" />
<meta name="twitter:label1" content="Tiempo de lectura" />
	<meta name="twitter:data1" content="1 minuto" />
<script type="application/ld+json" class="yoast-schema-graph">{"@context":"https://schema.org","@graph":[{"@type":"WebPage","@id":"https://www.casadelectores.com/index.php/producto/en-la-boca-del-lobo-billig-67611/","url":"https://www.casadelectores.com/index.php/producto/en-la-boca-del-lobo-billig-67611/","name":"EN LA BOCA DEL LOBO Billig - casadelectores","isPartOf":{"@id":"https://www.casadelectores.com/#website"},"primaryImageOfPage":{"@id":"https://www.casadelectores.com/index.php/producto/en-la-boca-del-lobo-billig-67611/#primaryimage"},"image":{"@id":"https://www.casadelectores.com/index.php/producto/en-la-boca-del-lobo-billig-67611/#primaryimage"},"thumbnailUrl":"https://www.casadelectores.com/wp-content/uploads/2025/SK0208652-DE20251119-101116-0-1763518287-978843224196.webp","datePublished":"2025-11-25T09:06:26+00:00","breadcrumb":{"@id":"https://www.casadelectores.com/index.php/producto/en-la-boca-del-lobo-billig-67611/#breadcrumb"},"inLanguage":"es","potentialAction":[{"@type":"ReadAction","target":["https://www.casadelectores.com/index.php/producto/en-la-boca-del-lobo-billig-67611/"]}]},{"@type":"ImageObject","inLanguage":"es","@id":"https://www.casadelectores.com/index.php/producto/en-la-boca-del-lobo-billig-67611/#primaryimage","url":"https://www.casadelectores.com/wp-content/uploads/2025/SK0208652-DE20251119-101116-0-1763518287-978843224196.webp","contentUrl":"https://www.casadelectores.com/wp-content/uploads/2025/SK0208652-DE20251119-101116-0-1763518287-978843224196.webp","width":293,"height":500},{"@type":"BreadcrumbList","@id":"https://www.casadelectores.com/index.php/producto/en-la-boca-del-lobo-billig-67611/#breadcrumb","itemListElement":[{"@type":"ListItem","position":1,"name":"Portada","item":"https://www.casadelectores.com/"},{"@type":"ListItem","position":2,"name":"Shop","item":"https://www.casadelectores.com/index.php/shop/"},{"@type":"ListItem","position":3,"name":"EN LA BOCA DEL LOBO Billig"}]},{"@type":"WebSite","@id":"https://www.casadelectores.com/#website","url":"https://www.casadelectores.com/","name":"Enamórate de las compras","description":"","publisher":{"@id":"https://www.casadelectores.com/#organization"},"potentialAction":[{"@type":"SearchAction","target":{"@type":"EntryPoint","urlTemplate":"https://www.casadelectores.com/?s={search_term_string}"},"query-input":{"@type":"PropertyValueSpecification","valueRequired":true,"valueName":"search_term_string"}}],"inLanguage":"es"},{"@type":"Organization","@id":"https://www.casadelectores.com/#organization","name":"Enamórate de las compras","url":"https://www.casadelectores.com/","logo":{"@type":"ImageObject","inLanguage":"es","@id":"https://www.casadelectores.com/#/schema/logo/image/","url":"https://www.casadelectores.com/wp-content/uploads/2020/10/shop-icon.png","contentUrl":"https://www.casadelectores.com/wp-content/uploads/2020/10/shop-icon.png","width":512,"height":512,"caption":"Enamórate de las compras"},"image":{"@id":"https://www.casadelectores.com/#/schema/logo/image/"}}]}</script>
<!-- / Yoast SEO plugin. -->

Julieta y su madre llegan a La Sabina a pasar las vacaciones. A sus once años esa aldea perdida le parece a Julieta el mejor lugar para dejar atrás problemas a los que no sabe poner nombre. Ese verano eterno lleno de primeras veces, descubrirá que los cimientos del pueblo están hechos de secretos y&hellip;&nbsp;EN LA BOCA DEL LOBO Billig

Enamórate de las compras
