{"id":5591,"date":"2025-11-25T09:04:30","date_gmt":"2025-11-25T09:04:30","guid":{"rendered":""},"modified":"2025-11-25T09:04:30","modified_gmt":"2025-11-25T09:04:30","slug":"encuentros-con-hombres-notables-del-todo-y-de-todo-segunda-serie-premium-5591","status":"publish","type":"product","link":"https:\/\/www.casadelectores.com\/index.php\/producto\/encuentros-con-hombres-notables-del-todo-y-de-todo-segunda-serie-premium-5591\/","title":{"rendered":"ENCUENTROS CON HOMBRES NOTABLES. DEL TODO Y DE TODO \/ SEGUNDA SERIE Premium"},"content":{"rendered":"<p>Estos relatos concebidos inicialmente para ser le\u00eddos en alta voz en un c\u00edrculo restringido de alumnos y de invitados hablan del per\u00edodo menos conocido de la vida del maestro espiritual Gurdjieff: su infancia, su juventud y las primeras etapas de su b\u00fasqueda.No se trata de una autobiograf\u00eda en el sentido estricto de la palabra. Para Gurdjieff, el pasado solo merece ser narrado en la medida en que resulte \u00abejemplar\u00bb. Lo que \u00e9lsugiere en estos relatos no son ejemplos para imitar exteriormente, sino toda una manera de ser frente a la vida, un testimonio que nos toca directamente y nos hace presentir una realidad de otro orden. \u00ab,<\/p>\n","protected":false},"excerpt":{"rendered":"<p>Estos relatos concebidos inicialmente para ser le\u00eddos en alta voz en un c\u00edrculo restringido de alumnos y de invitados hablan del per\u00edodo menos conocido de la vida del maestro espiritual Gurdjieff: su infancia, su juventud y las primeras etapas de su b\u00fasqueda.No se trata de una autobiograf\u00eda en el sentido estricto de la palabra. Para&hellip;&nbsp;<a href=\"https:\/\/www.casadelectores.com\/index.php\/producto\/encuentros-con-hombres-notables-del-todo-y-de-todo-segunda-serie-premium-5591\/\" rel=\"bookmark\"><span class=\"screen-reader-text\">ENCUENTROS CON HOMBRES NOTABLES. DEL TODO Y DE TODO \/ SEGUNDA SERIE Premium<\/span><\/a><\/p>\n","protected":false},"featured_media":5691,"template":"","meta":{"neve_meta_sidebar":"","neve_meta_container":"","neve_meta_enable_content_width":"","neve_meta_content_width":0,"neve_meta_title_alignment":"","neve_meta_author_avatar":"","neve_post_elements_order":"","neve_meta_disable_header":"","neve_meta_disable_footer":"","neve_meta_disable_title":"","_themeisle_gutenberg_block_has_review":false},"product_brand":[],"product_cat":[26],"product_tag":[],"class_list":["post-5591","product","type-product","status-publish","has-post-thumbnail","product_cat-publicaciones-de-libros","first","instock","sale","shipping-taxable","purchasable","product-type-simple"],"yoast_head":"<!-- This site is optimized with the Yoast SEO plugin v26.3 - https:\/\/yoast.com\/wordpress\/plugins\/seo\/ -->\n<title>ENCUENTROS CON HOMBRES NOTABLES. DEL TODO Y DE TODO \/ SEGUNDA SERIE Premium - casadelectores<\/title>\n<meta name=\"robots\" content=\"index, follow, max-snippet:-1, max-image-preview:large, max-video-preview:-1\" \/>\n<link rel=\"canonical\" href=\"https:\/\/www.casadelectores.com\/index.php\/producto\/encuentros-con-hombres-notables-del-todo-y-de-todo-segunda-serie-premium-5591\/\" \/>\n<meta property=\"og:locale\" content=\"es_ES\" \/>\n<meta property=\"og:type\" content=\"article\" \/>\n<meta property=\"og:title\" content=\"ENCUENTROS CON HOMBRES NOTABLES. DEL TODO Y DE TODO \/ SEGUNDA SERIE Premium - casadelectores\" \/>\n<meta property=\"og:description\" content=\"Estos relatos concebidos inicialmente para ser le\u00eddos en alta voz en un c\u00edrculo restringido de alumnos y de invitados hablan del per\u00edodo menos conocido de la vida del maestro espiritual Gurdjieff: su infancia, su juventud y las primeras etapas de su b\u00fasqueda.No se trata de una autobiograf\u00eda en el sentido estricto de la palabra. Para&hellip;&nbsp;ENCUENTROS CON HOMBRES NOTABLES. DEL TODO Y DE TODO \/ SEGUNDA SERIE Premium\" \/>\n<meta property=\"og:url\" content=\"https:\/\/www.casadelectores.com\/index.php\/producto\/encuentros-con-hombres-notables-del-todo-y-de-todo-segunda-serie-premium-5591\/\" \/>\n<meta property=\"og:site_name\" content=\"casadelectores\" \/>\n<meta property=\"og:image\" content=\"https:\/\/www.casadelectores.com\/wp-content\/uploads\/2025\/SK0177859-DE20251119-101116-0-1763518286-978848445574.webp\" \/>\n\t<meta property=\"og:image:width\" content=\"300\" \/>\n\t<meta property=\"og:image:height\" content=\"434\" \/>\n\t<meta property=\"og:image:type\" content=\"image\/webp\" \/>\n<meta name=\"twitter:card\" content=\"summary_large_image\" \/>\n<meta name=\"twitter:label1\" content=\"Tiempo de lectura\" \/>\n\t<meta name=\"twitter:data1\" content=\"1 minuto\" \/>\n<script type=\"application\/ld+json\" class=\"yoast-schema-graph\">{\"@context\":\"https:\/\/schema.org\",\"@graph\":[{\"@type\":\"WebPage\",\"@id\":\"https:\/\/www.casadelectores.com\/index.php\/producto\/encuentros-con-hombres-notables-del-todo-y-de-todo-segunda-serie-premium-5591\/\",\"url\":\"https:\/\/www.casadelectores.com\/index.php\/producto\/encuentros-con-hombres-notables-del-todo-y-de-todo-segunda-serie-premium-5591\/\",\"name\":\"ENCUENTROS CON HOMBRES NOTABLES. DEL TODO Y DE TODO \/ SEGUNDA SERIE Premium - casadelectores\",\"isPartOf\":{\"@id\":\"https:\/\/www.casadelectores.com\/#website\"},\"primaryImageOfPage\":{\"@id\":\"https:\/\/www.casadelectores.com\/index.php\/producto\/encuentros-con-hombres-notables-del-todo-y-de-todo-segunda-serie-premium-5591\/#primaryimage\"},\"image\":{\"@id\":\"https:\/\/www.casadelectores.com\/index.php\/producto\/encuentros-con-hombres-notables-del-todo-y-de-todo-segunda-serie-premium-5591\/#primaryimage\"},\"thumbnailUrl\":\"https:\/\/www.casadelectores.com\/wp-content\/uploads\/2025\/SK0177859-DE20251119-101116-0-1763518286-978848445574.webp\",\"datePublished\":\"2025-11-25T09:04:30+00:00\",\"breadcrumb\":{\"@id\":\"https:\/\/www.casadelectores.com\/index.php\/producto\/encuentros-con-hombres-notables-del-todo-y-de-todo-segunda-serie-premium-5591\/#breadcrumb\"},\"inLanguage\":\"es\",\"potentialAction\":[{\"@type\":\"ReadAction\",\"target\":[\"https:\/\/www.casadelectores.com\/index.php\/producto\/encuentros-con-hombres-notables-del-todo-y-de-todo-segunda-serie-premium-5591\/\"]}]},{\"@type\":\"ImageObject\",\"inLanguage\":\"es\",\"@id\":\"https:\/\/www.casadelectores.com\/index.php\/producto\/encuentros-con-hombres-notables-del-todo-y-de-todo-segunda-serie-premium-5591\/#primaryimage\",\"url\":\"https:\/\/www.casadelectores.com\/wp-content\/uploads\/2025\/SK0177859-DE20251119-101116-0-1763518286-978848445574.webp\",\"contentUrl\":\"https:\/\/www.casadelectores.com\/wp-content\/uploads\/2025\/SK0177859-DE20251119-101116-0-1763518286-978848445574.webp\",\"width\":300,\"height\":434},{\"@type\":\"BreadcrumbList\",\"@id\":\"https:\/\/www.casadelectores.com\/index.php\/producto\/encuentros-con-hombres-notables-del-todo-y-de-todo-segunda-serie-premium-5591\/#breadcrumb\",\"itemListElement\":[{\"@type\":\"ListItem\",\"position\":1,\"name\":\"Portada\",\"item\":\"https:\/\/www.casadelectores.com\/\"},{\"@type\":\"ListItem\",\"position\":2,\"name\":\"Shop\",\"item\":\"https:\/\/www.casadelectores.com\/index.php\/shop\/\"},{\"@type\":\"ListItem\",\"position\":3,\"name\":\"ENCUENTROS CON HOMBRES NOTABLES. DEL TODO Y DE TODO \/ SEGUNDA SERIE Premium\"}]},{\"@type\":\"WebSite\",\"@id\":\"https:\/\/www.casadelectores.com\/#website\",\"url\":\"https:\/\/www.casadelectores.com\/\",\"name\":\"Enam\u00f3rate de las compras\",\"description\":\"\",\"publisher\":{\"@id\":\"https:\/\/www.casadelectores.com\/#organization\"},\"potentialAction\":[{\"@type\":\"SearchAction\",\"target\":{\"@type\":\"EntryPoint\",\"urlTemplate\":\"https:\/\/www.casadelectores.com\/?s={search_term_string}\"},\"query-input\":{\"@type\":\"PropertyValueSpecification\",\"valueRequired\":true,\"valueName\":\"search_term_string\"}}],\"inLanguage\":\"es\"},{\"@type\":\"Organization\",\"@id\":\"https:\/\/www.casadelectores.com\/#organization\",\"name\":\"Enam\u00f3rate de las compras\",\"url\":\"https:\/\/www.casadelectores.com\/\",\"logo\":{\"@type\":\"ImageObject\",\"inLanguage\":\"es\",\"@id\":\"https:\/\/www.casadelectores.com\/#\/schema\/logo\/image\/\",\"url\":\"https:\/\/www.casadelectores.com\/wp-content\/uploads\/2020\/10\/shop-icon.png\",\"contentUrl\":\"https:\/\/www.casadelectores.com\/wp-content\/uploads\/2020\/10\/shop-icon.png\",\"width\":512,\"height\":512,\"caption\":\"Enam\u00f3rate de las compras\"},\"image\":{\"@id\":\"https:\/\/www.casadelectores.com\/#\/schema\/logo\/image\/\"}}]}<\/script>\n<!-- \/ Yoast SEO plugin. -->","yoast_head_json":{"title":"ENCUENTROS CON HOMBRES NOTABLES. DEL TODO Y DE TODO \/ SEGUNDA SERIE Premium - casadelectores","robots":{"index":"index","follow":"follow","max-snippet":"max-snippet:-1","max-image-preview":"max-image-preview:large","max-video-preview":"max-video-preview:-1"},"canonical":"https:\/\/www.casadelectores.com\/index.php\/producto\/encuentros-con-hombres-notables-del-todo-y-de-todo-segunda-serie-premium-5591\/","og_locale":"es_ES","og_type":"article","og_title":"ENCUENTROS CON HOMBRES NOTABLES. DEL TODO Y DE TODO \/ SEGUNDA SERIE Premium - casadelectores","og_description":"Estos relatos concebidos inicialmente para ser le\u00eddos en alta voz en un c\u00edrculo restringido de alumnos y de invitados hablan del per\u00edodo menos conocido de la vida del maestro espiritual Gurdjieff: su infancia, su juventud y las primeras etapas de su b\u00fasqueda.No se trata de una autobiograf\u00eda en el sentido estricto de la palabra. Para&hellip;&nbsp;ENCUENTROS CON HOMBRES NOTABLES. DEL TODO Y DE TODO \/ SEGUNDA SERIE Premium","og_url":"https:\/\/www.casadelectores.com\/index.php\/producto\/encuentros-con-hombres-notables-del-todo-y-de-todo-segunda-serie-premium-5591\/","og_site_name":"casadelectores","og_image":[{"width":300,"height":434,"url":"https:\/\/www.casadelectores.com\/wp-content\/uploads\/2025\/SK0177859-DE20251119-101116-0-1763518286-978848445574.webp","type":"image\/webp"}],"twitter_card":"summary_large_image","twitter_misc":{"Tiempo de lectura":"1 minuto"},"schema":{"@context":"https:\/\/schema.org","@graph":[{"@type":"WebPage","@id":"https:\/\/www.casadelectores.com\/index.php\/producto\/encuentros-con-hombres-notables-del-todo-y-de-todo-segunda-serie-premium-5591\/","url":"https:\/\/www.casadelectores.com\/index.php\/producto\/encuentros-con-hombres-notables-del-todo-y-de-todo-segunda-serie-premium-5591\/","name":"ENCUENTROS CON HOMBRES NOTABLES. DEL TODO Y DE TODO \/ SEGUNDA SERIE Premium - casadelectores","isPartOf":{"@id":"https:\/\/www.casadelectores.com\/#website"},"primaryImageOfPage":{"@id":"https:\/\/www.casadelectores.com\/index.php\/producto\/encuentros-con-hombres-notables-del-todo-y-de-todo-segunda-serie-premium-5591\/#primaryimage"},"image":{"@id":"https:\/\/www.casadelectores.com\/index.php\/producto\/encuentros-con-hombres-notables-del-todo-y-de-todo-segunda-serie-premium-5591\/#primaryimage"},"thumbnailUrl":"https:\/\/www.casadelectores.com\/wp-content\/uploads\/2025\/SK0177859-DE20251119-101116-0-1763518286-978848445574.webp","datePublished":"2025-11-25T09:04:30+00:00","breadcrumb":{"@id":"https:\/\/www.casadelectores.com\/index.php\/producto\/encuentros-con-hombres-notables-del-todo-y-de-todo-segunda-serie-premium-5591\/#breadcrumb"},"inLanguage":"es","potentialAction":[{"@type":"ReadAction","target":["https:\/\/www.casadelectores.com\/index.php\/producto\/encuentros-con-hombres-notables-del-todo-y-de-todo-segunda-serie-premium-5591\/"]}]},{"@type":"ImageObject","inLanguage":"es","@id":"https:\/\/www.casadelectores.com\/index.php\/producto\/encuentros-con-hombres-notables-del-todo-y-de-todo-segunda-serie-premium-5591\/#primaryimage","url":"https:\/\/www.casadelectores.com\/wp-content\/uploads\/2025\/SK0177859-DE20251119-101116-0-1763518286-978848445574.webp","contentUrl":"https:\/\/www.casadelectores.com\/wp-content\/uploads\/2025\/SK0177859-DE20251119-101116-0-1763518286-978848445574.webp","width":300,"height":434},{"@type":"BreadcrumbList","@id":"https:\/\/www.casadelectores.com\/index.php\/producto\/encuentros-con-hombres-notables-del-todo-y-de-todo-segunda-serie-premium-5591\/#breadcrumb","itemListElement":[{"@type":"ListItem","position":1,"name":"Portada","item":"https:\/\/www.casadelectores.com\/"},{"@type":"ListItem","position":2,"name":"Shop","item":"https:\/\/www.casadelectores.com\/index.php\/shop\/"},{"@type":"ListItem","position":3,"name":"ENCUENTROS CON HOMBRES NOTABLES. DEL TODO Y DE TODO \/ SEGUNDA SERIE Premium"}]},{"@type":"WebSite","@id":"https:\/\/www.casadelectores.com\/#website","url":"https:\/\/www.casadelectores.com\/","name":"Enam\u00f3rate de las compras","description":"","publisher":{"@id":"https:\/\/www.casadelectores.com\/#organization"},"potentialAction":[{"@type":"SearchAction","target":{"@type":"EntryPoint","urlTemplate":"https:\/\/www.casadelectores.com\/?s={search_term_string}"},"query-input":{"@type":"PropertyValueSpecification","valueRequired":true,"valueName":"search_term_string"}}],"inLanguage":"es"},{"@type":"Organization","@id":"https:\/\/www.casadelectores.com\/#organization","name":"Enam\u00f3rate de las compras","url":"https:\/\/www.casadelectores.com\/","logo":{"@type":"ImageObject","inLanguage":"es","@id":"https:\/\/www.casadelectores.com\/#\/schema\/logo\/image\/","url":"https:\/\/www.casadelectores.com\/wp-content\/uploads\/2020\/10\/shop-icon.png","contentUrl":"https:\/\/www.casadelectores.com\/wp-content\/uploads\/2020\/10\/shop-icon.png","width":512,"height":512,"caption":"Enam\u00f3rate de las compras"},"image":{"@id":"https:\/\/www.casadelectores.com\/#\/schema\/logo\/image\/"}}]}},"_links":{"self":[{"href":"https:\/\/www.casadelectores.com\/index.php\/wp-json\/wp\/v2\/product\/5591","targetHints":{"allow":["GET"]}}],"collection":[{"href":"https:\/\/www.casadelectores.com\/index.php\/wp-json\/wp\/v2\/product"}],"about":[{"href":"https:\/\/www.casadelectores.com\/index.php\/wp-json\/wp\/v2\/types\/product"}],"wp:featuredmedia":[{"embeddable":true,"href":"https:\/\/www.casadelectores.com\/index.php\/wp-json\/wp\/v2\/media\/5691"}],"wp:attachment":[{"href":"https:\/\/www.casadelectores.com\/index.php\/wp-json\/wp\/v2\/media?parent=5591"}],"wp:term":[{"taxonomy":"product_brand","embeddable":true,"href":"https:\/\/www.casadelectores.com\/index.php\/wp-json\/wp\/v2\/product_brand?post=5591"},{"taxonomy":"product_cat","embeddable":true,"href":"https:\/\/www.casadelectores.com\/index.php\/wp-json\/wp\/v2\/product_cat?post=5591"},{"taxonomy":"product_tag","embeddable":true,"href":"https:\/\/www.casadelectores.com\/index.php\/wp-json\/wp\/v2\/product_tag?post=5591"}],"curies":[{"name":"wp","href":"https:\/\/api.w.org\/{rel}","templated":true}]}}

<p>Estos relatos concebidos inicialmente para ser leídos en alta voz en un círculo restringido de alumnos y de invitados hablan del período menos conocido de la vida del maestro espiritual Gurdjieff: su infancia, su juventud y las primeras etapas de su búsqueda.No se trata de una autobiografía en el sentido estricto de la palabra. Para Gurdjieff, el pasado solo merece ser narrado en la medida en que resulte «ejemplar». Lo que élsugiere en estos relatos no son ejemplos para imitar exteriormente, sino toda una manera de ser frente a la vida, un testimonio que nos toca directamente y nos hace presentir una realidad de otro orden. «,</p>

<p>Estos relatos concebidos inicialmente para ser leídos en alta voz en un círculo restringido de alumnos y de invitados hablan del período menos conocido de la vida del maestro espiritual Gurdjieff: su infancia, su juventud y las primeras etapas de su búsqueda.No se trata de una autobiografía en el sentido estricto de la palabra. Para&hellip;&nbsp;<a href="https://www.casadelectores.com/index.php/producto/encuentros-con-hombres-notables-del-todo-y-de-todo-segunda-serie-premium-5591/" rel="bookmark"><span class="screen-reader-text">ENCUENTROS CON HOMBRES NOTABLES. DEL TODO Y DE TODO / SEGUNDA SERIE Premium</span></a></p>

<!-- This site is optimized with the Yoast SEO plugin v26.3 - https://yoast.com/wordpress/plugins/seo/ -->
<title>ENCUENTROS CON HOMBRES NOTABLES. DEL TODO Y DE TODO / SEGUNDA SERIE Premium - casadelectores</title>
<meta name="robots" content="index, follow, max-snippet:-1, max-image-preview:large, max-video-preview:-1" />
<link rel="canonical" href="https://www.casadelectores.com/index.php/producto/encuentros-con-hombres-notables-del-todo-y-de-todo-segunda-serie-premium-5591/" />
<meta property="og:locale" content="es_ES" />
<meta property="og:type" content="article" />
<meta property="og:title" content="ENCUENTROS CON HOMBRES NOTABLES. DEL TODO Y DE TODO / SEGUNDA SERIE Premium - casadelectores" />
<meta property="og:description" content="Estos relatos concebidos inicialmente para ser leídos en alta voz en un círculo restringido de alumnos y de invitados hablan del período menos conocido de la vida del maestro espiritual Gurdjieff: su infancia, su juventud y las primeras etapas de su búsqueda.No se trata de una autobiografía en el sentido estricto de la palabra. Para&hellip;&nbsp;ENCUENTROS CON HOMBRES NOTABLES. DEL TODO Y DE TODO / SEGUNDA SERIE Premium" />
<meta property="og:url" content="https://www.casadelectores.com/index.php/producto/encuentros-con-hombres-notables-del-todo-y-de-todo-segunda-serie-premium-5591/" />
<meta property="og:site_name" content="casadelectores" />
<meta property="og:image" content="https://www.casadelectores.com/wp-content/uploads/2025/SK0177859-DE20251119-101116-0-1763518286-978848445574.webp" />
	<meta property="og:image:width" content="300" />
	<meta property="og:image:height" content="434" />
	<meta property="og:image:type" content="image/webp" />
<meta name="twitter:card" content="summary_large_image" />
<meta name="twitter:label1" content="Tiempo de lectura" />
	<meta name="twitter:data1" content="1 minuto" />
<script type="application/ld+json" class="yoast-schema-graph">{"@context":"https://schema.org","@graph":[{"@type":"WebPage","@id":"https://www.casadelectores.com/index.php/producto/encuentros-con-hombres-notables-del-todo-y-de-todo-segunda-serie-premium-5591/","url":"https://www.casadelectores.com/index.php/producto/encuentros-con-hombres-notables-del-todo-y-de-todo-segunda-serie-premium-5591/","name":"ENCUENTROS CON HOMBRES NOTABLES. DEL TODO Y DE TODO / SEGUNDA SERIE Premium - casadelectores","isPartOf":{"@id":"https://www.casadelectores.com/#website"},"primaryImageOfPage":{"@id":"https://www.casadelectores.com/index.php/producto/encuentros-con-hombres-notables-del-todo-y-de-todo-segunda-serie-premium-5591/#primaryimage"},"image":{"@id":"https://www.casadelectores.com/index.php/producto/encuentros-con-hombres-notables-del-todo-y-de-todo-segunda-serie-premium-5591/#primaryimage"},"thumbnailUrl":"https://www.casadelectores.com/wp-content/uploads/2025/SK0177859-DE20251119-101116-0-1763518286-978848445574.webp","datePublished":"2025-11-25T09:04:30+00:00","breadcrumb":{"@id":"https://www.casadelectores.com/index.php/producto/encuentros-con-hombres-notables-del-todo-y-de-todo-segunda-serie-premium-5591/#breadcrumb"},"inLanguage":"es","potentialAction":[{"@type":"ReadAction","target":["https://www.casadelectores.com/index.php/producto/encuentros-con-hombres-notables-del-todo-y-de-todo-segunda-serie-premium-5591/"]}]},{"@type":"ImageObject","inLanguage":"es","@id":"https://www.casadelectores.com/index.php/producto/encuentros-con-hombres-notables-del-todo-y-de-todo-segunda-serie-premium-5591/#primaryimage","url":"https://www.casadelectores.com/wp-content/uploads/2025/SK0177859-DE20251119-101116-0-1763518286-978848445574.webp","contentUrl":"https://www.casadelectores.com/wp-content/uploads/2025/SK0177859-DE20251119-101116-0-1763518286-978848445574.webp","width":300,"height":434},{"@type":"BreadcrumbList","@id":"https://www.casadelectores.com/index.php/producto/encuentros-con-hombres-notables-del-todo-y-de-todo-segunda-serie-premium-5591/#breadcrumb","itemListElement":[{"@type":"ListItem","position":1,"name":"Portada","item":"https://www.casadelectores.com/"},{"@type":"ListItem","position":2,"name":"Shop","item":"https://www.casadelectores.com/index.php/shop/"},{"@type":"ListItem","position":3,"name":"ENCUENTROS CON HOMBRES NOTABLES. DEL TODO Y DE TODO / SEGUNDA SERIE Premium"}]},{"@type":"WebSite","@id":"https://www.casadelectores.com/#website","url":"https://www.casadelectores.com/","name":"Enamórate de las compras","description":"","publisher":{"@id":"https://www.casadelectores.com/#organization"},"potentialAction":[{"@type":"SearchAction","target":{"@type":"EntryPoint","urlTemplate":"https://www.casadelectores.com/?s={search_term_string}"},"query-input":{"@type":"PropertyValueSpecification","valueRequired":true,"valueName":"search_term_string"}}],"inLanguage":"es"},{"@type":"Organization","@id":"https://www.casadelectores.com/#organization","name":"Enamórate de las compras","url":"https://www.casadelectores.com/","logo":{"@type":"ImageObject","inLanguage":"es","@id":"https://www.casadelectores.com/#/schema/logo/image/","url":"https://www.casadelectores.com/wp-content/uploads/2020/10/shop-icon.png","contentUrl":"https://www.casadelectores.com/wp-content/uploads/2020/10/shop-icon.png","width":512,"height":512,"caption":"Enamórate de las compras"},"image":{"@id":"https://www.casadelectores.com/#/schema/logo/image/"}}]}</script>
<!-- / Yoast SEO plugin. -->

Estos relatos concebidos inicialmente para ser leídos en alta voz en un círculo restringido de alumnos y de invitados hablan del período menos conocido de la vida del maestro espiritual Gurdjieff: su infancia, su juventud y las primeras etapas de su búsqueda.No se trata de una autobiografía en el sentido estricto de la palabra. Para&hellip;&nbsp;ENCUENTROS CON HOMBRES NOTABLES. DEL TODO Y DE TODO / SEGUNDA SERIE Premium

Enamórate de las compras
