{"id":50486,"date":"2025-11-25T09:05:51","date_gmt":"2025-11-25T09:05:51","guid":{"rendered":""},"modified":"2025-11-25T09:05:51","modified_gmt":"2025-11-25T09:05:51","slug":"garantierte-lieferung-el-orden-mundial-en-transicion-50486","status":"publish","type":"product","link":"https:\/\/www.casadelectores.com\/index.php\/producto\/garantierte-lieferung-el-orden-mundial-en-transicion-50486\/","title":{"rendered":"Garantierte Lieferung EL ORDEN MUNDIAL EN TRANSICI\u00d3N"},"content":{"rendered":"<p>La guerra de Ucrania supone una coyuntura cr\u00edtica en la concepci\u00f3n de la seguridad en Europa. Esto no es un hecho aislado, sino que debe enmarcarse en la reconfiguraci\u00f3n de un nuevo orden mundial. El orden internacional liberal surgido de la Segunda Guerra Mundial, que se expande hacia un \u00e1mbito global tras el fin de la Guerra Fr\u00eda, ha entrado en un proceso de cambio desde hace unos a\u00f1os y la guerra en Europa no hace m\u00e1s que constatar este proceso de transici\u00f3n. En esta obra colectiva diferentes autores nos hacemos una serie de preguntas: \u00bfC\u00f3mo ser\u00e1 el orden mundial en los pr\u00f3ximos a\u00f1os? \u00bfCu\u00e1les son los factores de continuidad y cu\u00e1les los de cambio? \u00bfCu\u00e1les son las din\u00e1micas y los actores internacionales que ejercen presi\u00f3n sobre el viejo orden? Este libro ha sido pensado para aquellos lectores que deseen comprender los factores que influyen en los cambios que se est\u00e1n produciendo en la sociedad internacional, m\u00e1s all\u00e1 de los temas que protagonizan las agendas medi\u00e1ticas y pol\u00edticas, y dando protagonismo a otras din\u00e1micas que influyen directamente en la configuraci\u00f3n de un orden mundial. A lo largo de las \u00ab,<\/p>\n","protected":false},"excerpt":{"rendered":"<p>La guerra de Ucrania supone una coyuntura cr\u00edtica en la concepci\u00f3n de la seguridad en Europa. Esto no es un hecho aislado, sino que debe enmarcarse en la reconfiguraci\u00f3n de un nuevo orden mundial. El orden internacional liberal surgido de la Segunda Guerra Mundial, que se expande hacia un \u00e1mbito global tras el fin de&hellip;&nbsp;<a href=\"https:\/\/www.casadelectores.com\/index.php\/producto\/garantierte-lieferung-el-orden-mundial-en-transicion-50486\/\" rel=\"bookmark\"><span class=\"screen-reader-text\">Garantierte Lieferung EL ORDEN MUNDIAL EN TRANSICI\u00d3N<\/span><\/a><\/p>\n","protected":false},"featured_media":50573,"template":"","meta":{"neve_meta_sidebar":"","neve_meta_container":"","neve_meta_enable_content_width":"","neve_meta_content_width":0,"neve_meta_title_alignment":"","neve_meta_author_avatar":"","neve_post_elements_order":"","neve_meta_disable_header":"","neve_meta_disable_footer":"","neve_meta_disable_title":"","_themeisle_gutenberg_block_has_review":false},"product_brand":[],"product_cat":[26],"product_tag":[],"class_list":["post-50486","product","type-product","status-publish","has-post-thumbnail","product_cat-publicaciones-de-libros","first","instock","sale","shipping-taxable","purchasable","product-type-simple"],"yoast_head":"<!-- This site is optimized with the Yoast SEO plugin v26.3 - https:\/\/yoast.com\/wordpress\/plugins\/seo\/ -->\n<title>Garantierte Lieferung EL ORDEN MUNDIAL EN TRANSICI\u00d3N - casadelectores<\/title>\n<meta name=\"robots\" content=\"index, follow, max-snippet:-1, max-image-preview:large, max-video-preview:-1\" \/>\n<link rel=\"canonical\" href=\"https:\/\/www.casadelectores.com\/index.php\/producto\/garantierte-lieferung-el-orden-mundial-en-transicion-50486\/\" \/>\n<meta property=\"og:locale\" content=\"es_ES\" \/>\n<meta property=\"og:type\" content=\"article\" \/>\n<meta property=\"og:title\" content=\"Garantierte Lieferung EL ORDEN MUNDIAL EN TRANSICI\u00d3N - casadelectores\" \/>\n<meta property=\"og:description\" content=\"La guerra de Ucrania supone una coyuntura cr\u00edtica en la concepci\u00f3n de la seguridad en Europa. Esto no es un hecho aislado, sino que debe enmarcarse en la reconfiguraci\u00f3n de un nuevo orden mundial. El orden internacional liberal surgido de la Segunda Guerra Mundial, que se expande hacia un \u00e1mbito global tras el fin de&hellip;&nbsp;Garantierte Lieferung EL ORDEN MUNDIAL EN TRANSICI\u00d3N\" \/>\n<meta property=\"og:url\" content=\"https:\/\/www.casadelectores.com\/index.php\/producto\/garantierte-lieferung-el-orden-mundial-en-transicion-50486\/\" \/>\n<meta property=\"og:site_name\" content=\"casadelectores\" \/>\n<meta property=\"og:image\" content=\"https:\/\/www.casadelectores.com\/wp-content\/uploads\/2025\/SK0200101-DE20251119-101116-0-1763518286-978841170021.webp\" \/>\n\t<meta property=\"og:image:width\" content=\"244\" \/>\n\t<meta property=\"og:image:height\" content=\"350\" \/>\n\t<meta property=\"og:image:type\" content=\"image\/webp\" \/>\n<meta name=\"twitter:card\" content=\"summary_large_image\" \/>\n<meta name=\"twitter:label1\" content=\"Tiempo de lectura\" \/>\n\t<meta name=\"twitter:data1\" content=\"1 minuto\" \/>\n<script type=\"application\/ld+json\" class=\"yoast-schema-graph\">{\"@context\":\"https:\/\/schema.org\",\"@graph\":[{\"@type\":\"WebPage\",\"@id\":\"https:\/\/www.casadelectores.com\/index.php\/producto\/garantierte-lieferung-el-orden-mundial-en-transicion-50486\/\",\"url\":\"https:\/\/www.casadelectores.com\/index.php\/producto\/garantierte-lieferung-el-orden-mundial-en-transicion-50486\/\",\"name\":\"Garantierte Lieferung EL ORDEN MUNDIAL EN TRANSICI\u00d3N - casadelectores\",\"isPartOf\":{\"@id\":\"https:\/\/www.casadelectores.com\/#website\"},\"primaryImageOfPage\":{\"@id\":\"https:\/\/www.casadelectores.com\/index.php\/producto\/garantierte-lieferung-el-orden-mundial-en-transicion-50486\/#primaryimage\"},\"image\":{\"@id\":\"https:\/\/www.casadelectores.com\/index.php\/producto\/garantierte-lieferung-el-orden-mundial-en-transicion-50486\/#primaryimage\"},\"thumbnailUrl\":\"https:\/\/www.casadelectores.com\/wp-content\/uploads\/2025\/SK0200101-DE20251119-101116-0-1763518286-978841170021.webp\",\"datePublished\":\"2025-11-25T09:05:51+00:00\",\"breadcrumb\":{\"@id\":\"https:\/\/www.casadelectores.com\/index.php\/producto\/garantierte-lieferung-el-orden-mundial-en-transicion-50486\/#breadcrumb\"},\"inLanguage\":\"es\",\"potentialAction\":[{\"@type\":\"ReadAction\",\"target\":[\"https:\/\/www.casadelectores.com\/index.php\/producto\/garantierte-lieferung-el-orden-mundial-en-transicion-50486\/\"]}]},{\"@type\":\"ImageObject\",\"inLanguage\":\"es\",\"@id\":\"https:\/\/www.casadelectores.com\/index.php\/producto\/garantierte-lieferung-el-orden-mundial-en-transicion-50486\/#primaryimage\",\"url\":\"https:\/\/www.casadelectores.com\/wp-content\/uploads\/2025\/SK0200101-DE20251119-101116-0-1763518286-978841170021.webp\",\"contentUrl\":\"https:\/\/www.casadelectores.com\/wp-content\/uploads\/2025\/SK0200101-DE20251119-101116-0-1763518286-978841170021.webp\",\"width\":244,\"height\":350},{\"@type\":\"BreadcrumbList\",\"@id\":\"https:\/\/www.casadelectores.com\/index.php\/producto\/garantierte-lieferung-el-orden-mundial-en-transicion-50486\/#breadcrumb\",\"itemListElement\":[{\"@type\":\"ListItem\",\"position\":1,\"name\":\"Portada\",\"item\":\"https:\/\/www.casadelectores.com\/\"},{\"@type\":\"ListItem\",\"position\":2,\"name\":\"Shop\",\"item\":\"https:\/\/www.casadelectores.com\/index.php\/shop\/\"},{\"@type\":\"ListItem\",\"position\":3,\"name\":\"Garantierte Lieferung EL ORDEN MUNDIAL EN TRANSICI\u00d3N\"}]},{\"@type\":\"WebSite\",\"@id\":\"https:\/\/www.casadelectores.com\/#website\",\"url\":\"https:\/\/www.casadelectores.com\/\",\"name\":\"Enam\u00f3rate de las compras\",\"description\":\"\",\"publisher\":{\"@id\":\"https:\/\/www.casadelectores.com\/#organization\"},\"potentialAction\":[{\"@type\":\"SearchAction\",\"target\":{\"@type\":\"EntryPoint\",\"urlTemplate\":\"https:\/\/www.casadelectores.com\/?s={search_term_string}\"},\"query-input\":{\"@type\":\"PropertyValueSpecification\",\"valueRequired\":true,\"valueName\":\"search_term_string\"}}],\"inLanguage\":\"es\"},{\"@type\":\"Organization\",\"@id\":\"https:\/\/www.casadelectores.com\/#organization\",\"name\":\"Enam\u00f3rate de las compras\",\"url\":\"https:\/\/www.casadelectores.com\/\",\"logo\":{\"@type\":\"ImageObject\",\"inLanguage\":\"es\",\"@id\":\"https:\/\/www.casadelectores.com\/#\/schema\/logo\/image\/\",\"url\":\"https:\/\/www.casadelectores.com\/wp-content\/uploads\/2020\/10\/shop-icon.png\",\"contentUrl\":\"https:\/\/www.casadelectores.com\/wp-content\/uploads\/2020\/10\/shop-icon.png\",\"width\":512,\"height\":512,\"caption\":\"Enam\u00f3rate de las compras\"},\"image\":{\"@id\":\"https:\/\/www.casadelectores.com\/#\/schema\/logo\/image\/\"}}]}<\/script>\n<!-- \/ Yoast SEO plugin. -->","yoast_head_json":{"title":"Garantierte Lieferung EL ORDEN MUNDIAL EN TRANSICI\u00d3N - casadelectores","robots":{"index":"index","follow":"follow","max-snippet":"max-snippet:-1","max-image-preview":"max-image-preview:large","max-video-preview":"max-video-preview:-1"},"canonical":"https:\/\/www.casadelectores.com\/index.php\/producto\/garantierte-lieferung-el-orden-mundial-en-transicion-50486\/","og_locale":"es_ES","og_type":"article","og_title":"Garantierte Lieferung EL ORDEN MUNDIAL EN TRANSICI\u00d3N - casadelectores","og_description":"La guerra de Ucrania supone una coyuntura cr\u00edtica en la concepci\u00f3n de la seguridad en Europa. Esto no es un hecho aislado, sino que debe enmarcarse en la reconfiguraci\u00f3n de un nuevo orden mundial. El orden internacional liberal surgido de la Segunda Guerra Mundial, que se expande hacia un \u00e1mbito global tras el fin de&hellip;&nbsp;Garantierte Lieferung EL ORDEN MUNDIAL EN TRANSICI\u00d3N","og_url":"https:\/\/www.casadelectores.com\/index.php\/producto\/garantierte-lieferung-el-orden-mundial-en-transicion-50486\/","og_site_name":"casadelectores","og_image":[{"width":244,"height":350,"url":"https:\/\/www.casadelectores.com\/wp-content\/uploads\/2025\/SK0200101-DE20251119-101116-0-1763518286-978841170021.webp","type":"image\/webp"}],"twitter_card":"summary_large_image","twitter_misc":{"Tiempo de lectura":"1 minuto"},"schema":{"@context":"https:\/\/schema.org","@graph":[{"@type":"WebPage","@id":"https:\/\/www.casadelectores.com\/index.php\/producto\/garantierte-lieferung-el-orden-mundial-en-transicion-50486\/","url":"https:\/\/www.casadelectores.com\/index.php\/producto\/garantierte-lieferung-el-orden-mundial-en-transicion-50486\/","name":"Garantierte Lieferung EL ORDEN MUNDIAL EN TRANSICI\u00d3N - casadelectores","isPartOf":{"@id":"https:\/\/www.casadelectores.com\/#website"},"primaryImageOfPage":{"@id":"https:\/\/www.casadelectores.com\/index.php\/producto\/garantierte-lieferung-el-orden-mundial-en-transicion-50486\/#primaryimage"},"image":{"@id":"https:\/\/www.casadelectores.com\/index.php\/producto\/garantierte-lieferung-el-orden-mundial-en-transicion-50486\/#primaryimage"},"thumbnailUrl":"https:\/\/www.casadelectores.com\/wp-content\/uploads\/2025\/SK0200101-DE20251119-101116-0-1763518286-978841170021.webp","datePublished":"2025-11-25T09:05:51+00:00","breadcrumb":{"@id":"https:\/\/www.casadelectores.com\/index.php\/producto\/garantierte-lieferung-el-orden-mundial-en-transicion-50486\/#breadcrumb"},"inLanguage":"es","potentialAction":[{"@type":"ReadAction","target":["https:\/\/www.casadelectores.com\/index.php\/producto\/garantierte-lieferung-el-orden-mundial-en-transicion-50486\/"]}]},{"@type":"ImageObject","inLanguage":"es","@id":"https:\/\/www.casadelectores.com\/index.php\/producto\/garantierte-lieferung-el-orden-mundial-en-transicion-50486\/#primaryimage","url":"https:\/\/www.casadelectores.com\/wp-content\/uploads\/2025\/SK0200101-DE20251119-101116-0-1763518286-978841170021.webp","contentUrl":"https:\/\/www.casadelectores.com\/wp-content\/uploads\/2025\/SK0200101-DE20251119-101116-0-1763518286-978841170021.webp","width":244,"height":350},{"@type":"BreadcrumbList","@id":"https:\/\/www.casadelectores.com\/index.php\/producto\/garantierte-lieferung-el-orden-mundial-en-transicion-50486\/#breadcrumb","itemListElement":[{"@type":"ListItem","position":1,"name":"Portada","item":"https:\/\/www.casadelectores.com\/"},{"@type":"ListItem","position":2,"name":"Shop","item":"https:\/\/www.casadelectores.com\/index.php\/shop\/"},{"@type":"ListItem","position":3,"name":"Garantierte Lieferung EL ORDEN MUNDIAL EN TRANSICI\u00d3N"}]},{"@type":"WebSite","@id":"https:\/\/www.casadelectores.com\/#website","url":"https:\/\/www.casadelectores.com\/","name":"Enam\u00f3rate de las compras","description":"","publisher":{"@id":"https:\/\/www.casadelectores.com\/#organization"},"potentialAction":[{"@type":"SearchAction","target":{"@type":"EntryPoint","urlTemplate":"https:\/\/www.casadelectores.com\/?s={search_term_string}"},"query-input":{"@type":"PropertyValueSpecification","valueRequired":true,"valueName":"search_term_string"}}],"inLanguage":"es"},{"@type":"Organization","@id":"https:\/\/www.casadelectores.com\/#organization","name":"Enam\u00f3rate de las compras","url":"https:\/\/www.casadelectores.com\/","logo":{"@type":"ImageObject","inLanguage":"es","@id":"https:\/\/www.casadelectores.com\/#\/schema\/logo\/image\/","url":"https:\/\/www.casadelectores.com\/wp-content\/uploads\/2020\/10\/shop-icon.png","contentUrl":"https:\/\/www.casadelectores.com\/wp-content\/uploads\/2020\/10\/shop-icon.png","width":512,"height":512,"caption":"Enam\u00f3rate de las compras"},"image":{"@id":"https:\/\/www.casadelectores.com\/#\/schema\/logo\/image\/"}}]}},"_links":{"self":[{"href":"https:\/\/www.casadelectores.com\/index.php\/wp-json\/wp\/v2\/product\/50486","targetHints":{"allow":["GET"]}}],"collection":[{"href":"https:\/\/www.casadelectores.com\/index.php\/wp-json\/wp\/v2\/product"}],"about":[{"href":"https:\/\/www.casadelectores.com\/index.php\/wp-json\/wp\/v2\/types\/product"}],"wp:featuredmedia":[{"embeddable":true,"href":"https:\/\/www.casadelectores.com\/index.php\/wp-json\/wp\/v2\/media\/50573"}],"wp:attachment":[{"href":"https:\/\/www.casadelectores.com\/index.php\/wp-json\/wp\/v2\/media?parent=50486"}],"wp:term":[{"taxonomy":"product_brand","embeddable":true,"href":"https:\/\/www.casadelectores.com\/index.php\/wp-json\/wp\/v2\/product_brand?post=50486"},{"taxonomy":"product_cat","embeddable":true,"href":"https:\/\/www.casadelectores.com\/index.php\/wp-json\/wp\/v2\/product_cat?post=50486"},{"taxonomy":"product_tag","embeddable":true,"href":"https:\/\/www.casadelectores.com\/index.php\/wp-json\/wp\/v2\/product_tag?post=50486"}],"curies":[{"name":"wp","href":"https:\/\/api.w.org\/{rel}","templated":true}]}}

Garantierte Lieferung EL ORDEN MUNDIAL EN TRANSICIÓN

<p>La guerra de Ucrania supone una coyuntura crítica en la concepción de la seguridad en Europa. Esto no es un hecho aislado, sino que debe enmarcarse en la reconfiguración de un nuevo orden mundial. El orden internacional liberal surgido de la Segunda Guerra Mundial, que se expande hacia un ámbito global tras el fin de la Guerra Fría, ha entrado en un proceso de cambio desde hace unos años y la guerra en Europa no hace más que constatar este proceso de transición. En esta obra colectiva diferentes autores nos hacemos una serie de preguntas: ¿Cómo será el orden mundial en los próximos años? ¿Cuáles son los factores de continuidad y cuáles los de cambio? ¿Cuáles son las dinámicas y los actores internacionales que ejercen presión sobre el viejo orden? Este libro ha sido pensado para aquellos lectores que deseen comprender los factores que influyen en los cambios que se están produciendo en la sociedad internacional, más allá de los temas que protagonizan las agendas mediáticas y políticas, y dando protagonismo a otras dinámicas que influyen directamente en la configuración de un orden mundial. A lo largo de las «,</p>

<p>La guerra de Ucrania supone una coyuntura crítica en la concepción de la seguridad en Europa. Esto no es un hecho aislado, sino que debe enmarcarse en la reconfiguración de un nuevo orden mundial. El orden internacional liberal surgido de la Segunda Guerra Mundial, que se expande hacia un ámbito global tras el fin de&hellip;&nbsp;<a href="https://www.casadelectores.com/index.php/producto/garantierte-lieferung-el-orden-mundial-en-transicion-50486/" rel="bookmark"><span class="screen-reader-text">Garantierte Lieferung EL ORDEN MUNDIAL EN TRANSICIÓN</span></a></p>

<!-- This site is optimized with the Yoast SEO plugin v26.3 - https://yoast.com/wordpress/plugins/seo/ -->
<title>Garantierte Lieferung EL ORDEN MUNDIAL EN TRANSICIÓN - casadelectores</title>
<meta name="robots" content="index, follow, max-snippet:-1, max-image-preview:large, max-video-preview:-1" />
<link rel="canonical" href="https://www.casadelectores.com/index.php/producto/garantierte-lieferung-el-orden-mundial-en-transicion-50486/" />
<meta property="og:locale" content="es_ES" />
<meta property="og:type" content="article" />
<meta property="og:title" content="Garantierte Lieferung EL ORDEN MUNDIAL EN TRANSICIÓN - casadelectores" />
<meta property="og:description" content="La guerra de Ucrania supone una coyuntura crítica en la concepción de la seguridad en Europa. Esto no es un hecho aislado, sino que debe enmarcarse en la reconfiguración de un nuevo orden mundial. El orden internacional liberal surgido de la Segunda Guerra Mundial, que se expande hacia un ámbito global tras el fin de&hellip;&nbsp;Garantierte Lieferung EL ORDEN MUNDIAL EN TRANSICIÓN" />
<meta property="og:url" content="https://www.casadelectores.com/index.php/producto/garantierte-lieferung-el-orden-mundial-en-transicion-50486/" />
<meta property="og:site_name" content="casadelectores" />
<meta property="og:image" content="https://www.casadelectores.com/wp-content/uploads/2025/SK0200101-DE20251119-101116-0-1763518286-978841170021.webp" />
	<meta property="og:image:width" content="244" />
	<meta property="og:image:height" content="350" />
	<meta property="og:image:type" content="image/webp" />
<meta name="twitter:card" content="summary_large_image" />
<meta name="twitter:label1" content="Tiempo de lectura" />
	<meta name="twitter:data1" content="1 minuto" />
<script type="application/ld+json" class="yoast-schema-graph">{"@context":"https://schema.org","@graph":[{"@type":"WebPage","@id":"https://www.casadelectores.com/index.php/producto/garantierte-lieferung-el-orden-mundial-en-transicion-50486/","url":"https://www.casadelectores.com/index.php/producto/garantierte-lieferung-el-orden-mundial-en-transicion-50486/","name":"Garantierte Lieferung EL ORDEN MUNDIAL EN TRANSICIÓN - casadelectores","isPartOf":{"@id":"https://www.casadelectores.com/#website"},"primaryImageOfPage":{"@id":"https://www.casadelectores.com/index.php/producto/garantierte-lieferung-el-orden-mundial-en-transicion-50486/#primaryimage"},"image":{"@id":"https://www.casadelectores.com/index.php/producto/garantierte-lieferung-el-orden-mundial-en-transicion-50486/#primaryimage"},"thumbnailUrl":"https://www.casadelectores.com/wp-content/uploads/2025/SK0200101-DE20251119-101116-0-1763518286-978841170021.webp","datePublished":"2025-11-25T09:05:51+00:00","breadcrumb":{"@id":"https://www.casadelectores.com/index.php/producto/garantierte-lieferung-el-orden-mundial-en-transicion-50486/#breadcrumb"},"inLanguage":"es","potentialAction":[{"@type":"ReadAction","target":["https://www.casadelectores.com/index.php/producto/garantierte-lieferung-el-orden-mundial-en-transicion-50486/"]}]},{"@type":"ImageObject","inLanguage":"es","@id":"https://www.casadelectores.com/index.php/producto/garantierte-lieferung-el-orden-mundial-en-transicion-50486/#primaryimage","url":"https://www.casadelectores.com/wp-content/uploads/2025/SK0200101-DE20251119-101116-0-1763518286-978841170021.webp","contentUrl":"https://www.casadelectores.com/wp-content/uploads/2025/SK0200101-DE20251119-101116-0-1763518286-978841170021.webp","width":244,"height":350},{"@type":"BreadcrumbList","@id":"https://www.casadelectores.com/index.php/producto/garantierte-lieferung-el-orden-mundial-en-transicion-50486/#breadcrumb","itemListElement":[{"@type":"ListItem","position":1,"name":"Portada","item":"https://www.casadelectores.com/"},{"@type":"ListItem","position":2,"name":"Shop","item":"https://www.casadelectores.com/index.php/shop/"},{"@type":"ListItem","position":3,"name":"Garantierte Lieferung EL ORDEN MUNDIAL EN TRANSICIÓN"}]},{"@type":"WebSite","@id":"https://www.casadelectores.com/#website","url":"https://www.casadelectores.com/","name":"Enamórate de las compras","description":"","publisher":{"@id":"https://www.casadelectores.com/#organization"},"potentialAction":[{"@type":"SearchAction","target":{"@type":"EntryPoint","urlTemplate":"https://www.casadelectores.com/?s={search_term_string}"},"query-input":{"@type":"PropertyValueSpecification","valueRequired":true,"valueName":"search_term_string"}}],"inLanguage":"es"},{"@type":"Organization","@id":"https://www.casadelectores.com/#organization","name":"Enamórate de las compras","url":"https://www.casadelectores.com/","logo":{"@type":"ImageObject","inLanguage":"es","@id":"https://www.casadelectores.com/#/schema/logo/image/","url":"https://www.casadelectores.com/wp-content/uploads/2020/10/shop-icon.png","contentUrl":"https://www.casadelectores.com/wp-content/uploads/2020/10/shop-icon.png","width":512,"height":512,"caption":"Enamórate de las compras"},"image":{"@id":"https://www.casadelectores.com/#/schema/logo/image/"}}]}</script>
<!-- / Yoast SEO plugin. -->

Garantierte Lieferung EL ORDEN MUNDIAL EN TRANSICIÓN - casadelectores

La guerra de Ucrania supone una coyuntura crítica en la concepción de la seguridad en Europa. Esto no es un hecho aislado, sino que debe enmarcarse en la reconfiguración de un nuevo orden mundial. El orden internacional liberal surgido de la Segunda Guerra Mundial, que se expande hacia un ámbito global tras el fin de&hellip;&nbsp;Garantierte Lieferung EL ORDEN MUNDIAL EN TRANSICIÓN

Enamórate de las compras
