{"id":49440,"date":"2025-11-25T09:05:50","date_gmt":"2025-11-25T09:05:50","guid":{"rendered":""},"modified":"2025-11-25T09:05:50","modified_gmt":"2025-11-25T09:05:50","slug":"exklusiv-africanas-en-africa-y-europa-1850-1996-49440","status":"publish","type":"product","link":"https:\/\/www.casadelectores.com\/index.php\/producto\/exklusiv-africanas-en-africa-y-europa-1850-1996-49440\/","title":{"rendered":"Exklusiv AFRICANAS EN AFRICA Y EUROPA 1850-1996"},"content":{"rendered":"<p>Nada se sabe de las mujeres africanas asentadas en Europa a finales del siglo XIX, ni nadie imagina que pudiera tratarse de mujeres adineradas, poliglotas, elegantemente vestidas y de exquisitos gustos. \u00bfQui\u00e9nes eran estas mujeres que superaron las barreras de raza, sexo y color en el \u00c1frica colonial y en las metr\u00f3polis europeas? \u00bfQu\u00e9 tratamiento recibieron de los europeos? \u00bfQu\u00e9 trato depararon a otros africanos? Aixel\u00e0-Cabr\u00e9 responde a estas cuestiones con una herstory, pues ofrece una etnograf\u00eda hist\u00f3rica en clave decolonial sobre las mujeres kri\u00f3 fernandinas y, especialmente, sobre la figura de Amelia Barleycorn de Vivour. El estudio reconstruye los estrechos v\u00ednculos que se gestaron entre dos poderosas burgues\u00edas desde el \u00faltimo tercio del siglo XIX hasta las postrimer\u00edas del siglo XX: la elite fernandina y la elite catalana. Ambas se unieron por intereses econ\u00f3micos, conectando la Guinea Espa\u00f1ola con Catalu\u00f1a y manteniendo tratos comerciales y un cierto grado de sociabilidad p\u00fablica, tal como atestiguan los testimonios orales, documentales y gr\u00e1ficos de la \u00e9poca. La autora reconstruye su pasado \u00ab,<\/p>\n","protected":false},"excerpt":{"rendered":"<p>Nada se sabe de las mujeres africanas asentadas en Europa a finales del siglo XIX, ni nadie imagina que pudiera tratarse de mujeres adineradas, poliglotas, elegantemente vestidas y de exquisitos gustos. \u00bfQui\u00e9nes eran estas mujeres que superaron las barreras de raza, sexo y color en el \u00c1frica colonial y en las metr\u00f3polis europeas? \u00bfQu\u00e9 tratamiento&hellip;&nbsp;<a href=\"https:\/\/www.casadelectores.com\/index.php\/producto\/exklusiv-africanas-en-africa-y-europa-1850-1996-49440\/\" rel=\"bookmark\"><span class=\"screen-reader-text\">Exklusiv AFRICANAS EN AFRICA Y EUROPA 1850-1996<\/span><\/a><\/p>\n","protected":false},"featured_media":49540,"template":"","meta":{"neve_meta_sidebar":"","neve_meta_container":"","neve_meta_enable_content_width":"","neve_meta_content_width":0,"neve_meta_title_alignment":"","neve_meta_author_avatar":"","neve_post_elements_order":"","neve_meta_disable_header":"","neve_meta_disable_footer":"","neve_meta_disable_title":"","_themeisle_gutenberg_block_has_review":false},"product_brand":[],"product_cat":[26],"product_tag":[],"class_list":["post-49440","product","type-product","status-publish","has-post-thumbnail","product_cat-publicaciones-de-libros","first","instock","sale","shipping-taxable","purchasable","product-type-simple"],"yoast_head":"<!-- This site is optimized with the Yoast SEO plugin v26.3 - https:\/\/yoast.com\/wordpress\/plugins\/seo\/ -->\n<title>Exklusiv AFRICANAS EN AFRICA Y EUROPA 1850-1996 - casadelectores<\/title>\n<meta name=\"robots\" content=\"index, follow, max-snippet:-1, max-image-preview:large, max-video-preview:-1\" \/>\n<link rel=\"canonical\" href=\"https:\/\/www.casadelectores.com\/index.php\/producto\/exklusiv-africanas-en-africa-y-europa-1850-1996-49440\/\" \/>\n<meta property=\"og:locale\" content=\"es_ES\" \/>\n<meta property=\"og:type\" content=\"article\" \/>\n<meta property=\"og:title\" content=\"Exklusiv AFRICANAS EN AFRICA Y EUROPA 1850-1996 - casadelectores\" \/>\n<meta property=\"og:description\" content=\"Nada se sabe de las mujeres africanas asentadas en Europa a finales del siglo XIX, ni nadie imagina que pudiera tratarse de mujeres adineradas, poliglotas, elegantemente vestidas y de exquisitos gustos. \u00bfQui\u00e9nes eran estas mujeres que superaron las barreras de raza, sexo y color en el \u00c1frica colonial y en las metr\u00f3polis europeas? \u00bfQu\u00e9 tratamiento&hellip;&nbsp;Exklusiv AFRICANAS EN AFRICA Y EUROPA 1850-1996\" \/>\n<meta property=\"og:url\" content=\"https:\/\/www.casadelectores.com\/index.php\/producto\/exklusiv-africanas-en-africa-y-europa-1850-1996-49440\/\" \/>\n<meta property=\"og:site_name\" content=\"casadelectores\" \/>\n<meta property=\"og:image\" content=\"https:\/\/www.casadelectores.com\/wp-content\/uploads\/2025\/SK0199554-DE20251119-101116-0-1763518286-978841872350.webp\" \/>\n\t<meta property=\"og:image:width\" content=\"300\" \/>\n\t<meta property=\"og:image:height\" content=\"484\" \/>\n\t<meta property=\"og:image:type\" content=\"image\/webp\" \/>\n<meta name=\"twitter:card\" content=\"summary_large_image\" \/>\n<meta name=\"twitter:label1\" content=\"Tiempo de lectura\" \/>\n\t<meta name=\"twitter:data1\" content=\"1 minuto\" \/>\n<script type=\"application\/ld+json\" class=\"yoast-schema-graph\">{\"@context\":\"https:\/\/schema.org\",\"@graph\":[{\"@type\":\"WebPage\",\"@id\":\"https:\/\/www.casadelectores.com\/index.php\/producto\/exklusiv-africanas-en-africa-y-europa-1850-1996-49440\/\",\"url\":\"https:\/\/www.casadelectores.com\/index.php\/producto\/exklusiv-africanas-en-africa-y-europa-1850-1996-49440\/\",\"name\":\"Exklusiv AFRICANAS EN AFRICA Y EUROPA 1850-1996 - casadelectores\",\"isPartOf\":{\"@id\":\"https:\/\/www.casadelectores.com\/#website\"},\"primaryImageOfPage\":{\"@id\":\"https:\/\/www.casadelectores.com\/index.php\/producto\/exklusiv-africanas-en-africa-y-europa-1850-1996-49440\/#primaryimage\"},\"image\":{\"@id\":\"https:\/\/www.casadelectores.com\/index.php\/producto\/exklusiv-africanas-en-africa-y-europa-1850-1996-49440\/#primaryimage\"},\"thumbnailUrl\":\"https:\/\/www.casadelectores.com\/wp-content\/uploads\/2025\/SK0199554-DE20251119-101116-0-1763518286-978841872350.webp\",\"datePublished\":\"2025-11-25T09:05:50+00:00\",\"breadcrumb\":{\"@id\":\"https:\/\/www.casadelectores.com\/index.php\/producto\/exklusiv-africanas-en-africa-y-europa-1850-1996-49440\/#breadcrumb\"},\"inLanguage\":\"es\",\"potentialAction\":[{\"@type\":\"ReadAction\",\"target\":[\"https:\/\/www.casadelectores.com\/index.php\/producto\/exklusiv-africanas-en-africa-y-europa-1850-1996-49440\/\"]}]},{\"@type\":\"ImageObject\",\"inLanguage\":\"es\",\"@id\":\"https:\/\/www.casadelectores.com\/index.php\/producto\/exklusiv-africanas-en-africa-y-europa-1850-1996-49440\/#primaryimage\",\"url\":\"https:\/\/www.casadelectores.com\/wp-content\/uploads\/2025\/SK0199554-DE20251119-101116-0-1763518286-978841872350.webp\",\"contentUrl\":\"https:\/\/www.casadelectores.com\/wp-content\/uploads\/2025\/SK0199554-DE20251119-101116-0-1763518286-978841872350.webp\",\"width\":300,\"height\":484},{\"@type\":\"BreadcrumbList\",\"@id\":\"https:\/\/www.casadelectores.com\/index.php\/producto\/exklusiv-africanas-en-africa-y-europa-1850-1996-49440\/#breadcrumb\",\"itemListElement\":[{\"@type\":\"ListItem\",\"position\":1,\"name\":\"Portada\",\"item\":\"https:\/\/www.casadelectores.com\/\"},{\"@type\":\"ListItem\",\"position\":2,\"name\":\"Shop\",\"item\":\"https:\/\/www.casadelectores.com\/index.php\/shop\/\"},{\"@type\":\"ListItem\",\"position\":3,\"name\":\"Exklusiv AFRICANAS EN AFRICA Y EUROPA 1850-1996\"}]},{\"@type\":\"WebSite\",\"@id\":\"https:\/\/www.casadelectores.com\/#website\",\"url\":\"https:\/\/www.casadelectores.com\/\",\"name\":\"Enam\u00f3rate de las compras\",\"description\":\"\",\"publisher\":{\"@id\":\"https:\/\/www.casadelectores.com\/#organization\"},\"potentialAction\":[{\"@type\":\"SearchAction\",\"target\":{\"@type\":\"EntryPoint\",\"urlTemplate\":\"https:\/\/www.casadelectores.com\/?s={search_term_string}\"},\"query-input\":{\"@type\":\"PropertyValueSpecification\",\"valueRequired\":true,\"valueName\":\"search_term_string\"}}],\"inLanguage\":\"es\"},{\"@type\":\"Organization\",\"@id\":\"https:\/\/www.casadelectores.com\/#organization\",\"name\":\"Enam\u00f3rate de las compras\",\"url\":\"https:\/\/www.casadelectores.com\/\",\"logo\":{\"@type\":\"ImageObject\",\"inLanguage\":\"es\",\"@id\":\"https:\/\/www.casadelectores.com\/#\/schema\/logo\/image\/\",\"url\":\"https:\/\/www.casadelectores.com\/wp-content\/uploads\/2020\/10\/shop-icon.png\",\"contentUrl\":\"https:\/\/www.casadelectores.com\/wp-content\/uploads\/2020\/10\/shop-icon.png\",\"width\":512,\"height\":512,\"caption\":\"Enam\u00f3rate de las compras\"},\"image\":{\"@id\":\"https:\/\/www.casadelectores.com\/#\/schema\/logo\/image\/\"}}]}<\/script>\n<!-- \/ Yoast SEO plugin. -->","yoast_head_json":{"title":"Exklusiv AFRICANAS EN AFRICA Y EUROPA 1850-1996 - casadelectores","robots":{"index":"index","follow":"follow","max-snippet":"max-snippet:-1","max-image-preview":"max-image-preview:large","max-video-preview":"max-video-preview:-1"},"canonical":"https:\/\/www.casadelectores.com\/index.php\/producto\/exklusiv-africanas-en-africa-y-europa-1850-1996-49440\/","og_locale":"es_ES","og_type":"article","og_title":"Exklusiv AFRICANAS EN AFRICA Y EUROPA 1850-1996 - casadelectores","og_description":"Nada se sabe de las mujeres africanas asentadas en Europa a finales del siglo XIX, ni nadie imagina que pudiera tratarse de mujeres adineradas, poliglotas, elegantemente vestidas y de exquisitos gustos. \u00bfQui\u00e9nes eran estas mujeres que superaron las barreras de raza, sexo y color en el \u00c1frica colonial y en las metr\u00f3polis europeas? \u00bfQu\u00e9 tratamiento&hellip;&nbsp;Exklusiv AFRICANAS EN AFRICA Y EUROPA 1850-1996","og_url":"https:\/\/www.casadelectores.com\/index.php\/producto\/exklusiv-africanas-en-africa-y-europa-1850-1996-49440\/","og_site_name":"casadelectores","og_image":[{"width":300,"height":484,"url":"https:\/\/www.casadelectores.com\/wp-content\/uploads\/2025\/SK0199554-DE20251119-101116-0-1763518286-978841872350.webp","type":"image\/webp"}],"twitter_card":"summary_large_image","twitter_misc":{"Tiempo de lectura":"1 minuto"},"schema":{"@context":"https:\/\/schema.org","@graph":[{"@type":"WebPage","@id":"https:\/\/www.casadelectores.com\/index.php\/producto\/exklusiv-africanas-en-africa-y-europa-1850-1996-49440\/","url":"https:\/\/www.casadelectores.com\/index.php\/producto\/exklusiv-africanas-en-africa-y-europa-1850-1996-49440\/","name":"Exklusiv AFRICANAS EN AFRICA Y EUROPA 1850-1996 - casadelectores","isPartOf":{"@id":"https:\/\/www.casadelectores.com\/#website"},"primaryImageOfPage":{"@id":"https:\/\/www.casadelectores.com\/index.php\/producto\/exklusiv-africanas-en-africa-y-europa-1850-1996-49440\/#primaryimage"},"image":{"@id":"https:\/\/www.casadelectores.com\/index.php\/producto\/exklusiv-africanas-en-africa-y-europa-1850-1996-49440\/#primaryimage"},"thumbnailUrl":"https:\/\/www.casadelectores.com\/wp-content\/uploads\/2025\/SK0199554-DE20251119-101116-0-1763518286-978841872350.webp","datePublished":"2025-11-25T09:05:50+00:00","breadcrumb":{"@id":"https:\/\/www.casadelectores.com\/index.php\/producto\/exklusiv-africanas-en-africa-y-europa-1850-1996-49440\/#breadcrumb"},"inLanguage":"es","potentialAction":[{"@type":"ReadAction","target":["https:\/\/www.casadelectores.com\/index.php\/producto\/exklusiv-africanas-en-africa-y-europa-1850-1996-49440\/"]}]},{"@type":"ImageObject","inLanguage":"es","@id":"https:\/\/www.casadelectores.com\/index.php\/producto\/exklusiv-africanas-en-africa-y-europa-1850-1996-49440\/#primaryimage","url":"https:\/\/www.casadelectores.com\/wp-content\/uploads\/2025\/SK0199554-DE20251119-101116-0-1763518286-978841872350.webp","contentUrl":"https:\/\/www.casadelectores.com\/wp-content\/uploads\/2025\/SK0199554-DE20251119-101116-0-1763518286-978841872350.webp","width":300,"height":484},{"@type":"BreadcrumbList","@id":"https:\/\/www.casadelectores.com\/index.php\/producto\/exklusiv-africanas-en-africa-y-europa-1850-1996-49440\/#breadcrumb","itemListElement":[{"@type":"ListItem","position":1,"name":"Portada","item":"https:\/\/www.casadelectores.com\/"},{"@type":"ListItem","position":2,"name":"Shop","item":"https:\/\/www.casadelectores.com\/index.php\/shop\/"},{"@type":"ListItem","position":3,"name":"Exklusiv AFRICANAS EN AFRICA Y EUROPA 1850-1996"}]},{"@type":"WebSite","@id":"https:\/\/www.casadelectores.com\/#website","url":"https:\/\/www.casadelectores.com\/","name":"Enam\u00f3rate de las compras","description":"","publisher":{"@id":"https:\/\/www.casadelectores.com\/#organization"},"potentialAction":[{"@type":"SearchAction","target":{"@type":"EntryPoint","urlTemplate":"https:\/\/www.casadelectores.com\/?s={search_term_string}"},"query-input":{"@type":"PropertyValueSpecification","valueRequired":true,"valueName":"search_term_string"}}],"inLanguage":"es"},{"@type":"Organization","@id":"https:\/\/www.casadelectores.com\/#organization","name":"Enam\u00f3rate de las compras","url":"https:\/\/www.casadelectores.com\/","logo":{"@type":"ImageObject","inLanguage":"es","@id":"https:\/\/www.casadelectores.com\/#\/schema\/logo\/image\/","url":"https:\/\/www.casadelectores.com\/wp-content\/uploads\/2020\/10\/shop-icon.png","contentUrl":"https:\/\/www.casadelectores.com\/wp-content\/uploads\/2020\/10\/shop-icon.png","width":512,"height":512,"caption":"Enam\u00f3rate de las compras"},"image":{"@id":"https:\/\/www.casadelectores.com\/#\/schema\/logo\/image\/"}}]}},"_links":{"self":[{"href":"https:\/\/www.casadelectores.com\/index.php\/wp-json\/wp\/v2\/product\/49440","targetHints":{"allow":["GET"]}}],"collection":[{"href":"https:\/\/www.casadelectores.com\/index.php\/wp-json\/wp\/v2\/product"}],"about":[{"href":"https:\/\/www.casadelectores.com\/index.php\/wp-json\/wp\/v2\/types\/product"}],"wp:featuredmedia":[{"embeddable":true,"href":"https:\/\/www.casadelectores.com\/index.php\/wp-json\/wp\/v2\/media\/49540"}],"wp:attachment":[{"href":"https:\/\/www.casadelectores.com\/index.php\/wp-json\/wp\/v2\/media?parent=49440"}],"wp:term":[{"taxonomy":"product_brand","embeddable":true,"href":"https:\/\/www.casadelectores.com\/index.php\/wp-json\/wp\/v2\/product_brand?post=49440"},{"taxonomy":"product_cat","embeddable":true,"href":"https:\/\/www.casadelectores.com\/index.php\/wp-json\/wp\/v2\/product_cat?post=49440"},{"taxonomy":"product_tag","embeddable":true,"href":"https:\/\/www.casadelectores.com\/index.php\/wp-json\/wp\/v2\/product_tag?post=49440"}],"curies":[{"name":"wp","href":"https:\/\/api.w.org\/{rel}","templated":true}]}}

<p>Nada se sabe de las mujeres africanas asentadas en Europa a finales del siglo XIX, ni nadie imagina que pudiera tratarse de mujeres adineradas, poliglotas, elegantemente vestidas y de exquisitos gustos. ¿Quiénes eran estas mujeres que superaron las barreras de raza, sexo y color en el África colonial y en las metrópolis europeas? ¿Qué tratamiento recibieron de los europeos? ¿Qué trato depararon a otros africanos? Aixelà-Cabré responde a estas cuestiones con una herstory, pues ofrece una etnografía histórica en clave decolonial sobre las mujeres krió fernandinas y, especialmente, sobre la figura de Amelia Barleycorn de Vivour. El estudio reconstruye los estrechos vínculos que se gestaron entre dos poderosas burguesías desde el último tercio del siglo XIX hasta las postrimerías del siglo XX: la elite fernandina y la elite catalana. Ambas se unieron por intereses económicos, conectando la Guinea Española con Cataluña y manteniendo tratos comerciales y un cierto grado de sociabilidad pública, tal como atestiguan los testimonios orales, documentales y gráficos de la época. La autora reconstruye su pasado «,</p>

<p>Nada se sabe de las mujeres africanas asentadas en Europa a finales del siglo XIX, ni nadie imagina que pudiera tratarse de mujeres adineradas, poliglotas, elegantemente vestidas y de exquisitos gustos. ¿Quiénes eran estas mujeres que superaron las barreras de raza, sexo y color en el África colonial y en las metrópolis europeas? ¿Qué tratamiento&hellip;&nbsp;<a href="https://www.casadelectores.com/index.php/producto/exklusiv-africanas-en-africa-y-europa-1850-1996-49440/" rel="bookmark"><span class="screen-reader-text">Exklusiv AFRICANAS EN AFRICA Y EUROPA 1850-1996</span></a></p>

<!-- This site is optimized with the Yoast SEO plugin v26.3 - https://yoast.com/wordpress/plugins/seo/ -->
<title>Exklusiv AFRICANAS EN AFRICA Y EUROPA 1850-1996 - casadelectores</title>
<meta name="robots" content="index, follow, max-snippet:-1, max-image-preview:large, max-video-preview:-1" />
<link rel="canonical" href="https://www.casadelectores.com/index.php/producto/exklusiv-africanas-en-africa-y-europa-1850-1996-49440/" />
<meta property="og:locale" content="es_ES" />
<meta property="og:type" content="article" />
<meta property="og:title" content="Exklusiv AFRICANAS EN AFRICA Y EUROPA 1850-1996 - casadelectores" />
<meta property="og:description" content="Nada se sabe de las mujeres africanas asentadas en Europa a finales del siglo XIX, ni nadie imagina que pudiera tratarse de mujeres adineradas, poliglotas, elegantemente vestidas y de exquisitos gustos. ¿Quiénes eran estas mujeres que superaron las barreras de raza, sexo y color en el África colonial y en las metrópolis europeas? ¿Qué tratamiento&hellip;&nbsp;Exklusiv AFRICANAS EN AFRICA Y EUROPA 1850-1996" />
<meta property="og:url" content="https://www.casadelectores.com/index.php/producto/exklusiv-africanas-en-africa-y-europa-1850-1996-49440/" />
<meta property="og:site_name" content="casadelectores" />
<meta property="og:image" content="https://www.casadelectores.com/wp-content/uploads/2025/SK0199554-DE20251119-101116-0-1763518286-978841872350.webp" />
	<meta property="og:image:width" content="300" />
	<meta property="og:image:height" content="484" />
	<meta property="og:image:type" content="image/webp" />
<meta name="twitter:card" content="summary_large_image" />
<meta name="twitter:label1" content="Tiempo de lectura" />
	<meta name="twitter:data1" content="1 minuto" />
<script type="application/ld+json" class="yoast-schema-graph">{"@context":"https://schema.org","@graph":[{"@type":"WebPage","@id":"https://www.casadelectores.com/index.php/producto/exklusiv-africanas-en-africa-y-europa-1850-1996-49440/","url":"https://www.casadelectores.com/index.php/producto/exklusiv-africanas-en-africa-y-europa-1850-1996-49440/","name":"Exklusiv AFRICANAS EN AFRICA Y EUROPA 1850-1996 - casadelectores","isPartOf":{"@id":"https://www.casadelectores.com/#website"},"primaryImageOfPage":{"@id":"https://www.casadelectores.com/index.php/producto/exklusiv-africanas-en-africa-y-europa-1850-1996-49440/#primaryimage"},"image":{"@id":"https://www.casadelectores.com/index.php/producto/exklusiv-africanas-en-africa-y-europa-1850-1996-49440/#primaryimage"},"thumbnailUrl":"https://www.casadelectores.com/wp-content/uploads/2025/SK0199554-DE20251119-101116-0-1763518286-978841872350.webp","datePublished":"2025-11-25T09:05:50+00:00","breadcrumb":{"@id":"https://www.casadelectores.com/index.php/producto/exklusiv-africanas-en-africa-y-europa-1850-1996-49440/#breadcrumb"},"inLanguage":"es","potentialAction":[{"@type":"ReadAction","target":["https://www.casadelectores.com/index.php/producto/exklusiv-africanas-en-africa-y-europa-1850-1996-49440/"]}]},{"@type":"ImageObject","inLanguage":"es","@id":"https://www.casadelectores.com/index.php/producto/exklusiv-africanas-en-africa-y-europa-1850-1996-49440/#primaryimage","url":"https://www.casadelectores.com/wp-content/uploads/2025/SK0199554-DE20251119-101116-0-1763518286-978841872350.webp","contentUrl":"https://www.casadelectores.com/wp-content/uploads/2025/SK0199554-DE20251119-101116-0-1763518286-978841872350.webp","width":300,"height":484},{"@type":"BreadcrumbList","@id":"https://www.casadelectores.com/index.php/producto/exklusiv-africanas-en-africa-y-europa-1850-1996-49440/#breadcrumb","itemListElement":[{"@type":"ListItem","position":1,"name":"Portada","item":"https://www.casadelectores.com/"},{"@type":"ListItem","position":2,"name":"Shop","item":"https://www.casadelectores.com/index.php/shop/"},{"@type":"ListItem","position":3,"name":"Exklusiv AFRICANAS EN AFRICA Y EUROPA 1850-1996"}]},{"@type":"WebSite","@id":"https://www.casadelectores.com/#website","url":"https://www.casadelectores.com/","name":"Enamórate de las compras","description":"","publisher":{"@id":"https://www.casadelectores.com/#organization"},"potentialAction":[{"@type":"SearchAction","target":{"@type":"EntryPoint","urlTemplate":"https://www.casadelectores.com/?s={search_term_string}"},"query-input":{"@type":"PropertyValueSpecification","valueRequired":true,"valueName":"search_term_string"}}],"inLanguage":"es"},{"@type":"Organization","@id":"https://www.casadelectores.com/#organization","name":"Enamórate de las compras","url":"https://www.casadelectores.com/","logo":{"@type":"ImageObject","inLanguage":"es","@id":"https://www.casadelectores.com/#/schema/logo/image/","url":"https://www.casadelectores.com/wp-content/uploads/2020/10/shop-icon.png","contentUrl":"https://www.casadelectores.com/wp-content/uploads/2020/10/shop-icon.png","width":512,"height":512,"caption":"Enamórate de las compras"},"image":{"@id":"https://www.casadelectores.com/#/schema/logo/image/"}}]}</script>
<!-- / Yoast SEO plugin. -->

Nada se sabe de las mujeres africanas asentadas en Europa a finales del siglo XIX, ni nadie imagina que pudiera tratarse de mujeres adineradas, poliglotas, elegantemente vestidas y de exquisitos gustos. ¿Quiénes eran estas mujeres que superaron las barreras de raza, sexo y color en el África colonial y en las metrópolis europeas? ¿Qué tratamiento&hellip;&nbsp;Exklusiv AFRICANAS EN AFRICA Y EUROPA 1850-1996

Enamórate de las compras
