{"id":49427,"date":"2025-11-25T09:05:50","date_gmt":"2025-11-25T09:05:50","guid":{"rendered":""},"modified":"2025-11-25T09:05:50","modified_gmt":"2025-11-25T09:05:50","slug":"exklusiv-cuore-nero-49427","status":"publish","type":"product","link":"https:\/\/www.casadelectores.com\/index.php\/producto\/exklusiv-cuore-nero-49427\/","title":{"rendered":"Exklusiv CUORE NERO"},"content":{"rendered":"<p>La segunda parte de la bilog\u00eda Cuore, de una de las autoras m\u00e1s exitosas de la autoedici\u00f3n Marco ha cambiado. Aunque todav\u00eda le intimida todo lo que est\u00e1 sintiendo, ya no teme explorar sus emociones. Se lo debe a Regina y tambi\u00e9n a Gennaro, ese esclavo que nunca abandona sus pensamientos. Y ahora que sus vidas est\u00e1n en peligro har\u00e1 cualquier cosa para protegerlos. Incluso enfrentarse a su propia familia antes de que esta termine por arrasar con todo, incluido \u00e9l mismo. Por eso se ve obligado a llegar a un pacto con Jimmy Canetti, el mercenario que tanto esconde bajo esa mirada felina y que tan atra\u00eddo se siente por su esposa. A Regina, en cambio, no le gusta la idea de compartir espacio con ese hombre, puesto que despierta en ella un deseo demasiado visceral, una atracci\u00f3n que no para de crecer. Teme caer en sus redes tanto como teme las decisiones de la Camorra. Pero, del mismo modo que no puede huir de la mafia, tampoco podr\u00e1 hacerlo de su propio coraz\u00f3n. \u00ab,<\/p>\n","protected":false},"excerpt":{"rendered":"<p>La segunda parte de la bilog\u00eda Cuore, de una de las autoras m\u00e1s exitosas de la autoedici\u00f3n Marco ha cambiado. Aunque todav\u00eda le intimida todo lo que est\u00e1 sintiendo, ya no teme explorar sus emociones. Se lo debe a Regina y tambi\u00e9n a Gennaro, ese esclavo que nunca abandona sus pensamientos. Y ahora que sus&hellip;&nbsp;<a href=\"https:\/\/www.casadelectores.com\/index.php\/producto\/exklusiv-cuore-nero-49427\/\" rel=\"bookmark\"><span class=\"screen-reader-text\">Exklusiv CUORE NERO<\/span><\/a><\/p>\n","protected":false},"featured_media":49527,"template":"","meta":{"neve_meta_sidebar":"","neve_meta_container":"","neve_meta_enable_content_width":"","neve_meta_content_width":0,"neve_meta_title_alignment":"","neve_meta_author_avatar":"","neve_post_elements_order":"","neve_meta_disable_header":"","neve_meta_disable_footer":"","neve_meta_disable_title":"","_themeisle_gutenberg_block_has_review":false},"product_brand":[],"product_cat":[26],"product_tag":[],"class_list":["post-49427","product","type-product","status-publish","has-post-thumbnail","product_cat-publicaciones-de-libros","first","instock","sale","shipping-taxable","purchasable","product-type-simple"],"yoast_head":"<!-- This site is optimized with the Yoast SEO plugin v26.3 - https:\/\/yoast.com\/wordpress\/plugins\/seo\/ -->\n<title>Exklusiv CUORE NERO - casadelectores<\/title>\n<meta name=\"robots\" content=\"index, follow, max-snippet:-1, max-image-preview:large, max-video-preview:-1\" \/>\n<link rel=\"canonical\" href=\"https:\/\/www.casadelectores.com\/index.php\/producto\/exklusiv-cuore-nero-49427\/\" \/>\n<meta property=\"og:locale\" content=\"es_ES\" \/>\n<meta property=\"og:type\" content=\"article\" \/>\n<meta property=\"og:title\" content=\"Exklusiv CUORE NERO - casadelectores\" \/>\n<meta property=\"og:description\" content=\"La segunda parte de la bilog\u00eda Cuore, de una de las autoras m\u00e1s exitosas de la autoedici\u00f3n Marco ha cambiado. Aunque todav\u00eda le intimida todo lo que est\u00e1 sintiendo, ya no teme explorar sus emociones. Se lo debe a Regina y tambi\u00e9n a Gennaro, ese esclavo que nunca abandona sus pensamientos. Y ahora que sus&hellip;&nbsp;Exklusiv CUORE NERO\" \/>\n<meta property=\"og:url\" content=\"https:\/\/www.casadelectores.com\/index.php\/producto\/exklusiv-cuore-nero-49427\/\" \/>\n<meta property=\"og:site_name\" content=\"casadelectores\" \/>\n<meta property=\"og:image\" content=\"https:\/\/www.casadelectores.com\/wp-content\/uploads\/2025\/SK0199541-DE20251119-101116-0-1763518286-978842536473.webp\" \/>\n\t<meta property=\"og:image:width\" content=\"300\" \/>\n\t<meta property=\"og:image:height\" content=\"455\" \/>\n\t<meta property=\"og:image:type\" content=\"image\/webp\" \/>\n<meta name=\"twitter:card\" content=\"summary_large_image\" \/>\n<meta name=\"twitter:label1\" content=\"Tiempo de lectura\" \/>\n\t<meta name=\"twitter:data1\" content=\"1 minuto\" \/>\n<script type=\"application\/ld+json\" class=\"yoast-schema-graph\">{\"@context\":\"https:\/\/schema.org\",\"@graph\":[{\"@type\":\"WebPage\",\"@id\":\"https:\/\/www.casadelectores.com\/index.php\/producto\/exklusiv-cuore-nero-49427\/\",\"url\":\"https:\/\/www.casadelectores.com\/index.php\/producto\/exklusiv-cuore-nero-49427\/\",\"name\":\"Exklusiv CUORE NERO - casadelectores\",\"isPartOf\":{\"@id\":\"https:\/\/www.casadelectores.com\/#website\"},\"primaryImageOfPage\":{\"@id\":\"https:\/\/www.casadelectores.com\/index.php\/producto\/exklusiv-cuore-nero-49427\/#primaryimage\"},\"image\":{\"@id\":\"https:\/\/www.casadelectores.com\/index.php\/producto\/exklusiv-cuore-nero-49427\/#primaryimage\"},\"thumbnailUrl\":\"https:\/\/www.casadelectores.com\/wp-content\/uploads\/2025\/SK0199541-DE20251119-101116-0-1763518286-978842536473.webp\",\"datePublished\":\"2025-11-25T09:05:50+00:00\",\"breadcrumb\":{\"@id\":\"https:\/\/www.casadelectores.com\/index.php\/producto\/exklusiv-cuore-nero-49427\/#breadcrumb\"},\"inLanguage\":\"es\",\"potentialAction\":[{\"@type\":\"ReadAction\",\"target\":[\"https:\/\/www.casadelectores.com\/index.php\/producto\/exklusiv-cuore-nero-49427\/\"]}]},{\"@type\":\"ImageObject\",\"inLanguage\":\"es\",\"@id\":\"https:\/\/www.casadelectores.com\/index.php\/producto\/exklusiv-cuore-nero-49427\/#primaryimage\",\"url\":\"https:\/\/www.casadelectores.com\/wp-content\/uploads\/2025\/SK0199541-DE20251119-101116-0-1763518286-978842536473.webp\",\"contentUrl\":\"https:\/\/www.casadelectores.com\/wp-content\/uploads\/2025\/SK0199541-DE20251119-101116-0-1763518286-978842536473.webp\",\"width\":300,\"height\":455},{\"@type\":\"BreadcrumbList\",\"@id\":\"https:\/\/www.casadelectores.com\/index.php\/producto\/exklusiv-cuore-nero-49427\/#breadcrumb\",\"itemListElement\":[{\"@type\":\"ListItem\",\"position\":1,\"name\":\"Portada\",\"item\":\"https:\/\/www.casadelectores.com\/\"},{\"@type\":\"ListItem\",\"position\":2,\"name\":\"Shop\",\"item\":\"https:\/\/www.casadelectores.com\/index.php\/shop\/\"},{\"@type\":\"ListItem\",\"position\":3,\"name\":\"Exklusiv CUORE NERO\"}]},{\"@type\":\"WebSite\",\"@id\":\"https:\/\/www.casadelectores.com\/#website\",\"url\":\"https:\/\/www.casadelectores.com\/\",\"name\":\"Enam\u00f3rate de las compras\",\"description\":\"\",\"publisher\":{\"@id\":\"https:\/\/www.casadelectores.com\/#organization\"},\"potentialAction\":[{\"@type\":\"SearchAction\",\"target\":{\"@type\":\"EntryPoint\",\"urlTemplate\":\"https:\/\/www.casadelectores.com\/?s={search_term_string}\"},\"query-input\":{\"@type\":\"PropertyValueSpecification\",\"valueRequired\":true,\"valueName\":\"search_term_string\"}}],\"inLanguage\":\"es\"},{\"@type\":\"Organization\",\"@id\":\"https:\/\/www.casadelectores.com\/#organization\",\"name\":\"Enam\u00f3rate de las compras\",\"url\":\"https:\/\/www.casadelectores.com\/\",\"logo\":{\"@type\":\"ImageObject\",\"inLanguage\":\"es\",\"@id\":\"https:\/\/www.casadelectores.com\/#\/schema\/logo\/image\/\",\"url\":\"https:\/\/www.casadelectores.com\/wp-content\/uploads\/2020\/10\/shop-icon.png\",\"contentUrl\":\"https:\/\/www.casadelectores.com\/wp-content\/uploads\/2020\/10\/shop-icon.png\",\"width\":512,\"height\":512,\"caption\":\"Enam\u00f3rate de las compras\"},\"image\":{\"@id\":\"https:\/\/www.casadelectores.com\/#\/schema\/logo\/image\/\"}}]}<\/script>\n<!-- \/ Yoast SEO plugin. -->","yoast_head_json":{"title":"Exklusiv CUORE NERO - casadelectores","robots":{"index":"index","follow":"follow","max-snippet":"max-snippet:-1","max-image-preview":"max-image-preview:large","max-video-preview":"max-video-preview:-1"},"canonical":"https:\/\/www.casadelectores.com\/index.php\/producto\/exklusiv-cuore-nero-49427\/","og_locale":"es_ES","og_type":"article","og_title":"Exklusiv CUORE NERO - casadelectores","og_description":"La segunda parte de la bilog\u00eda Cuore, de una de las autoras m\u00e1s exitosas de la autoedici\u00f3n Marco ha cambiado. Aunque todav\u00eda le intimida todo lo que est\u00e1 sintiendo, ya no teme explorar sus emociones. Se lo debe a Regina y tambi\u00e9n a Gennaro, ese esclavo que nunca abandona sus pensamientos. Y ahora que sus&hellip;&nbsp;Exklusiv CUORE NERO","og_url":"https:\/\/www.casadelectores.com\/index.php\/producto\/exklusiv-cuore-nero-49427\/","og_site_name":"casadelectores","og_image":[{"width":300,"height":455,"url":"https:\/\/www.casadelectores.com\/wp-content\/uploads\/2025\/SK0199541-DE20251119-101116-0-1763518286-978842536473.webp","type":"image\/webp"}],"twitter_card":"summary_large_image","twitter_misc":{"Tiempo de lectura":"1 minuto"},"schema":{"@context":"https:\/\/schema.org","@graph":[{"@type":"WebPage","@id":"https:\/\/www.casadelectores.com\/index.php\/producto\/exklusiv-cuore-nero-49427\/","url":"https:\/\/www.casadelectores.com\/index.php\/producto\/exklusiv-cuore-nero-49427\/","name":"Exklusiv CUORE NERO - casadelectores","isPartOf":{"@id":"https:\/\/www.casadelectores.com\/#website"},"primaryImageOfPage":{"@id":"https:\/\/www.casadelectores.com\/index.php\/producto\/exklusiv-cuore-nero-49427\/#primaryimage"},"image":{"@id":"https:\/\/www.casadelectores.com\/index.php\/producto\/exklusiv-cuore-nero-49427\/#primaryimage"},"thumbnailUrl":"https:\/\/www.casadelectores.com\/wp-content\/uploads\/2025\/SK0199541-DE20251119-101116-0-1763518286-978842536473.webp","datePublished":"2025-11-25T09:05:50+00:00","breadcrumb":{"@id":"https:\/\/www.casadelectores.com\/index.php\/producto\/exklusiv-cuore-nero-49427\/#breadcrumb"},"inLanguage":"es","potentialAction":[{"@type":"ReadAction","target":["https:\/\/www.casadelectores.com\/index.php\/producto\/exklusiv-cuore-nero-49427\/"]}]},{"@type":"ImageObject","inLanguage":"es","@id":"https:\/\/www.casadelectores.com\/index.php\/producto\/exklusiv-cuore-nero-49427\/#primaryimage","url":"https:\/\/www.casadelectores.com\/wp-content\/uploads\/2025\/SK0199541-DE20251119-101116-0-1763518286-978842536473.webp","contentUrl":"https:\/\/www.casadelectores.com\/wp-content\/uploads\/2025\/SK0199541-DE20251119-101116-0-1763518286-978842536473.webp","width":300,"height":455},{"@type":"BreadcrumbList","@id":"https:\/\/www.casadelectores.com\/index.php\/producto\/exklusiv-cuore-nero-49427\/#breadcrumb","itemListElement":[{"@type":"ListItem","position":1,"name":"Portada","item":"https:\/\/www.casadelectores.com\/"},{"@type":"ListItem","position":2,"name":"Shop","item":"https:\/\/www.casadelectores.com\/index.php\/shop\/"},{"@type":"ListItem","position":3,"name":"Exklusiv CUORE NERO"}]},{"@type":"WebSite","@id":"https:\/\/www.casadelectores.com\/#website","url":"https:\/\/www.casadelectores.com\/","name":"Enam\u00f3rate de las compras","description":"","publisher":{"@id":"https:\/\/www.casadelectores.com\/#organization"},"potentialAction":[{"@type":"SearchAction","target":{"@type":"EntryPoint","urlTemplate":"https:\/\/www.casadelectores.com\/?s={search_term_string}"},"query-input":{"@type":"PropertyValueSpecification","valueRequired":true,"valueName":"search_term_string"}}],"inLanguage":"es"},{"@type":"Organization","@id":"https:\/\/www.casadelectores.com\/#organization","name":"Enam\u00f3rate de las compras","url":"https:\/\/www.casadelectores.com\/","logo":{"@type":"ImageObject","inLanguage":"es","@id":"https:\/\/www.casadelectores.com\/#\/schema\/logo\/image\/","url":"https:\/\/www.casadelectores.com\/wp-content\/uploads\/2020\/10\/shop-icon.png","contentUrl":"https:\/\/www.casadelectores.com\/wp-content\/uploads\/2020\/10\/shop-icon.png","width":512,"height":512,"caption":"Enam\u00f3rate de las compras"},"image":{"@id":"https:\/\/www.casadelectores.com\/#\/schema\/logo\/image\/"}}]}},"_links":{"self":[{"href":"https:\/\/www.casadelectores.com\/index.php\/wp-json\/wp\/v2\/product\/49427","targetHints":{"allow":["GET"]}}],"collection":[{"href":"https:\/\/www.casadelectores.com\/index.php\/wp-json\/wp\/v2\/product"}],"about":[{"href":"https:\/\/www.casadelectores.com\/index.php\/wp-json\/wp\/v2\/types\/product"}],"wp:featuredmedia":[{"embeddable":true,"href":"https:\/\/www.casadelectores.com\/index.php\/wp-json\/wp\/v2\/media\/49527"}],"wp:attachment":[{"href":"https:\/\/www.casadelectores.com\/index.php\/wp-json\/wp\/v2\/media?parent=49427"}],"wp:term":[{"taxonomy":"product_brand","embeddable":true,"href":"https:\/\/www.casadelectores.com\/index.php\/wp-json\/wp\/v2\/product_brand?post=49427"},{"taxonomy":"product_cat","embeddable":true,"href":"https:\/\/www.casadelectores.com\/index.php\/wp-json\/wp\/v2\/product_cat?post=49427"},{"taxonomy":"product_tag","embeddable":true,"href":"https:\/\/www.casadelectores.com\/index.php\/wp-json\/wp\/v2\/product_tag?post=49427"}],"curies":[{"name":"wp","href":"https:\/\/api.w.org\/{rel}","templated":true}]}}

<p>La segunda parte de la bilogía Cuore, de una de las autoras más exitosas de la autoedición Marco ha cambiado. Aunque todavía le intimida todo lo que está sintiendo, ya no teme explorar sus emociones. Se lo debe a Regina y también a Gennaro, ese esclavo que nunca abandona sus pensamientos. Y ahora que sus vidas están en peligro hará cualquier cosa para protegerlos. Incluso enfrentarse a su propia familia antes de que esta termine por arrasar con todo, incluido él mismo. Por eso se ve obligado a llegar a un pacto con Jimmy Canetti, el mercenario que tanto esconde bajo esa mirada felina y que tan atraído se siente por su esposa. A Regina, en cambio, no le gusta la idea de compartir espacio con ese hombre, puesto que despierta en ella un deseo demasiado visceral, una atracción que no para de crecer. Teme caer en sus redes tanto como teme las decisiones de la Camorra. Pero, del mismo modo que no puede huir de la mafia, tampoco podrá hacerlo de su propio corazón. «,</p>

<p>La segunda parte de la bilogía Cuore, de una de las autoras más exitosas de la autoedición Marco ha cambiado. Aunque todavía le intimida todo lo que está sintiendo, ya no teme explorar sus emociones. Se lo debe a Regina y también a Gennaro, ese esclavo que nunca abandona sus pensamientos. Y ahora que sus&hellip;&nbsp;<a href="https://www.casadelectores.com/index.php/producto/exklusiv-cuore-nero-49427/" rel="bookmark"><span class="screen-reader-text">Exklusiv CUORE NERO</span></a></p>

<!-- This site is optimized with the Yoast SEO plugin v26.3 - https://yoast.com/wordpress/plugins/seo/ -->
<title>Exklusiv CUORE NERO - casadelectores</title>
<meta name="robots" content="index, follow, max-snippet:-1, max-image-preview:large, max-video-preview:-1" />
<link rel="canonical" href="https://www.casadelectores.com/index.php/producto/exklusiv-cuore-nero-49427/" />
<meta property="og:locale" content="es_ES" />
<meta property="og:type" content="article" />
<meta property="og:title" content="Exklusiv CUORE NERO - casadelectores" />
<meta property="og:description" content="La segunda parte de la bilogía Cuore, de una de las autoras más exitosas de la autoedición Marco ha cambiado. Aunque todavía le intimida todo lo que está sintiendo, ya no teme explorar sus emociones. Se lo debe a Regina y también a Gennaro, ese esclavo que nunca abandona sus pensamientos. Y ahora que sus&hellip;&nbsp;Exklusiv CUORE NERO" />
<meta property="og:url" content="https://www.casadelectores.com/index.php/producto/exklusiv-cuore-nero-49427/" />
<meta property="og:site_name" content="casadelectores" />
<meta property="og:image" content="https://www.casadelectores.com/wp-content/uploads/2025/SK0199541-DE20251119-101116-0-1763518286-978842536473.webp" />
	<meta property="og:image:width" content="300" />
	<meta property="og:image:height" content="455" />
	<meta property="og:image:type" content="image/webp" />
<meta name="twitter:card" content="summary_large_image" />
<meta name="twitter:label1" content="Tiempo de lectura" />
	<meta name="twitter:data1" content="1 minuto" />
<script type="application/ld+json" class="yoast-schema-graph">{"@context":"https://schema.org","@graph":[{"@type":"WebPage","@id":"https://www.casadelectores.com/index.php/producto/exklusiv-cuore-nero-49427/","url":"https://www.casadelectores.com/index.php/producto/exklusiv-cuore-nero-49427/","name":"Exklusiv CUORE NERO - casadelectores","isPartOf":{"@id":"https://www.casadelectores.com/#website"},"primaryImageOfPage":{"@id":"https://www.casadelectores.com/index.php/producto/exklusiv-cuore-nero-49427/#primaryimage"},"image":{"@id":"https://www.casadelectores.com/index.php/producto/exklusiv-cuore-nero-49427/#primaryimage"},"thumbnailUrl":"https://www.casadelectores.com/wp-content/uploads/2025/SK0199541-DE20251119-101116-0-1763518286-978842536473.webp","datePublished":"2025-11-25T09:05:50+00:00","breadcrumb":{"@id":"https://www.casadelectores.com/index.php/producto/exklusiv-cuore-nero-49427/#breadcrumb"},"inLanguage":"es","potentialAction":[{"@type":"ReadAction","target":["https://www.casadelectores.com/index.php/producto/exklusiv-cuore-nero-49427/"]}]},{"@type":"ImageObject","inLanguage":"es","@id":"https://www.casadelectores.com/index.php/producto/exklusiv-cuore-nero-49427/#primaryimage","url":"https://www.casadelectores.com/wp-content/uploads/2025/SK0199541-DE20251119-101116-0-1763518286-978842536473.webp","contentUrl":"https://www.casadelectores.com/wp-content/uploads/2025/SK0199541-DE20251119-101116-0-1763518286-978842536473.webp","width":300,"height":455},{"@type":"BreadcrumbList","@id":"https://www.casadelectores.com/index.php/producto/exklusiv-cuore-nero-49427/#breadcrumb","itemListElement":[{"@type":"ListItem","position":1,"name":"Portada","item":"https://www.casadelectores.com/"},{"@type":"ListItem","position":2,"name":"Shop","item":"https://www.casadelectores.com/index.php/shop/"},{"@type":"ListItem","position":3,"name":"Exklusiv CUORE NERO"}]},{"@type":"WebSite","@id":"https://www.casadelectores.com/#website","url":"https://www.casadelectores.com/","name":"Enamórate de las compras","description":"","publisher":{"@id":"https://www.casadelectores.com/#organization"},"potentialAction":[{"@type":"SearchAction","target":{"@type":"EntryPoint","urlTemplate":"https://www.casadelectores.com/?s={search_term_string}"},"query-input":{"@type":"PropertyValueSpecification","valueRequired":true,"valueName":"search_term_string"}}],"inLanguage":"es"},{"@type":"Organization","@id":"https://www.casadelectores.com/#organization","name":"Enamórate de las compras","url":"https://www.casadelectores.com/","logo":{"@type":"ImageObject","inLanguage":"es","@id":"https://www.casadelectores.com/#/schema/logo/image/","url":"https://www.casadelectores.com/wp-content/uploads/2020/10/shop-icon.png","contentUrl":"https://www.casadelectores.com/wp-content/uploads/2020/10/shop-icon.png","width":512,"height":512,"caption":"Enamórate de las compras"},"image":{"@id":"https://www.casadelectores.com/#/schema/logo/image/"}}]}</script>
<!-- / Yoast SEO plugin. -->

La segunda parte de la bilogía Cuore, de una de las autoras más exitosas de la autoedición Marco ha cambiado. Aunque todavía le intimida todo lo que está sintiendo, ya no teme explorar sus emociones. Se lo debe a Regina y también a Gennaro, ese esclavo que nunca abandona sus pensamientos. Y ahora que sus&hellip;&nbsp;Exklusiv CUORE NERO

Enamórate de las compras
