{"id":49264,"date":"2025-11-25T09:05:49","date_gmt":"2025-11-25T09:05:49","guid":{"rendered":""},"modified":"2025-11-25T09:05:49","modified_gmt":"2025-11-25T09:05:49","slug":"florecemos-en-un-abismo-poemas-preisreduziert-49264","status":"publish","type":"product","link":"https:\/\/www.casadelectores.com\/index.php\/producto\/florecemos-en-un-abismo-poemas-preisreduziert-49264\/","title":{"rendered":"FLORECEMOS EN UN ABISMO. POEMAS Preisreduziert"},"content":{"rendered":"<p>\u00ab\u0093Soy \/ apenas \/ un hombre que trata de respirar \/ por los poros del lenguaje. \/ Un estigma, \/ a veces un intruso, \/ en todo caso alguien fuera de papel\u0094. Estas palabras de un poema de Rafael Cadenas, publicado en su libro Gestiones (1992), nos hablan de alguien para quien la relaci\u00f3n con el lenguaje es org\u00e1nica, vital, imprescindible, pero a la vez ardua y dificultosa. Y nos hablan tambi\u00e9n de un estado de conciencia en el que se ha derogado toda atracci\u00f3n por simulacros e imposturas. [\u0085] Alcanzar ese estado, sin embargo, ha sido el resultado de un largo viaje, lleno de incertidumbres y tanteos, que comenz\u00f3 hace m\u00e1s de seis d\u00e9cadas\u00bb. As\u00ed comienza el pr\u00f3logo del poeta Arturo Guti\u00e9rrez Plaza que acompa\u00f1a esta antolog\u00eda de Rafael Cadenas titulada Florecemos en un abismo. Poemas con la que se rinde homenaje al Premio Cervantes 2022.Extendemos aqu\u00ed una invitaci\u00f3n al lector a acercarse a una obra que \u00abha tratado de seguir al pie de la letra\u00bb, seg\u00fan nos recuerda el escritor y editor Gustavo Guerrero, \u00abun exigente programa que le ha llevado a romper constantemente consigo mismo y cambiar de tono y de modelo de escritura en pos de una expresi\u00f3n m\u00e1s aut\u00e9ntica\u00bb. En estas p\u00e1ginas, que recorren sus libros m\u00e1s importantes (Una isla, Los cuadernos del destierro, Memorial, Amante\u0085), junto con la inclusi\u00f3n, adem\u00e1s, de seis poemas in\u00e9ditos englobados bajo el t\u00edtulo Poemas de Trinidad, se dejan ver algunos de los temas que cruzan toda su obra: el amor y la mujer, la asunci\u00f3n de la vida como experiencia po\u00e9tica y una \u00abisla\u00bb: esa abarcadora imagen de fr\u00e1giles fronteras que nos vincula, a su vez, al destierro como condici\u00f3n existencial y al desdoblamiento del sujeto po\u00e9tico. \u00ab,<\/p>\n","protected":false},"excerpt":{"rendered":"<p>\u00ab\u0093Soy \/ apenas \/ un hombre que trata de respirar \/ por los poros del lenguaje. \/ Un estigma, \/ a veces un intruso, \/ en todo caso alguien fuera de papel\u0094. Estas palabras de un poema de Rafael Cadenas, publicado en su libro Gestiones (1992), nos hablan de alguien para quien la relaci\u00f3n con&hellip;&nbsp;<a href=\"https:\/\/www.casadelectores.com\/index.php\/producto\/florecemos-en-un-abismo-poemas-preisreduziert-49264\/\" rel=\"bookmark\"><span class=\"screen-reader-text\">FLORECEMOS EN UN ABISMO. POEMAS Preisreduziert<\/span><\/a><\/p>\n","protected":false},"featured_media":49364,"template":"","meta":{"neve_meta_sidebar":"","neve_meta_container":"","neve_meta_enable_content_width":"","neve_meta_content_width":0,"neve_meta_title_alignment":"","neve_meta_author_avatar":"","neve_post_elements_order":"","neve_meta_disable_header":"","neve_meta_disable_footer":"","neve_meta_disable_title":"","_themeisle_gutenberg_block_has_review":false},"product_brand":[],"product_cat":[26],"product_tag":[],"class_list":["post-49264","product","type-product","status-publish","has-post-thumbnail","product_cat-publicaciones-de-libros","first","instock","sale","shipping-taxable","purchasable","product-type-simple"],"yoast_head":"<!-- This site is optimized with the Yoast SEO plugin v26.3 - https:\/\/yoast.com\/wordpress\/plugins\/seo\/ -->\n<title>FLORECEMOS EN UN ABISMO. POEMAS Preisreduziert - casadelectores<\/title>\n<meta name=\"robots\" content=\"index, follow, max-snippet:-1, max-image-preview:large, max-video-preview:-1\" \/>\n<link rel=\"canonical\" href=\"https:\/\/www.casadelectores.com\/index.php\/producto\/florecemos-en-un-abismo-poemas-preisreduziert-49264\/\" \/>\n<meta property=\"og:locale\" content=\"es_ES\" \/>\n<meta property=\"og:type\" content=\"article\" \/>\n<meta property=\"og:title\" content=\"FLORECEMOS EN UN ABISMO. POEMAS Preisreduziert - casadelectores\" \/>\n<meta property=\"og:description\" content=\"\u00ab\u0093Soy \/ apenas \/ un hombre que trata de respirar \/ por los poros del lenguaje. \/ Un estigma, \/ a veces un intruso, \/ en todo caso alguien fuera de papel\u0094. Estas palabras de un poema de Rafael Cadenas, publicado en su libro Gestiones (1992), nos hablan de alguien para quien la relaci\u00f3n con&hellip;&nbsp;FLORECEMOS EN UN ABISMO. POEMAS Preisreduziert\" \/>\n<meta property=\"og:url\" content=\"https:\/\/www.casadelectores.com\/index.php\/producto\/florecemos-en-un-abismo-poemas-preisreduziert-49264\/\" \/>\n<meta property=\"og:site_name\" content=\"casadelectores\" \/>\n<meta property=\"og:image\" content=\"https:\/\/www.casadelectores.com\/wp-content\/uploads\/2025\/SK0199478-DE20251119-101116-0-1763518286-978843750828.webp\" \/>\n\t<meta property=\"og:image:width\" content=\"300\" \/>\n\t<meta property=\"og:image:height\" content=\"460\" \/>\n\t<meta property=\"og:image:type\" content=\"image\/webp\" \/>\n<meta name=\"twitter:card\" content=\"summary_large_image\" \/>\n<meta name=\"twitter:label1\" content=\"Tiempo de lectura\" \/>\n\t<meta name=\"twitter:data1\" content=\"2 minutos\" \/>\n<script type=\"application\/ld+json\" class=\"yoast-schema-graph\">{\"@context\":\"https:\/\/schema.org\",\"@graph\":[{\"@type\":\"WebPage\",\"@id\":\"https:\/\/www.casadelectores.com\/index.php\/producto\/florecemos-en-un-abismo-poemas-preisreduziert-49264\/\",\"url\":\"https:\/\/www.casadelectores.com\/index.php\/producto\/florecemos-en-un-abismo-poemas-preisreduziert-49264\/\",\"name\":\"FLORECEMOS EN UN ABISMO. POEMAS Preisreduziert - casadelectores\",\"isPartOf\":{\"@id\":\"https:\/\/www.casadelectores.com\/#website\"},\"primaryImageOfPage\":{\"@id\":\"https:\/\/www.casadelectores.com\/index.php\/producto\/florecemos-en-un-abismo-poemas-preisreduziert-49264\/#primaryimage\"},\"image\":{\"@id\":\"https:\/\/www.casadelectores.com\/index.php\/producto\/florecemos-en-un-abismo-poemas-preisreduziert-49264\/#primaryimage\"},\"thumbnailUrl\":\"https:\/\/www.casadelectores.com\/wp-content\/uploads\/2025\/SK0199478-DE20251119-101116-0-1763518286-978843750828.webp\",\"datePublished\":\"2025-11-25T09:05:49+00:00\",\"breadcrumb\":{\"@id\":\"https:\/\/www.casadelectores.com\/index.php\/producto\/florecemos-en-un-abismo-poemas-preisreduziert-49264\/#breadcrumb\"},\"inLanguage\":\"es\",\"potentialAction\":[{\"@type\":\"ReadAction\",\"target\":[\"https:\/\/www.casadelectores.com\/index.php\/producto\/florecemos-en-un-abismo-poemas-preisreduziert-49264\/\"]}]},{\"@type\":\"ImageObject\",\"inLanguage\":\"es\",\"@id\":\"https:\/\/www.casadelectores.com\/index.php\/producto\/florecemos-en-un-abismo-poemas-preisreduziert-49264\/#primaryimage\",\"url\":\"https:\/\/www.casadelectores.com\/wp-content\/uploads\/2025\/SK0199478-DE20251119-101116-0-1763518286-978843750828.webp\",\"contentUrl\":\"https:\/\/www.casadelectores.com\/wp-content\/uploads\/2025\/SK0199478-DE20251119-101116-0-1763518286-978843750828.webp\",\"width\":300,\"height\":460},{\"@type\":\"BreadcrumbList\",\"@id\":\"https:\/\/www.casadelectores.com\/index.php\/producto\/florecemos-en-un-abismo-poemas-preisreduziert-49264\/#breadcrumb\",\"itemListElement\":[{\"@type\":\"ListItem\",\"position\":1,\"name\":\"Portada\",\"item\":\"https:\/\/www.casadelectores.com\/\"},{\"@type\":\"ListItem\",\"position\":2,\"name\":\"Shop\",\"item\":\"https:\/\/www.casadelectores.com\/index.php\/shop\/\"},{\"@type\":\"ListItem\",\"position\":3,\"name\":\"FLORECEMOS EN UN ABISMO. POEMAS Preisreduziert\"}]},{\"@type\":\"WebSite\",\"@id\":\"https:\/\/www.casadelectores.com\/#website\",\"url\":\"https:\/\/www.casadelectores.com\/\",\"name\":\"Enam\u00f3rate de las compras\",\"description\":\"\",\"publisher\":{\"@id\":\"https:\/\/www.casadelectores.com\/#organization\"},\"potentialAction\":[{\"@type\":\"SearchAction\",\"target\":{\"@type\":\"EntryPoint\",\"urlTemplate\":\"https:\/\/www.casadelectores.com\/?s={search_term_string}\"},\"query-input\":{\"@type\":\"PropertyValueSpecification\",\"valueRequired\":true,\"valueName\":\"search_term_string\"}}],\"inLanguage\":\"es\"},{\"@type\":\"Organization\",\"@id\":\"https:\/\/www.casadelectores.com\/#organization\",\"name\":\"Enam\u00f3rate de las compras\",\"url\":\"https:\/\/www.casadelectores.com\/\",\"logo\":{\"@type\":\"ImageObject\",\"inLanguage\":\"es\",\"@id\":\"https:\/\/www.casadelectores.com\/#\/schema\/logo\/image\/\",\"url\":\"https:\/\/www.casadelectores.com\/wp-content\/uploads\/2020\/10\/shop-icon.png\",\"contentUrl\":\"https:\/\/www.casadelectores.com\/wp-content\/uploads\/2020\/10\/shop-icon.png\",\"width\":512,\"height\":512,\"caption\":\"Enam\u00f3rate de las compras\"},\"image\":{\"@id\":\"https:\/\/www.casadelectores.com\/#\/schema\/logo\/image\/\"}}]}<\/script>\n<!-- \/ Yoast SEO plugin. -->","yoast_head_json":{"title":"FLORECEMOS EN UN ABISMO. POEMAS Preisreduziert - casadelectores","robots":{"index":"index","follow":"follow","max-snippet":"max-snippet:-1","max-image-preview":"max-image-preview:large","max-video-preview":"max-video-preview:-1"},"canonical":"https:\/\/www.casadelectores.com\/index.php\/producto\/florecemos-en-un-abismo-poemas-preisreduziert-49264\/","og_locale":"es_ES","og_type":"article","og_title":"FLORECEMOS EN UN ABISMO. POEMAS Preisreduziert - casadelectores","og_description":"\u00ab\u0093Soy \/ apenas \/ un hombre que trata de respirar \/ por los poros del lenguaje. \/ Un estigma, \/ a veces un intruso, \/ en todo caso alguien fuera de papel\u0094. Estas palabras de un poema de Rafael Cadenas, publicado en su libro Gestiones (1992), nos hablan de alguien para quien la relaci\u00f3n con&hellip;&nbsp;FLORECEMOS EN UN ABISMO. POEMAS Preisreduziert","og_url":"https:\/\/www.casadelectores.com\/index.php\/producto\/florecemos-en-un-abismo-poemas-preisreduziert-49264\/","og_site_name":"casadelectores","og_image":[{"width":300,"height":460,"url":"https:\/\/www.casadelectores.com\/wp-content\/uploads\/2025\/SK0199478-DE20251119-101116-0-1763518286-978843750828.webp","type":"image\/webp"}],"twitter_card":"summary_large_image","twitter_misc":{"Tiempo de lectura":"2 minutos"},"schema":{"@context":"https:\/\/schema.org","@graph":[{"@type":"WebPage","@id":"https:\/\/www.casadelectores.com\/index.php\/producto\/florecemos-en-un-abismo-poemas-preisreduziert-49264\/","url":"https:\/\/www.casadelectores.com\/index.php\/producto\/florecemos-en-un-abismo-poemas-preisreduziert-49264\/","name":"FLORECEMOS EN UN ABISMO. POEMAS Preisreduziert - casadelectores","isPartOf":{"@id":"https:\/\/www.casadelectores.com\/#website"},"primaryImageOfPage":{"@id":"https:\/\/www.casadelectores.com\/index.php\/producto\/florecemos-en-un-abismo-poemas-preisreduziert-49264\/#primaryimage"},"image":{"@id":"https:\/\/www.casadelectores.com\/index.php\/producto\/florecemos-en-un-abismo-poemas-preisreduziert-49264\/#primaryimage"},"thumbnailUrl":"https:\/\/www.casadelectores.com\/wp-content\/uploads\/2025\/SK0199478-DE20251119-101116-0-1763518286-978843750828.webp","datePublished":"2025-11-25T09:05:49+00:00","breadcrumb":{"@id":"https:\/\/www.casadelectores.com\/index.php\/producto\/florecemos-en-un-abismo-poemas-preisreduziert-49264\/#breadcrumb"},"inLanguage":"es","potentialAction":[{"@type":"ReadAction","target":["https:\/\/www.casadelectores.com\/index.php\/producto\/florecemos-en-un-abismo-poemas-preisreduziert-49264\/"]}]},{"@type":"ImageObject","inLanguage":"es","@id":"https:\/\/www.casadelectores.com\/index.php\/producto\/florecemos-en-un-abismo-poemas-preisreduziert-49264\/#primaryimage","url":"https:\/\/www.casadelectores.com\/wp-content\/uploads\/2025\/SK0199478-DE20251119-101116-0-1763518286-978843750828.webp","contentUrl":"https:\/\/www.casadelectores.com\/wp-content\/uploads\/2025\/SK0199478-DE20251119-101116-0-1763518286-978843750828.webp","width":300,"height":460},{"@type":"BreadcrumbList","@id":"https:\/\/www.casadelectores.com\/index.php\/producto\/florecemos-en-un-abismo-poemas-preisreduziert-49264\/#breadcrumb","itemListElement":[{"@type":"ListItem","position":1,"name":"Portada","item":"https:\/\/www.casadelectores.com\/"},{"@type":"ListItem","position":2,"name":"Shop","item":"https:\/\/www.casadelectores.com\/index.php\/shop\/"},{"@type":"ListItem","position":3,"name":"FLORECEMOS EN UN ABISMO. POEMAS Preisreduziert"}]},{"@type":"WebSite","@id":"https:\/\/www.casadelectores.com\/#website","url":"https:\/\/www.casadelectores.com\/","name":"Enam\u00f3rate de las compras","description":"","publisher":{"@id":"https:\/\/www.casadelectores.com\/#organization"},"potentialAction":[{"@type":"SearchAction","target":{"@type":"EntryPoint","urlTemplate":"https:\/\/www.casadelectores.com\/?s={search_term_string}"},"query-input":{"@type":"PropertyValueSpecification","valueRequired":true,"valueName":"search_term_string"}}],"inLanguage":"es"},{"@type":"Organization","@id":"https:\/\/www.casadelectores.com\/#organization","name":"Enam\u00f3rate de las compras","url":"https:\/\/www.casadelectores.com\/","logo":{"@type":"ImageObject","inLanguage":"es","@id":"https:\/\/www.casadelectores.com\/#\/schema\/logo\/image\/","url":"https:\/\/www.casadelectores.com\/wp-content\/uploads\/2020\/10\/shop-icon.png","contentUrl":"https:\/\/www.casadelectores.com\/wp-content\/uploads\/2020\/10\/shop-icon.png","width":512,"height":512,"caption":"Enam\u00f3rate de las compras"},"image":{"@id":"https:\/\/www.casadelectores.com\/#\/schema\/logo\/image\/"}}]}},"_links":{"self":[{"href":"https:\/\/www.casadelectores.com\/index.php\/wp-json\/wp\/v2\/product\/49264","targetHints":{"allow":["GET"]}}],"collection":[{"href":"https:\/\/www.casadelectores.com\/index.php\/wp-json\/wp\/v2\/product"}],"about":[{"href":"https:\/\/www.casadelectores.com\/index.php\/wp-json\/wp\/v2\/types\/product"}],"wp:featuredmedia":[{"embeddable":true,"href":"https:\/\/www.casadelectores.com\/index.php\/wp-json\/wp\/v2\/media\/49364"}],"wp:attachment":[{"href":"https:\/\/www.casadelectores.com\/index.php\/wp-json\/wp\/v2\/media?parent=49264"}],"wp:term":[{"taxonomy":"product_brand","embeddable":true,"href":"https:\/\/www.casadelectores.com\/index.php\/wp-json\/wp\/v2\/product_brand?post=49264"},{"taxonomy":"product_cat","embeddable":true,"href":"https:\/\/www.casadelectores.com\/index.php\/wp-json\/wp\/v2\/product_cat?post=49264"},{"taxonomy":"product_tag","embeddable":true,"href":"https:\/\/www.casadelectores.com\/index.php\/wp-json\/wp\/v2\/product_tag?post=49264"}],"curies":[{"name":"wp","href":"https:\/\/api.w.org\/{rel}","templated":true}]}}

<p>«Soy / apenas / un hombre que trata de respirar / por los poros del lenguaje. / Un estigma, / a veces un intruso, / en todo caso alguien fuera de papel. Estas palabras de un poema de Rafael Cadenas, publicado en su libro Gestiones (1992), nos hablan de alguien para quien la relación con el lenguaje es orgánica, vital, imprescindible, pero a la vez ardua y dificultosa. Y nos hablan también de un estado de conciencia en el que se ha derogado toda atracción por simulacros e imposturas. [] Alcanzar ese estado, sin embargo, ha sido el resultado de un largo viaje, lleno de incertidumbres y tanteos, que comenzó hace más de seis décadas». Así comienza el prólogo del poeta Arturo Gutiérrez Plaza que acompaña esta antología de Rafael Cadenas titulada Florecemos en un abismo. Poemas con la que se rinde homenaje al Premio Cervantes 2022.Extendemos aquí una invitación al lector a acercarse a una obra que «ha tratado de seguir al pie de la letra», según nos recuerda el escritor y editor Gustavo Guerrero, «un exigente programa que le ha llevado a romper constantemente consigo mismo y cambiar de tono y de modelo de escritura en pos de una expresión más auténtica». En estas páginas, que recorren sus libros más importantes (Una isla, Los cuadernos del destierro, Memorial, Amante), junto con la inclusión, además, de seis poemas inéditos englobados bajo el título Poemas de Trinidad, se dejan ver algunos de los temas que cruzan toda su obra: el amor y la mujer, la asunción de la vida como experiencia poética y una «isla»: esa abarcadora imagen de frágiles fronteras que nos vincula, a su vez, al destierro como condición existencial y al desdoblamiento del sujeto poético. «,</p>

<p>«Soy / apenas / un hombre que trata de respirar / por los poros del lenguaje. / Un estigma, / a veces un intruso, / en todo caso alguien fuera de papel. Estas palabras de un poema de Rafael Cadenas, publicado en su libro Gestiones (1992), nos hablan de alguien para quien la relación con&hellip;&nbsp;<a href="https://www.casadelectores.com/index.php/producto/florecemos-en-un-abismo-poemas-preisreduziert-49264/" rel="bookmark"><span class="screen-reader-text">FLORECEMOS EN UN ABISMO. POEMAS Preisreduziert</span></a></p>

<!-- This site is optimized with the Yoast SEO plugin v26.3 - https://yoast.com/wordpress/plugins/seo/ -->
<title>FLORECEMOS EN UN ABISMO. POEMAS Preisreduziert - casadelectores</title>
<meta name="robots" content="index, follow, max-snippet:-1, max-image-preview:large, max-video-preview:-1" />
<link rel="canonical" href="https://www.casadelectores.com/index.php/producto/florecemos-en-un-abismo-poemas-preisreduziert-49264/" />
<meta property="og:locale" content="es_ES" />
<meta property="og:type" content="article" />
<meta property="og:title" content="FLORECEMOS EN UN ABISMO. POEMAS Preisreduziert - casadelectores" />
<meta property="og:description" content="«Soy / apenas / un hombre que trata de respirar / por los poros del lenguaje. / Un estigma, / a veces un intruso, / en todo caso alguien fuera de papel. Estas palabras de un poema de Rafael Cadenas, publicado en su libro Gestiones (1992), nos hablan de alguien para quien la relación con&hellip;&nbsp;FLORECEMOS EN UN ABISMO. POEMAS Preisreduziert" />
<meta property="og:url" content="https://www.casadelectores.com/index.php/producto/florecemos-en-un-abismo-poemas-preisreduziert-49264/" />
<meta property="og:site_name" content="casadelectores" />
<meta property="og:image" content="https://www.casadelectores.com/wp-content/uploads/2025/SK0199478-DE20251119-101116-0-1763518286-978843750828.webp" />
	<meta property="og:image:width" content="300" />
	<meta property="og:image:height" content="460" />
	<meta property="og:image:type" content="image/webp" />
<meta name="twitter:card" content="summary_large_image" />
<meta name="twitter:label1" content="Tiempo de lectura" />
	<meta name="twitter:data1" content="2 minutos" />
<script type="application/ld+json" class="yoast-schema-graph">{"@context":"https://schema.org","@graph":[{"@type":"WebPage","@id":"https://www.casadelectores.com/index.php/producto/florecemos-en-un-abismo-poemas-preisreduziert-49264/","url":"https://www.casadelectores.com/index.php/producto/florecemos-en-un-abismo-poemas-preisreduziert-49264/","name":"FLORECEMOS EN UN ABISMO. POEMAS Preisreduziert - casadelectores","isPartOf":{"@id":"https://www.casadelectores.com/#website"},"primaryImageOfPage":{"@id":"https://www.casadelectores.com/index.php/producto/florecemos-en-un-abismo-poemas-preisreduziert-49264/#primaryimage"},"image":{"@id":"https://www.casadelectores.com/index.php/producto/florecemos-en-un-abismo-poemas-preisreduziert-49264/#primaryimage"},"thumbnailUrl":"https://www.casadelectores.com/wp-content/uploads/2025/SK0199478-DE20251119-101116-0-1763518286-978843750828.webp","datePublished":"2025-11-25T09:05:49+00:00","breadcrumb":{"@id":"https://www.casadelectores.com/index.php/producto/florecemos-en-un-abismo-poemas-preisreduziert-49264/#breadcrumb"},"inLanguage":"es","potentialAction":[{"@type":"ReadAction","target":["https://www.casadelectores.com/index.php/producto/florecemos-en-un-abismo-poemas-preisreduziert-49264/"]}]},{"@type":"ImageObject","inLanguage":"es","@id":"https://www.casadelectores.com/index.php/producto/florecemos-en-un-abismo-poemas-preisreduziert-49264/#primaryimage","url":"https://www.casadelectores.com/wp-content/uploads/2025/SK0199478-DE20251119-101116-0-1763518286-978843750828.webp","contentUrl":"https://www.casadelectores.com/wp-content/uploads/2025/SK0199478-DE20251119-101116-0-1763518286-978843750828.webp","width":300,"height":460},{"@type":"BreadcrumbList","@id":"https://www.casadelectores.com/index.php/producto/florecemos-en-un-abismo-poemas-preisreduziert-49264/#breadcrumb","itemListElement":[{"@type":"ListItem","position":1,"name":"Portada","item":"https://www.casadelectores.com/"},{"@type":"ListItem","position":2,"name":"Shop","item":"https://www.casadelectores.com/index.php/shop/"},{"@type":"ListItem","position":3,"name":"FLORECEMOS EN UN ABISMO. POEMAS Preisreduziert"}]},{"@type":"WebSite","@id":"https://www.casadelectores.com/#website","url":"https://www.casadelectores.com/","name":"Enamórate de las compras","description":"","publisher":{"@id":"https://www.casadelectores.com/#organization"},"potentialAction":[{"@type":"SearchAction","target":{"@type":"EntryPoint","urlTemplate":"https://www.casadelectores.com/?s={search_term_string}"},"query-input":{"@type":"PropertyValueSpecification","valueRequired":true,"valueName":"search_term_string"}}],"inLanguage":"es"},{"@type":"Organization","@id":"https://www.casadelectores.com/#organization","name":"Enamórate de las compras","url":"https://www.casadelectores.com/","logo":{"@type":"ImageObject","inLanguage":"es","@id":"https://www.casadelectores.com/#/schema/logo/image/","url":"https://www.casadelectores.com/wp-content/uploads/2020/10/shop-icon.png","contentUrl":"https://www.casadelectores.com/wp-content/uploads/2020/10/shop-icon.png","width":512,"height":512,"caption":"Enamórate de las compras"},"image":{"@id":"https://www.casadelectores.com/#/schema/logo/image/"}}]}</script>
<!-- / Yoast SEO plugin. -->

«Soy / apenas / un hombre que trata de respirar / por los poros del lenguaje. / Un estigma, / a veces un intruso, / en todo caso alguien fuera de papel. Estas palabras de un poema de Rafael Cadenas, publicado en su libro Gestiones (1992), nos hablan de alguien para quien la relación con&hellip;&nbsp;FLORECEMOS EN UN ABISMO. POEMAS Preisreduziert

Enamórate de las compras
