{"id":49035,"date":"2025-11-25T09:05:49","date_gmt":"2025-11-25T09:05:49","guid":{"rendered":""},"modified":"2025-11-25T09:05:49","modified_gmt":"2025-11-25T09:05:49","slug":"frieren-05-preisreduziert-49035","status":"publish","type":"product","link":"https:\/\/www.casadelectores.com\/index.php\/producto\/frieren-05-preisreduziert-49035\/","title":{"rendered":"FRIEREN 05 Preisreduziert"},"content":{"rendered":"<p>NI SIQUIERA LAS ELFAS INMORTALES SE LIBRAN DE LOS EX\u00c1MENES Para poder seguir avanzando en su viaje hacia Aureole, la tierra donde descansan las almas, Frieren tendr\u00e1 que aprobar el examen de maga de primer nivel. En el transcurso de sus pruebas conocer\u00e1 a toda clase de nuevos magos cuyos m\u00e9todos se escapan de lo com\u00fan, y se le ir\u00e1n revelando las creencias y motivaciones de los que persiguen su mismo fin.sta es una historia que nos invita a descubrir el legado que dejaron tras de s\u00ed aquellos que una vez fueron h\u00e9roes. \u00ab,<\/p>\n","protected":false},"excerpt":{"rendered":"<p>NI SIQUIERA LAS ELFAS INMORTALES SE LIBRAN DE LOS EX\u00c1MENES Para poder seguir avanzando en su viaje hacia Aureole, la tierra donde descansan las almas, Frieren tendr\u00e1 que aprobar el examen de maga de primer nivel. En el transcurso de sus pruebas conocer\u00e1 a toda clase de nuevos magos cuyos m\u00e9todos se escapan de lo&hellip;&nbsp;<a href=\"https:\/\/www.casadelectores.com\/index.php\/producto\/frieren-05-preisreduziert-49035\/\" rel=\"bookmark\"><span class=\"screen-reader-text\">FRIEREN 05 Preisreduziert<\/span><\/a><\/p>\n","protected":false},"featured_media":49135,"template":"","meta":{"neve_meta_sidebar":"","neve_meta_container":"","neve_meta_enable_content_width":"","neve_meta_content_width":0,"neve_meta_title_alignment":"","neve_meta_author_avatar":"","neve_post_elements_order":"","neve_meta_disable_header":"","neve_meta_disable_footer":"","neve_meta_disable_title":"","_themeisle_gutenberg_block_has_review":false},"product_brand":[],"product_cat":[26],"product_tag":[],"class_list":["post-49035","product","type-product","status-publish","has-post-thumbnail","product_cat-publicaciones-de-libros","first","instock","sale","shipping-taxable","purchasable","product-type-simple"],"yoast_head":"<!-- This site is optimized with the Yoast SEO plugin v26.3 - https:\/\/yoast.com\/wordpress\/plugins\/seo\/ -->\n<title>FRIEREN 05 Preisreduziert - casadelectores<\/title>\n<meta name=\"robots\" content=\"index, follow, max-snippet:-1, max-image-preview:large, max-video-preview:-1\" \/>\n<link rel=\"canonical\" href=\"https:\/\/www.casadelectores.com\/index.php\/producto\/frieren-05-preisreduziert-49035\/\" \/>\n<meta property=\"og:locale\" content=\"es_ES\" \/>\n<meta property=\"og:type\" content=\"article\" \/>\n<meta property=\"og:title\" content=\"FRIEREN 05 Preisreduziert - casadelectores\" \/>\n<meta property=\"og:description\" content=\"NI SIQUIERA LAS ELFAS INMORTALES SE LIBRAN DE LOS EX\u00c1MENES Para poder seguir avanzando en su viaje hacia Aureole, la tierra donde descansan las almas, Frieren tendr\u00e1 que aprobar el examen de maga de primer nivel. En el transcurso de sus pruebas conocer\u00e1 a toda clase de nuevos magos cuyos m\u00e9todos se escapan de lo&hellip;&nbsp;FRIEREN 05 Preisreduziert\" \/>\n<meta property=\"og:url\" content=\"https:\/\/www.casadelectores.com\/index.php\/producto\/frieren-05-preisreduziert-49035\/\" \/>\n<meta property=\"og:site_name\" content=\"casadelectores\" \/>\n<meta property=\"og:image\" content=\"https:\/\/www.casadelectores.com\/wp-content\/uploads\/2025\/SK0199349-DE20251119-101116-0-1763518286-978846795961.webp\" \/>\n\t<meta property=\"og:image:width\" content=\"300\" \/>\n\t<meta property=\"og:image:height\" content=\"457\" \/>\n\t<meta property=\"og:image:type\" content=\"image\/webp\" \/>\n<meta name=\"twitter:card\" content=\"summary_large_image\" \/>\n<script type=\"application\/ld+json\" class=\"yoast-schema-graph\">{\"@context\":\"https:\/\/schema.org\",\"@graph\":[{\"@type\":\"WebPage\",\"@id\":\"https:\/\/www.casadelectores.com\/index.php\/producto\/frieren-05-preisreduziert-49035\/\",\"url\":\"https:\/\/www.casadelectores.com\/index.php\/producto\/frieren-05-preisreduziert-49035\/\",\"name\":\"FRIEREN 05 Preisreduziert - casadelectores\",\"isPartOf\":{\"@id\":\"https:\/\/www.casadelectores.com\/#website\"},\"primaryImageOfPage\":{\"@id\":\"https:\/\/www.casadelectores.com\/index.php\/producto\/frieren-05-preisreduziert-49035\/#primaryimage\"},\"image\":{\"@id\":\"https:\/\/www.casadelectores.com\/index.php\/producto\/frieren-05-preisreduziert-49035\/#primaryimage\"},\"thumbnailUrl\":\"https:\/\/www.casadelectores.com\/wp-content\/uploads\/2025\/SK0199349-DE20251119-101116-0-1763518286-978846795961.webp\",\"datePublished\":\"2025-11-25T09:05:49+00:00\",\"breadcrumb\":{\"@id\":\"https:\/\/www.casadelectores.com\/index.php\/producto\/frieren-05-preisreduziert-49035\/#breadcrumb\"},\"inLanguage\":\"es\",\"potentialAction\":[{\"@type\":\"ReadAction\",\"target\":[\"https:\/\/www.casadelectores.com\/index.php\/producto\/frieren-05-preisreduziert-49035\/\"]}]},{\"@type\":\"ImageObject\",\"inLanguage\":\"es\",\"@id\":\"https:\/\/www.casadelectores.com\/index.php\/producto\/frieren-05-preisreduziert-49035\/#primaryimage\",\"url\":\"https:\/\/www.casadelectores.com\/wp-content\/uploads\/2025\/SK0199349-DE20251119-101116-0-1763518286-978846795961.webp\",\"contentUrl\":\"https:\/\/www.casadelectores.com\/wp-content\/uploads\/2025\/SK0199349-DE20251119-101116-0-1763518286-978846795961.webp\",\"width\":300,\"height\":457},{\"@type\":\"BreadcrumbList\",\"@id\":\"https:\/\/www.casadelectores.com\/index.php\/producto\/frieren-05-preisreduziert-49035\/#breadcrumb\",\"itemListElement\":[{\"@type\":\"ListItem\",\"position\":1,\"name\":\"Portada\",\"item\":\"https:\/\/www.casadelectores.com\/\"},{\"@type\":\"ListItem\",\"position\":2,\"name\":\"Shop\",\"item\":\"https:\/\/www.casadelectores.com\/index.php\/shop\/\"},{\"@type\":\"ListItem\",\"position\":3,\"name\":\"FRIEREN 05 Preisreduziert\"}]},{\"@type\":\"WebSite\",\"@id\":\"https:\/\/www.casadelectores.com\/#website\",\"url\":\"https:\/\/www.casadelectores.com\/\",\"name\":\"Enam\u00f3rate de las compras\",\"description\":\"\",\"publisher\":{\"@id\":\"https:\/\/www.casadelectores.com\/#organization\"},\"potentialAction\":[{\"@type\":\"SearchAction\",\"target\":{\"@type\":\"EntryPoint\",\"urlTemplate\":\"https:\/\/www.casadelectores.com\/?s={search_term_string}\"},\"query-input\":{\"@type\":\"PropertyValueSpecification\",\"valueRequired\":true,\"valueName\":\"search_term_string\"}}],\"inLanguage\":\"es\"},{\"@type\":\"Organization\",\"@id\":\"https:\/\/www.casadelectores.com\/#organization\",\"name\":\"Enam\u00f3rate de las compras\",\"url\":\"https:\/\/www.casadelectores.com\/\",\"logo\":{\"@type\":\"ImageObject\",\"inLanguage\":\"es\",\"@id\":\"https:\/\/www.casadelectores.com\/#\/schema\/logo\/image\/\",\"url\":\"https:\/\/www.casadelectores.com\/wp-content\/uploads\/2020\/10\/shop-icon.png\",\"contentUrl\":\"https:\/\/www.casadelectores.com\/wp-content\/uploads\/2020\/10\/shop-icon.png\",\"width\":512,\"height\":512,\"caption\":\"Enam\u00f3rate de las compras\"},\"image\":{\"@id\":\"https:\/\/www.casadelectores.com\/#\/schema\/logo\/image\/\"}}]}<\/script>\n<!-- \/ Yoast SEO plugin. -->","yoast_head_json":{"title":"FRIEREN 05 Preisreduziert - casadelectores","robots":{"index":"index","follow":"follow","max-snippet":"max-snippet:-1","max-image-preview":"max-image-preview:large","max-video-preview":"max-video-preview:-1"},"canonical":"https:\/\/www.casadelectores.com\/index.php\/producto\/frieren-05-preisreduziert-49035\/","og_locale":"es_ES","og_type":"article","og_title":"FRIEREN 05 Preisreduziert - casadelectores","og_description":"NI SIQUIERA LAS ELFAS INMORTALES SE LIBRAN DE LOS EX\u00c1MENES Para poder seguir avanzando en su viaje hacia Aureole, la tierra donde descansan las almas, Frieren tendr\u00e1 que aprobar el examen de maga de primer nivel. En el transcurso de sus pruebas conocer\u00e1 a toda clase de nuevos magos cuyos m\u00e9todos se escapan de lo&hellip;&nbsp;FRIEREN 05 Preisreduziert","og_url":"https:\/\/www.casadelectores.com\/index.php\/producto\/frieren-05-preisreduziert-49035\/","og_site_name":"casadelectores","og_image":[{"width":300,"height":457,"url":"https:\/\/www.casadelectores.com\/wp-content\/uploads\/2025\/SK0199349-DE20251119-101116-0-1763518286-978846795961.webp","type":"image\/webp"}],"twitter_card":"summary_large_image","schema":{"@context":"https:\/\/schema.org","@graph":[{"@type":"WebPage","@id":"https:\/\/www.casadelectores.com\/index.php\/producto\/frieren-05-preisreduziert-49035\/","url":"https:\/\/www.casadelectores.com\/index.php\/producto\/frieren-05-preisreduziert-49035\/","name":"FRIEREN 05 Preisreduziert - casadelectores","isPartOf":{"@id":"https:\/\/www.casadelectores.com\/#website"},"primaryImageOfPage":{"@id":"https:\/\/www.casadelectores.com\/index.php\/producto\/frieren-05-preisreduziert-49035\/#primaryimage"},"image":{"@id":"https:\/\/www.casadelectores.com\/index.php\/producto\/frieren-05-preisreduziert-49035\/#primaryimage"},"thumbnailUrl":"https:\/\/www.casadelectores.com\/wp-content\/uploads\/2025\/SK0199349-DE20251119-101116-0-1763518286-978846795961.webp","datePublished":"2025-11-25T09:05:49+00:00","breadcrumb":{"@id":"https:\/\/www.casadelectores.com\/index.php\/producto\/frieren-05-preisreduziert-49035\/#breadcrumb"},"inLanguage":"es","potentialAction":[{"@type":"ReadAction","target":["https:\/\/www.casadelectores.com\/index.php\/producto\/frieren-05-preisreduziert-49035\/"]}]},{"@type":"ImageObject","inLanguage":"es","@id":"https:\/\/www.casadelectores.com\/index.php\/producto\/frieren-05-preisreduziert-49035\/#primaryimage","url":"https:\/\/www.casadelectores.com\/wp-content\/uploads\/2025\/SK0199349-DE20251119-101116-0-1763518286-978846795961.webp","contentUrl":"https:\/\/www.casadelectores.com\/wp-content\/uploads\/2025\/SK0199349-DE20251119-101116-0-1763518286-978846795961.webp","width":300,"height":457},{"@type":"BreadcrumbList","@id":"https:\/\/www.casadelectores.com\/index.php\/producto\/frieren-05-preisreduziert-49035\/#breadcrumb","itemListElement":[{"@type":"ListItem","position":1,"name":"Portada","item":"https:\/\/www.casadelectores.com\/"},{"@type":"ListItem","position":2,"name":"Shop","item":"https:\/\/www.casadelectores.com\/index.php\/shop\/"},{"@type":"ListItem","position":3,"name":"FRIEREN 05 Preisreduziert"}]},{"@type":"WebSite","@id":"https:\/\/www.casadelectores.com\/#website","url":"https:\/\/www.casadelectores.com\/","name":"Enam\u00f3rate de las compras","description":"","publisher":{"@id":"https:\/\/www.casadelectores.com\/#organization"},"potentialAction":[{"@type":"SearchAction","target":{"@type":"EntryPoint","urlTemplate":"https:\/\/www.casadelectores.com\/?s={search_term_string}"},"query-input":{"@type":"PropertyValueSpecification","valueRequired":true,"valueName":"search_term_string"}}],"inLanguage":"es"},{"@type":"Organization","@id":"https:\/\/www.casadelectores.com\/#organization","name":"Enam\u00f3rate de las compras","url":"https:\/\/www.casadelectores.com\/","logo":{"@type":"ImageObject","inLanguage":"es","@id":"https:\/\/www.casadelectores.com\/#\/schema\/logo\/image\/","url":"https:\/\/www.casadelectores.com\/wp-content\/uploads\/2020\/10\/shop-icon.png","contentUrl":"https:\/\/www.casadelectores.com\/wp-content\/uploads\/2020\/10\/shop-icon.png","width":512,"height":512,"caption":"Enam\u00f3rate de las compras"},"image":{"@id":"https:\/\/www.casadelectores.com\/#\/schema\/logo\/image\/"}}]}},"_links":{"self":[{"href":"https:\/\/www.casadelectores.com\/index.php\/wp-json\/wp\/v2\/product\/49035","targetHints":{"allow":["GET"]}}],"collection":[{"href":"https:\/\/www.casadelectores.com\/index.php\/wp-json\/wp\/v2\/product"}],"about":[{"href":"https:\/\/www.casadelectores.com\/index.php\/wp-json\/wp\/v2\/types\/product"}],"wp:featuredmedia":[{"embeddable":true,"href":"https:\/\/www.casadelectores.com\/index.php\/wp-json\/wp\/v2\/media\/49135"}],"wp:attachment":[{"href":"https:\/\/www.casadelectores.com\/index.php\/wp-json\/wp\/v2\/media?parent=49035"}],"wp:term":[{"taxonomy":"product_brand","embeddable":true,"href":"https:\/\/www.casadelectores.com\/index.php\/wp-json\/wp\/v2\/product_brand?post=49035"},{"taxonomy":"product_cat","embeddable":true,"href":"https:\/\/www.casadelectores.com\/index.php\/wp-json\/wp\/v2\/product_cat?post=49035"},{"taxonomy":"product_tag","embeddable":true,"href":"https:\/\/www.casadelectores.com\/index.php\/wp-json\/wp\/v2\/product_tag?post=49035"}],"curies":[{"name":"wp","href":"https:\/\/api.w.org\/{rel}","templated":true}]}}

<p>NI SIQUIERA LAS ELFAS INMORTALES SE LIBRAN DE LOS EXÁMENES Para poder seguir avanzando en su viaje hacia Aureole, la tierra donde descansan las almas, Frieren tendrá que aprobar el examen de maga de primer nivel. En el transcurso de sus pruebas conocerá a toda clase de nuevos magos cuyos métodos se escapan de lo común, y se le irán revelando las creencias y motivaciones de los que persiguen su mismo fin.sta es una historia que nos invita a descubrir el legado que dejaron tras de sí aquellos que una vez fueron héroes. «,</p>

<p>NI SIQUIERA LAS ELFAS INMORTALES SE LIBRAN DE LOS EXÁMENES Para poder seguir avanzando en su viaje hacia Aureole, la tierra donde descansan las almas, Frieren tendrá que aprobar el examen de maga de primer nivel. En el transcurso de sus pruebas conocerá a toda clase de nuevos magos cuyos métodos se escapan de lo&hellip;&nbsp;<a href="https://www.casadelectores.com/index.php/producto/frieren-05-preisreduziert-49035/" rel="bookmark"><span class="screen-reader-text">FRIEREN 05 Preisreduziert</span></a></p>

<!-- This site is optimized with the Yoast SEO plugin v26.3 - https://yoast.com/wordpress/plugins/seo/ -->
<title>FRIEREN 05 Preisreduziert - casadelectores</title>
<meta name="robots" content="index, follow, max-snippet:-1, max-image-preview:large, max-video-preview:-1" />
<link rel="canonical" href="https://www.casadelectores.com/index.php/producto/frieren-05-preisreduziert-49035/" />
<meta property="og:locale" content="es_ES" />
<meta property="og:type" content="article" />
<meta property="og:title" content="FRIEREN 05 Preisreduziert - casadelectores" />
<meta property="og:description" content="NI SIQUIERA LAS ELFAS INMORTALES SE LIBRAN DE LOS EXÁMENES Para poder seguir avanzando en su viaje hacia Aureole, la tierra donde descansan las almas, Frieren tendrá que aprobar el examen de maga de primer nivel. En el transcurso de sus pruebas conocerá a toda clase de nuevos magos cuyos métodos se escapan de lo&hellip;&nbsp;FRIEREN 05 Preisreduziert" />
<meta property="og:url" content="https://www.casadelectores.com/index.php/producto/frieren-05-preisreduziert-49035/" />
<meta property="og:site_name" content="casadelectores" />
<meta property="og:image" content="https://www.casadelectores.com/wp-content/uploads/2025/SK0199349-DE20251119-101116-0-1763518286-978846795961.webp" />
	<meta property="og:image:width" content="300" />
	<meta property="og:image:height" content="457" />
	<meta property="og:image:type" content="image/webp" />
<meta name="twitter:card" content="summary_large_image" />
<script type="application/ld+json" class="yoast-schema-graph">{"@context":"https://schema.org","@graph":[{"@type":"WebPage","@id":"https://www.casadelectores.com/index.php/producto/frieren-05-preisreduziert-49035/","url":"https://www.casadelectores.com/index.php/producto/frieren-05-preisreduziert-49035/","name":"FRIEREN 05 Preisreduziert - casadelectores","isPartOf":{"@id":"https://www.casadelectores.com/#website"},"primaryImageOfPage":{"@id":"https://www.casadelectores.com/index.php/producto/frieren-05-preisreduziert-49035/#primaryimage"},"image":{"@id":"https://www.casadelectores.com/index.php/producto/frieren-05-preisreduziert-49035/#primaryimage"},"thumbnailUrl":"https://www.casadelectores.com/wp-content/uploads/2025/SK0199349-DE20251119-101116-0-1763518286-978846795961.webp","datePublished":"2025-11-25T09:05:49+00:00","breadcrumb":{"@id":"https://www.casadelectores.com/index.php/producto/frieren-05-preisreduziert-49035/#breadcrumb"},"inLanguage":"es","potentialAction":[{"@type":"ReadAction","target":["https://www.casadelectores.com/index.php/producto/frieren-05-preisreduziert-49035/"]}]},{"@type":"ImageObject","inLanguage":"es","@id":"https://www.casadelectores.com/index.php/producto/frieren-05-preisreduziert-49035/#primaryimage","url":"https://www.casadelectores.com/wp-content/uploads/2025/SK0199349-DE20251119-101116-0-1763518286-978846795961.webp","contentUrl":"https://www.casadelectores.com/wp-content/uploads/2025/SK0199349-DE20251119-101116-0-1763518286-978846795961.webp","width":300,"height":457},{"@type":"BreadcrumbList","@id":"https://www.casadelectores.com/index.php/producto/frieren-05-preisreduziert-49035/#breadcrumb","itemListElement":[{"@type":"ListItem","position":1,"name":"Portada","item":"https://www.casadelectores.com/"},{"@type":"ListItem","position":2,"name":"Shop","item":"https://www.casadelectores.com/index.php/shop/"},{"@type":"ListItem","position":3,"name":"FRIEREN 05 Preisreduziert"}]},{"@type":"WebSite","@id":"https://www.casadelectores.com/#website","url":"https://www.casadelectores.com/","name":"Enamórate de las compras","description":"","publisher":{"@id":"https://www.casadelectores.com/#organization"},"potentialAction":[{"@type":"SearchAction","target":{"@type":"EntryPoint","urlTemplate":"https://www.casadelectores.com/?s={search_term_string}"},"query-input":{"@type":"PropertyValueSpecification","valueRequired":true,"valueName":"search_term_string"}}],"inLanguage":"es"},{"@type":"Organization","@id":"https://www.casadelectores.com/#organization","name":"Enamórate de las compras","url":"https://www.casadelectores.com/","logo":{"@type":"ImageObject","inLanguage":"es","@id":"https://www.casadelectores.com/#/schema/logo/image/","url":"https://www.casadelectores.com/wp-content/uploads/2020/10/shop-icon.png","contentUrl":"https://www.casadelectores.com/wp-content/uploads/2020/10/shop-icon.png","width":512,"height":512,"caption":"Enamórate de las compras"},"image":{"@id":"https://www.casadelectores.com/#/schema/logo/image/"}}]}</script>
<!-- / Yoast SEO plugin. -->

NI SIQUIERA LAS ELFAS INMORTALES SE LIBRAN DE LOS EXÁMENES Para poder seguir avanzando en su viaje hacia Aureole, la tierra donde descansan las almas, Frieren tendrá que aprobar el examen de maga de primer nivel. En el transcurso de sus pruebas conocerá a toda clase de nuevos magos cuyos métodos se escapan de lo&hellip;&nbsp;FRIEREN 05 Preisreduziert

Enamórate de las compras
