{"id":48487,"date":"2025-11-25T09:05:48","date_gmt":"2025-11-25T09:05:48","guid":{"rendered":""},"modified":"2025-11-25T09:05:48","modified_gmt":"2025-11-25T09:05:48","slug":"fuentes-del-derecho-ab-werk-48487","status":"publish","type":"product","link":"https:\/\/www.casadelectores.com\/index.php\/producto\/fuentes-del-derecho-ab-werk-48487\/","title":{"rendered":"FUENTES DEL DERECHO Ab Werk"},"content":{"rendered":"<p>Pluralismo, consenso, normatividad, competencia, control, ordenamiento. Estos son algunos de los conceptos en torno a los cuales s pueden explicar las profundas transformaciones del sistema de fuentes de las constituciones normativas, entre los que el nuestro se inserta. En el centro de todos ellos, la constituci\u00f3n, como instrumentos de conexi\u00f3n entre el pluralismo y el consenso, de determinaci\u00f3n de la normatividad, de asignaci\u00f3n de las competencias, de medida del control y, en suma, de articulaci\u00f3n del ordenamiento jur\u00eddico. Esta obra obtuvo el Premio Adolfo Posada 1991\/1992 del Centro de Estudios Constitucionales. \u00ab,<\/p>\n","protected":false},"excerpt":{"rendered":"<p>Pluralismo, consenso, normatividad, competencia, control, ordenamiento. Estos son algunos de los conceptos en torno a los cuales s pueden explicar las profundas transformaciones del sistema de fuentes de las constituciones normativas, entre los que el nuestro se inserta. En el centro de todos ellos, la constituci\u00f3n, como instrumentos de conexi\u00f3n entre el pluralismo y el&hellip;&nbsp;<a href=\"https:\/\/www.casadelectores.com\/index.php\/producto\/fuentes-del-derecho-ab-werk-48487\/\" rel=\"bookmark\"><span class=\"screen-reader-text\">FUENTES DEL DERECHO Ab Werk<\/span><\/a><\/p>\n","protected":false},"featured_media":48587,"template":"","meta":{"neve_meta_sidebar":"","neve_meta_container":"","neve_meta_enable_content_width":"","neve_meta_content_width":0,"neve_meta_title_alignment":"","neve_meta_author_avatar":"","neve_post_elements_order":"","neve_meta_disable_header":"","neve_meta_disable_footer":"","neve_meta_disable_title":"","_themeisle_gutenberg_block_has_review":false},"product_brand":[],"product_cat":[26],"product_tag":[],"class_list":["post-48487","product","type-product","status-publish","has-post-thumbnail","product_cat-publicaciones-de-libros","first","instock","sale","shipping-taxable","purchasable","product-type-simple"],"yoast_head":"<!-- This site is optimized with the Yoast SEO plugin v26.3 - https:\/\/yoast.com\/wordpress\/plugins\/seo\/ -->\n<title>FUENTES DEL DERECHO Ab Werk - casadelectores<\/title>\n<meta name=\"robots\" content=\"index, follow, max-snippet:-1, max-image-preview:large, max-video-preview:-1\" \/>\n<link rel=\"canonical\" href=\"https:\/\/www.casadelectores.com\/index.php\/producto\/fuentes-del-derecho-ab-werk-48487\/\" \/>\n<meta property=\"og:locale\" content=\"es_ES\" \/>\n<meta property=\"og:type\" content=\"article\" \/>\n<meta property=\"og:title\" content=\"FUENTES DEL DERECHO Ab Werk - casadelectores\" \/>\n<meta property=\"og:description\" content=\"Pluralismo, consenso, normatividad, competencia, control, ordenamiento. Estos son algunos de los conceptos en torno a los cuales s pueden explicar las profundas transformaciones del sistema de fuentes de las constituciones normativas, entre los que el nuestro se inserta. En el centro de todos ellos, la constituci\u00f3n, como instrumentos de conexi\u00f3n entre el pluralismo y el&hellip;&nbsp;FUENTES DEL DERECHO Ab Werk\" \/>\n<meta property=\"og:url\" content=\"https:\/\/www.casadelectores.com\/index.php\/producto\/fuentes-del-derecho-ab-werk-48487\/\" \/>\n<meta property=\"og:site_name\" content=\"casadelectores\" \/>\n<meta property=\"og:image\" content=\"https:\/\/www.casadelectores.com\/wp-content\/uploads\/2025\/SK0199099-DE20251119-101116-0-1763518286-978842591970.webp\" \/>\n\t<meta property=\"og:image:width\" content=\"300\" \/>\n\t<meta property=\"og:image:height\" content=\"431\" \/>\n\t<meta property=\"og:image:type\" content=\"image\/webp\" \/>\n<meta name=\"twitter:card\" content=\"summary_large_image\" \/>\n<script type=\"application\/ld+json\" class=\"yoast-schema-graph\">{\"@context\":\"https:\/\/schema.org\",\"@graph\":[{\"@type\":\"WebPage\",\"@id\":\"https:\/\/www.casadelectores.com\/index.php\/producto\/fuentes-del-derecho-ab-werk-48487\/\",\"url\":\"https:\/\/www.casadelectores.com\/index.php\/producto\/fuentes-del-derecho-ab-werk-48487\/\",\"name\":\"FUENTES DEL DERECHO Ab Werk - casadelectores\",\"isPartOf\":{\"@id\":\"https:\/\/www.casadelectores.com\/#website\"},\"primaryImageOfPage\":{\"@id\":\"https:\/\/www.casadelectores.com\/index.php\/producto\/fuentes-del-derecho-ab-werk-48487\/#primaryimage\"},\"image\":{\"@id\":\"https:\/\/www.casadelectores.com\/index.php\/producto\/fuentes-del-derecho-ab-werk-48487\/#primaryimage\"},\"thumbnailUrl\":\"https:\/\/www.casadelectores.com\/wp-content\/uploads\/2025\/SK0199099-DE20251119-101116-0-1763518286-978842591970.webp\",\"datePublished\":\"2025-11-25T09:05:48+00:00\",\"breadcrumb\":{\"@id\":\"https:\/\/www.casadelectores.com\/index.php\/producto\/fuentes-del-derecho-ab-werk-48487\/#breadcrumb\"},\"inLanguage\":\"es\",\"potentialAction\":[{\"@type\":\"ReadAction\",\"target\":[\"https:\/\/www.casadelectores.com\/index.php\/producto\/fuentes-del-derecho-ab-werk-48487\/\"]}]},{\"@type\":\"ImageObject\",\"inLanguage\":\"es\",\"@id\":\"https:\/\/www.casadelectores.com\/index.php\/producto\/fuentes-del-derecho-ab-werk-48487\/#primaryimage\",\"url\":\"https:\/\/www.casadelectores.com\/wp-content\/uploads\/2025\/SK0199099-DE20251119-101116-0-1763518286-978842591970.webp\",\"contentUrl\":\"https:\/\/www.casadelectores.com\/wp-content\/uploads\/2025\/SK0199099-DE20251119-101116-0-1763518286-978842591970.webp\",\"width\":300,\"height\":431},{\"@type\":\"BreadcrumbList\",\"@id\":\"https:\/\/www.casadelectores.com\/index.php\/producto\/fuentes-del-derecho-ab-werk-48487\/#breadcrumb\",\"itemListElement\":[{\"@type\":\"ListItem\",\"position\":1,\"name\":\"Portada\",\"item\":\"https:\/\/www.casadelectores.com\/\"},{\"@type\":\"ListItem\",\"position\":2,\"name\":\"Shop\",\"item\":\"https:\/\/www.casadelectores.com\/index.php\/shop\/\"},{\"@type\":\"ListItem\",\"position\":3,\"name\":\"FUENTES DEL DERECHO Ab Werk\"}]},{\"@type\":\"WebSite\",\"@id\":\"https:\/\/www.casadelectores.com\/#website\",\"url\":\"https:\/\/www.casadelectores.com\/\",\"name\":\"Enam\u00f3rate de las compras\",\"description\":\"\",\"publisher\":{\"@id\":\"https:\/\/www.casadelectores.com\/#organization\"},\"potentialAction\":[{\"@type\":\"SearchAction\",\"target\":{\"@type\":\"EntryPoint\",\"urlTemplate\":\"https:\/\/www.casadelectores.com\/?s={search_term_string}\"},\"query-input\":{\"@type\":\"PropertyValueSpecification\",\"valueRequired\":true,\"valueName\":\"search_term_string\"}}],\"inLanguage\":\"es\"},{\"@type\":\"Organization\",\"@id\":\"https:\/\/www.casadelectores.com\/#organization\",\"name\":\"Enam\u00f3rate de las compras\",\"url\":\"https:\/\/www.casadelectores.com\/\",\"logo\":{\"@type\":\"ImageObject\",\"inLanguage\":\"es\",\"@id\":\"https:\/\/www.casadelectores.com\/#\/schema\/logo\/image\/\",\"url\":\"https:\/\/www.casadelectores.com\/wp-content\/uploads\/2020\/10\/shop-icon.png\",\"contentUrl\":\"https:\/\/www.casadelectores.com\/wp-content\/uploads\/2020\/10\/shop-icon.png\",\"width\":512,\"height\":512,\"caption\":\"Enam\u00f3rate de las compras\"},\"image\":{\"@id\":\"https:\/\/www.casadelectores.com\/#\/schema\/logo\/image\/\"}}]}<\/script>\n<!-- \/ Yoast SEO plugin. -->","yoast_head_json":{"title":"FUENTES DEL DERECHO Ab Werk - casadelectores","robots":{"index":"index","follow":"follow","max-snippet":"max-snippet:-1","max-image-preview":"max-image-preview:large","max-video-preview":"max-video-preview:-1"},"canonical":"https:\/\/www.casadelectores.com\/index.php\/producto\/fuentes-del-derecho-ab-werk-48487\/","og_locale":"es_ES","og_type":"article","og_title":"FUENTES DEL DERECHO Ab Werk - casadelectores","og_description":"Pluralismo, consenso, normatividad, competencia, control, ordenamiento. Estos son algunos de los conceptos en torno a los cuales s pueden explicar las profundas transformaciones del sistema de fuentes de las constituciones normativas, entre los que el nuestro se inserta. En el centro de todos ellos, la constituci\u00f3n, como instrumentos de conexi\u00f3n entre el pluralismo y el&hellip;&nbsp;FUENTES DEL DERECHO Ab Werk","og_url":"https:\/\/www.casadelectores.com\/index.php\/producto\/fuentes-del-derecho-ab-werk-48487\/","og_site_name":"casadelectores","og_image":[{"width":300,"height":431,"url":"https:\/\/www.casadelectores.com\/wp-content\/uploads\/2025\/SK0199099-DE20251119-101116-0-1763518286-978842591970.webp","type":"image\/webp"}],"twitter_card":"summary_large_image","schema":{"@context":"https:\/\/schema.org","@graph":[{"@type":"WebPage","@id":"https:\/\/www.casadelectores.com\/index.php\/producto\/fuentes-del-derecho-ab-werk-48487\/","url":"https:\/\/www.casadelectores.com\/index.php\/producto\/fuentes-del-derecho-ab-werk-48487\/","name":"FUENTES DEL DERECHO Ab Werk - casadelectores","isPartOf":{"@id":"https:\/\/www.casadelectores.com\/#website"},"primaryImageOfPage":{"@id":"https:\/\/www.casadelectores.com\/index.php\/producto\/fuentes-del-derecho-ab-werk-48487\/#primaryimage"},"image":{"@id":"https:\/\/www.casadelectores.com\/index.php\/producto\/fuentes-del-derecho-ab-werk-48487\/#primaryimage"},"thumbnailUrl":"https:\/\/www.casadelectores.com\/wp-content\/uploads\/2025\/SK0199099-DE20251119-101116-0-1763518286-978842591970.webp","datePublished":"2025-11-25T09:05:48+00:00","breadcrumb":{"@id":"https:\/\/www.casadelectores.com\/index.php\/producto\/fuentes-del-derecho-ab-werk-48487\/#breadcrumb"},"inLanguage":"es","potentialAction":[{"@type":"ReadAction","target":["https:\/\/www.casadelectores.com\/index.php\/producto\/fuentes-del-derecho-ab-werk-48487\/"]}]},{"@type":"ImageObject","inLanguage":"es","@id":"https:\/\/www.casadelectores.com\/index.php\/producto\/fuentes-del-derecho-ab-werk-48487\/#primaryimage","url":"https:\/\/www.casadelectores.com\/wp-content\/uploads\/2025\/SK0199099-DE20251119-101116-0-1763518286-978842591970.webp","contentUrl":"https:\/\/www.casadelectores.com\/wp-content\/uploads\/2025\/SK0199099-DE20251119-101116-0-1763518286-978842591970.webp","width":300,"height":431},{"@type":"BreadcrumbList","@id":"https:\/\/www.casadelectores.com\/index.php\/producto\/fuentes-del-derecho-ab-werk-48487\/#breadcrumb","itemListElement":[{"@type":"ListItem","position":1,"name":"Portada","item":"https:\/\/www.casadelectores.com\/"},{"@type":"ListItem","position":2,"name":"Shop","item":"https:\/\/www.casadelectores.com\/index.php\/shop\/"},{"@type":"ListItem","position":3,"name":"FUENTES DEL DERECHO Ab Werk"}]},{"@type":"WebSite","@id":"https:\/\/www.casadelectores.com\/#website","url":"https:\/\/www.casadelectores.com\/","name":"Enam\u00f3rate de las compras","description":"","publisher":{"@id":"https:\/\/www.casadelectores.com\/#organization"},"potentialAction":[{"@type":"SearchAction","target":{"@type":"EntryPoint","urlTemplate":"https:\/\/www.casadelectores.com\/?s={search_term_string}"},"query-input":{"@type":"PropertyValueSpecification","valueRequired":true,"valueName":"search_term_string"}}],"inLanguage":"es"},{"@type":"Organization","@id":"https:\/\/www.casadelectores.com\/#organization","name":"Enam\u00f3rate de las compras","url":"https:\/\/www.casadelectores.com\/","logo":{"@type":"ImageObject","inLanguage":"es","@id":"https:\/\/www.casadelectores.com\/#\/schema\/logo\/image\/","url":"https:\/\/www.casadelectores.com\/wp-content\/uploads\/2020\/10\/shop-icon.png","contentUrl":"https:\/\/www.casadelectores.com\/wp-content\/uploads\/2020\/10\/shop-icon.png","width":512,"height":512,"caption":"Enam\u00f3rate de las compras"},"image":{"@id":"https:\/\/www.casadelectores.com\/#\/schema\/logo\/image\/"}}]}},"_links":{"self":[{"href":"https:\/\/www.casadelectores.com\/index.php\/wp-json\/wp\/v2\/product\/48487","targetHints":{"allow":["GET"]}}],"collection":[{"href":"https:\/\/www.casadelectores.com\/index.php\/wp-json\/wp\/v2\/product"}],"about":[{"href":"https:\/\/www.casadelectores.com\/index.php\/wp-json\/wp\/v2\/types\/product"}],"wp:featuredmedia":[{"embeddable":true,"href":"https:\/\/www.casadelectores.com\/index.php\/wp-json\/wp\/v2\/media\/48587"}],"wp:attachment":[{"href":"https:\/\/www.casadelectores.com\/index.php\/wp-json\/wp\/v2\/media?parent=48487"}],"wp:term":[{"taxonomy":"product_brand","embeddable":true,"href":"https:\/\/www.casadelectores.com\/index.php\/wp-json\/wp\/v2\/product_brand?post=48487"},{"taxonomy":"product_cat","embeddable":true,"href":"https:\/\/www.casadelectores.com\/index.php\/wp-json\/wp\/v2\/product_cat?post=48487"},{"taxonomy":"product_tag","embeddable":true,"href":"https:\/\/www.casadelectores.com\/index.php\/wp-json\/wp\/v2\/product_tag?post=48487"}],"curies":[{"name":"wp","href":"https:\/\/api.w.org\/{rel}","templated":true}]}}

<p>Pluralismo, consenso, normatividad, competencia, control, ordenamiento. Estos son algunos de los conceptos en torno a los cuales s pueden explicar las profundas transformaciones del sistema de fuentes de las constituciones normativas, entre los que el nuestro se inserta. En el centro de todos ellos, la constitución, como instrumentos de conexión entre el pluralismo y el consenso, de determinación de la normatividad, de asignación de las competencias, de medida del control y, en suma, de articulación del ordenamiento jurídico. Esta obra obtuvo el Premio Adolfo Posada 1991/1992 del Centro de Estudios Constitucionales. «,</p>

<p>Pluralismo, consenso, normatividad, competencia, control, ordenamiento. Estos son algunos de los conceptos en torno a los cuales s pueden explicar las profundas transformaciones del sistema de fuentes de las constituciones normativas, entre los que el nuestro se inserta. En el centro de todos ellos, la constitución, como instrumentos de conexión entre el pluralismo y el&hellip;&nbsp;<a href="https://www.casadelectores.com/index.php/producto/fuentes-del-derecho-ab-werk-48487/" rel="bookmark"><span class="screen-reader-text">FUENTES DEL DERECHO Ab Werk</span></a></p>

<!-- This site is optimized with the Yoast SEO plugin v26.3 - https://yoast.com/wordpress/plugins/seo/ -->
<title>FUENTES DEL DERECHO Ab Werk - casadelectores</title>
<meta name="robots" content="index, follow, max-snippet:-1, max-image-preview:large, max-video-preview:-1" />
<link rel="canonical" href="https://www.casadelectores.com/index.php/producto/fuentes-del-derecho-ab-werk-48487/" />
<meta property="og:locale" content="es_ES" />
<meta property="og:type" content="article" />
<meta property="og:title" content="FUENTES DEL DERECHO Ab Werk - casadelectores" />
<meta property="og:description" content="Pluralismo, consenso, normatividad, competencia, control, ordenamiento. Estos son algunos de los conceptos en torno a los cuales s pueden explicar las profundas transformaciones del sistema de fuentes de las constituciones normativas, entre los que el nuestro se inserta. En el centro de todos ellos, la constitución, como instrumentos de conexión entre el pluralismo y el&hellip;&nbsp;FUENTES DEL DERECHO Ab Werk" />
<meta property="og:url" content="https://www.casadelectores.com/index.php/producto/fuentes-del-derecho-ab-werk-48487/" />
<meta property="og:site_name" content="casadelectores" />
<meta property="og:image" content="https://www.casadelectores.com/wp-content/uploads/2025/SK0199099-DE20251119-101116-0-1763518286-978842591970.webp" />
	<meta property="og:image:width" content="300" />
	<meta property="og:image:height" content="431" />
	<meta property="og:image:type" content="image/webp" />
<meta name="twitter:card" content="summary_large_image" />
<script type="application/ld+json" class="yoast-schema-graph">{"@context":"https://schema.org","@graph":[{"@type":"WebPage","@id":"https://www.casadelectores.com/index.php/producto/fuentes-del-derecho-ab-werk-48487/","url":"https://www.casadelectores.com/index.php/producto/fuentes-del-derecho-ab-werk-48487/","name":"FUENTES DEL DERECHO Ab Werk - casadelectores","isPartOf":{"@id":"https://www.casadelectores.com/#website"},"primaryImageOfPage":{"@id":"https://www.casadelectores.com/index.php/producto/fuentes-del-derecho-ab-werk-48487/#primaryimage"},"image":{"@id":"https://www.casadelectores.com/index.php/producto/fuentes-del-derecho-ab-werk-48487/#primaryimage"},"thumbnailUrl":"https://www.casadelectores.com/wp-content/uploads/2025/SK0199099-DE20251119-101116-0-1763518286-978842591970.webp","datePublished":"2025-11-25T09:05:48+00:00","breadcrumb":{"@id":"https://www.casadelectores.com/index.php/producto/fuentes-del-derecho-ab-werk-48487/#breadcrumb"},"inLanguage":"es","potentialAction":[{"@type":"ReadAction","target":["https://www.casadelectores.com/index.php/producto/fuentes-del-derecho-ab-werk-48487/"]}]},{"@type":"ImageObject","inLanguage":"es","@id":"https://www.casadelectores.com/index.php/producto/fuentes-del-derecho-ab-werk-48487/#primaryimage","url":"https://www.casadelectores.com/wp-content/uploads/2025/SK0199099-DE20251119-101116-0-1763518286-978842591970.webp","contentUrl":"https://www.casadelectores.com/wp-content/uploads/2025/SK0199099-DE20251119-101116-0-1763518286-978842591970.webp","width":300,"height":431},{"@type":"BreadcrumbList","@id":"https://www.casadelectores.com/index.php/producto/fuentes-del-derecho-ab-werk-48487/#breadcrumb","itemListElement":[{"@type":"ListItem","position":1,"name":"Portada","item":"https://www.casadelectores.com/"},{"@type":"ListItem","position":2,"name":"Shop","item":"https://www.casadelectores.com/index.php/shop/"},{"@type":"ListItem","position":3,"name":"FUENTES DEL DERECHO Ab Werk"}]},{"@type":"WebSite","@id":"https://www.casadelectores.com/#website","url":"https://www.casadelectores.com/","name":"Enamórate de las compras","description":"","publisher":{"@id":"https://www.casadelectores.com/#organization"},"potentialAction":[{"@type":"SearchAction","target":{"@type":"EntryPoint","urlTemplate":"https://www.casadelectores.com/?s={search_term_string}"},"query-input":{"@type":"PropertyValueSpecification","valueRequired":true,"valueName":"search_term_string"}}],"inLanguage":"es"},{"@type":"Organization","@id":"https://www.casadelectores.com/#organization","name":"Enamórate de las compras","url":"https://www.casadelectores.com/","logo":{"@type":"ImageObject","inLanguage":"es","@id":"https://www.casadelectores.com/#/schema/logo/image/","url":"https://www.casadelectores.com/wp-content/uploads/2020/10/shop-icon.png","contentUrl":"https://www.casadelectores.com/wp-content/uploads/2020/10/shop-icon.png","width":512,"height":512,"caption":"Enamórate de las compras"},"image":{"@id":"https://www.casadelectores.com/#/schema/logo/image/"}}]}</script>
<!-- / Yoast SEO plugin. -->

Pluralismo, consenso, normatividad, competencia, control, ordenamiento. Estos son algunos de los conceptos en torno a los cuales s pueden explicar las profundas transformaciones del sistema de fuentes de las constituciones normativas, entre los que el nuestro se inserta. En el centro de todos ellos, la constitución, como instrumentos de conexión entre el pluralismo y el&hellip;&nbsp;FUENTES DEL DERECHO Ab Werk

Enamórate de las compras
