{"id":43896,"date":"2025-11-25T09:05:43","date_gmt":"2025-11-25T09:05:43","guid":{"rendered":""},"modified":"2025-11-25T09:05:43","modified_gmt":"2025-11-25T09:05:43","slug":"finale-aktion-y-ellas-fueron-las-primeras-43896","status":"publish","type":"product","link":"https:\/\/www.casadelectores.com\/index.php\/producto\/finale-aktion-y-ellas-fueron-las-primeras-43896\/","title":{"rendered":"Finale Aktion Y ELLAS FUERON LAS PRIMERAS"},"content":{"rendered":"<p>Hay preguntas que pueden marcar la vida de una persona. Y la pregunta que Tomeu Catal\u00e0 se hace en este libro, le ha marcado para bien suyo y tambi\u00e9n de otros. No es un texto sobre prostituci\u00f3n, ni g\u00e9nero, ni pornograf\u00eda, ni el pensamiento de ninguna instituci\u00f3n eclesial. S\u00ed, unas p\u00e1ginas llenas de vida y que invitan a vivir desde una actitud vital y compasiva, como Jes\u00fas. Para Jes\u00fas, las prostitutas son las primeras en el Reino de Dios, junto con los pecadores. Pero, \u00bfqui\u00e9nes eran ellas? A partir de esta pregunta, Tomeu Catal\u00e0 reflexiona en torno a la prostituci\u00f3n en el sistema patriarcal en el que hist\u00f3ricamente se ha dado, y sintetiza la visi\u00f3n que de la mujer ten\u00edan el mundo hom\u00e9rico, el helenista, el romano, el jud\u00edo y la Palestina de los tiempos de Jes\u00fas. Aborda la prostituci\u00f3n actual, deteni\u00e9ndose en el fen\u00f3meno de la pornograf\u00eda como lucrativo negocio del crimen organizado. Y analiza el significado de la afirmaci\u00f3n \u00ablas prostitutas y los pecadores os preceder\u00e1n en el Reino de Dios\u00bb, ahondando en la lectura reposada y cruzada de los cuatro \u00ab,<\/p>\n","protected":false},"excerpt":{"rendered":"<p>Hay preguntas que pueden marcar la vida de una persona. Y la pregunta que Tomeu Catal\u00e0 se hace en este libro, le ha marcado para bien suyo y tambi\u00e9n de otros. No es un texto sobre prostituci\u00f3n, ni g\u00e9nero, ni pornograf\u00eda, ni el pensamiento de ninguna instituci\u00f3n eclesial. S\u00ed, unas p\u00e1ginas llenas de vida y&hellip;&nbsp;<a href=\"https:\/\/www.casadelectores.com\/index.php\/producto\/finale-aktion-y-ellas-fueron-las-primeras-43896\/\" rel=\"bookmark\"><span class=\"screen-reader-text\">Finale Aktion Y ELLAS FUERON LAS PRIMERAS<\/span><\/a><\/p>\n","protected":false},"featured_media":43996,"template":"","meta":{"neve_meta_sidebar":"","neve_meta_container":"","neve_meta_enable_content_width":"","neve_meta_content_width":0,"neve_meta_title_alignment":"","neve_meta_author_avatar":"","neve_post_elements_order":"","neve_meta_disable_header":"","neve_meta_disable_footer":"","neve_meta_disable_title":"","_themeisle_gutenberg_block_has_review":false},"product_brand":[],"product_cat":[26],"product_tag":[],"class_list":["post-43896","product","type-product","status-publish","has-post-thumbnail","product_cat-publicaciones-de-libros","first","instock","sale","shipping-taxable","purchasable","product-type-simple"],"yoast_head":"<!-- This site is optimized with the Yoast SEO plugin v26.3 - https:\/\/yoast.com\/wordpress\/plugins\/seo\/ -->\n<title>Finale Aktion Y ELLAS FUERON LAS PRIMERAS - casadelectores<\/title>\n<meta name=\"robots\" content=\"index, follow, max-snippet:-1, max-image-preview:large, max-video-preview:-1\" \/>\n<link rel=\"canonical\" href=\"https:\/\/www.casadelectores.com\/index.php\/producto\/finale-aktion-y-ellas-fueron-las-primeras-43896\/\" \/>\n<meta property=\"og:locale\" content=\"es_ES\" \/>\n<meta property=\"og:type\" content=\"article\" \/>\n<meta property=\"og:title\" content=\"Finale Aktion Y ELLAS FUERON LAS PRIMERAS - casadelectores\" \/>\n<meta property=\"og:description\" content=\"Hay preguntas que pueden marcar la vida de una persona. Y la pregunta que Tomeu Catal\u00e0 se hace en este libro, le ha marcado para bien suyo y tambi\u00e9n de otros. No es un texto sobre prostituci\u00f3n, ni g\u00e9nero, ni pornograf\u00eda, ni el pensamiento de ninguna instituci\u00f3n eclesial. S\u00ed, unas p\u00e1ginas llenas de vida y&hellip;&nbsp;Finale Aktion Y ELLAS FUERON LAS PRIMERAS\" \/>\n<meta property=\"og:url\" content=\"https:\/\/www.casadelectores.com\/index.php\/producto\/finale-aktion-y-ellas-fueron-las-primeras-43896\/\" \/>\n<meta property=\"og:site_name\" content=\"casadelectores\" \/>\n<meta property=\"og:image\" content=\"https:\/\/www.casadelectores.com\/wp-content\/uploads\/2025\/SK0196685-DE20251119-101116-0-1763518286-978849619974.webp\" \/>\n\t<meta property=\"og:image:width\" content=\"150\" \/>\n\t<meta property=\"og:image:height\" content=\"226\" \/>\n\t<meta property=\"og:image:type\" content=\"image\/webp\" \/>\n<meta name=\"twitter:card\" content=\"summary_large_image\" \/>\n<meta name=\"twitter:label1\" content=\"Tiempo de lectura\" \/>\n\t<meta name=\"twitter:data1\" content=\"1 minuto\" \/>\n<script type=\"application\/ld+json\" class=\"yoast-schema-graph\">{\"@context\":\"https:\/\/schema.org\",\"@graph\":[{\"@type\":\"WebPage\",\"@id\":\"https:\/\/www.casadelectores.com\/index.php\/producto\/finale-aktion-y-ellas-fueron-las-primeras-43896\/\",\"url\":\"https:\/\/www.casadelectores.com\/index.php\/producto\/finale-aktion-y-ellas-fueron-las-primeras-43896\/\",\"name\":\"Finale Aktion Y ELLAS FUERON LAS PRIMERAS - casadelectores\",\"isPartOf\":{\"@id\":\"https:\/\/www.casadelectores.com\/#website\"},\"primaryImageOfPage\":{\"@id\":\"https:\/\/www.casadelectores.com\/index.php\/producto\/finale-aktion-y-ellas-fueron-las-primeras-43896\/#primaryimage\"},\"image\":{\"@id\":\"https:\/\/www.casadelectores.com\/index.php\/producto\/finale-aktion-y-ellas-fueron-las-primeras-43896\/#primaryimage\"},\"thumbnailUrl\":\"https:\/\/www.casadelectores.com\/wp-content\/uploads\/2025\/SK0196685-DE20251119-101116-0-1763518286-978849619974.webp\",\"datePublished\":\"2025-11-25T09:05:43+00:00\",\"breadcrumb\":{\"@id\":\"https:\/\/www.casadelectores.com\/index.php\/producto\/finale-aktion-y-ellas-fueron-las-primeras-43896\/#breadcrumb\"},\"inLanguage\":\"es\",\"potentialAction\":[{\"@type\":\"ReadAction\",\"target\":[\"https:\/\/www.casadelectores.com\/index.php\/producto\/finale-aktion-y-ellas-fueron-las-primeras-43896\/\"]}]},{\"@type\":\"ImageObject\",\"inLanguage\":\"es\",\"@id\":\"https:\/\/www.casadelectores.com\/index.php\/producto\/finale-aktion-y-ellas-fueron-las-primeras-43896\/#primaryimage\",\"url\":\"https:\/\/www.casadelectores.com\/wp-content\/uploads\/2025\/SK0196685-DE20251119-101116-0-1763518286-978849619974.webp\",\"contentUrl\":\"https:\/\/www.casadelectores.com\/wp-content\/uploads\/2025\/SK0196685-DE20251119-101116-0-1763518286-978849619974.webp\",\"width\":150,\"height\":226},{\"@type\":\"BreadcrumbList\",\"@id\":\"https:\/\/www.casadelectores.com\/index.php\/producto\/finale-aktion-y-ellas-fueron-las-primeras-43896\/#breadcrumb\",\"itemListElement\":[{\"@type\":\"ListItem\",\"position\":1,\"name\":\"Portada\",\"item\":\"https:\/\/www.casadelectores.com\/\"},{\"@type\":\"ListItem\",\"position\":2,\"name\":\"Shop\",\"item\":\"https:\/\/www.casadelectores.com\/index.php\/shop\/\"},{\"@type\":\"ListItem\",\"position\":3,\"name\":\"Finale Aktion Y ELLAS FUERON LAS PRIMERAS\"}]},{\"@type\":\"WebSite\",\"@id\":\"https:\/\/www.casadelectores.com\/#website\",\"url\":\"https:\/\/www.casadelectores.com\/\",\"name\":\"Enam\u00f3rate de las compras\",\"description\":\"\",\"publisher\":{\"@id\":\"https:\/\/www.casadelectores.com\/#organization\"},\"potentialAction\":[{\"@type\":\"SearchAction\",\"target\":{\"@type\":\"EntryPoint\",\"urlTemplate\":\"https:\/\/www.casadelectores.com\/?s={search_term_string}\"},\"query-input\":{\"@type\":\"PropertyValueSpecification\",\"valueRequired\":true,\"valueName\":\"search_term_string\"}}],\"inLanguage\":\"es\"},{\"@type\":\"Organization\",\"@id\":\"https:\/\/www.casadelectores.com\/#organization\",\"name\":\"Enam\u00f3rate de las compras\",\"url\":\"https:\/\/www.casadelectores.com\/\",\"logo\":{\"@type\":\"ImageObject\",\"inLanguage\":\"es\",\"@id\":\"https:\/\/www.casadelectores.com\/#\/schema\/logo\/image\/\",\"url\":\"https:\/\/www.casadelectores.com\/wp-content\/uploads\/2020\/10\/shop-icon.png\",\"contentUrl\":\"https:\/\/www.casadelectores.com\/wp-content\/uploads\/2020\/10\/shop-icon.png\",\"width\":512,\"height\":512,\"caption\":\"Enam\u00f3rate de las compras\"},\"image\":{\"@id\":\"https:\/\/www.casadelectores.com\/#\/schema\/logo\/image\/\"}}]}<\/script>\n<!-- \/ Yoast SEO plugin. -->","yoast_head_json":{"title":"Finale Aktion Y ELLAS FUERON LAS PRIMERAS - casadelectores","robots":{"index":"index","follow":"follow","max-snippet":"max-snippet:-1","max-image-preview":"max-image-preview:large","max-video-preview":"max-video-preview:-1"},"canonical":"https:\/\/www.casadelectores.com\/index.php\/producto\/finale-aktion-y-ellas-fueron-las-primeras-43896\/","og_locale":"es_ES","og_type":"article","og_title":"Finale Aktion Y ELLAS FUERON LAS PRIMERAS - casadelectores","og_description":"Hay preguntas que pueden marcar la vida de una persona. Y la pregunta que Tomeu Catal\u00e0 se hace en este libro, le ha marcado para bien suyo y tambi\u00e9n de otros. No es un texto sobre prostituci\u00f3n, ni g\u00e9nero, ni pornograf\u00eda, ni el pensamiento de ninguna instituci\u00f3n eclesial. S\u00ed, unas p\u00e1ginas llenas de vida y&hellip;&nbsp;Finale Aktion Y ELLAS FUERON LAS PRIMERAS","og_url":"https:\/\/www.casadelectores.com\/index.php\/producto\/finale-aktion-y-ellas-fueron-las-primeras-43896\/","og_site_name":"casadelectores","og_image":[{"width":150,"height":226,"url":"https:\/\/www.casadelectores.com\/wp-content\/uploads\/2025\/SK0196685-DE20251119-101116-0-1763518286-978849619974.webp","type":"image\/webp"}],"twitter_card":"summary_large_image","twitter_misc":{"Tiempo de lectura":"1 minuto"},"schema":{"@context":"https:\/\/schema.org","@graph":[{"@type":"WebPage","@id":"https:\/\/www.casadelectores.com\/index.php\/producto\/finale-aktion-y-ellas-fueron-las-primeras-43896\/","url":"https:\/\/www.casadelectores.com\/index.php\/producto\/finale-aktion-y-ellas-fueron-las-primeras-43896\/","name":"Finale Aktion Y ELLAS FUERON LAS PRIMERAS - casadelectores","isPartOf":{"@id":"https:\/\/www.casadelectores.com\/#website"},"primaryImageOfPage":{"@id":"https:\/\/www.casadelectores.com\/index.php\/producto\/finale-aktion-y-ellas-fueron-las-primeras-43896\/#primaryimage"},"image":{"@id":"https:\/\/www.casadelectores.com\/index.php\/producto\/finale-aktion-y-ellas-fueron-las-primeras-43896\/#primaryimage"},"thumbnailUrl":"https:\/\/www.casadelectores.com\/wp-content\/uploads\/2025\/SK0196685-DE20251119-101116-0-1763518286-978849619974.webp","datePublished":"2025-11-25T09:05:43+00:00","breadcrumb":{"@id":"https:\/\/www.casadelectores.com\/index.php\/producto\/finale-aktion-y-ellas-fueron-las-primeras-43896\/#breadcrumb"},"inLanguage":"es","potentialAction":[{"@type":"ReadAction","target":["https:\/\/www.casadelectores.com\/index.php\/producto\/finale-aktion-y-ellas-fueron-las-primeras-43896\/"]}]},{"@type":"ImageObject","inLanguage":"es","@id":"https:\/\/www.casadelectores.com\/index.php\/producto\/finale-aktion-y-ellas-fueron-las-primeras-43896\/#primaryimage","url":"https:\/\/www.casadelectores.com\/wp-content\/uploads\/2025\/SK0196685-DE20251119-101116-0-1763518286-978849619974.webp","contentUrl":"https:\/\/www.casadelectores.com\/wp-content\/uploads\/2025\/SK0196685-DE20251119-101116-0-1763518286-978849619974.webp","width":150,"height":226},{"@type":"BreadcrumbList","@id":"https:\/\/www.casadelectores.com\/index.php\/producto\/finale-aktion-y-ellas-fueron-las-primeras-43896\/#breadcrumb","itemListElement":[{"@type":"ListItem","position":1,"name":"Portada","item":"https:\/\/www.casadelectores.com\/"},{"@type":"ListItem","position":2,"name":"Shop","item":"https:\/\/www.casadelectores.com\/index.php\/shop\/"},{"@type":"ListItem","position":3,"name":"Finale Aktion Y ELLAS FUERON LAS PRIMERAS"}]},{"@type":"WebSite","@id":"https:\/\/www.casadelectores.com\/#website","url":"https:\/\/www.casadelectores.com\/","name":"Enam\u00f3rate de las compras","description":"","publisher":{"@id":"https:\/\/www.casadelectores.com\/#organization"},"potentialAction":[{"@type":"SearchAction","target":{"@type":"EntryPoint","urlTemplate":"https:\/\/www.casadelectores.com\/?s={search_term_string}"},"query-input":{"@type":"PropertyValueSpecification","valueRequired":true,"valueName":"search_term_string"}}],"inLanguage":"es"},{"@type":"Organization","@id":"https:\/\/www.casadelectores.com\/#organization","name":"Enam\u00f3rate de las compras","url":"https:\/\/www.casadelectores.com\/","logo":{"@type":"ImageObject","inLanguage":"es","@id":"https:\/\/www.casadelectores.com\/#\/schema\/logo\/image\/","url":"https:\/\/www.casadelectores.com\/wp-content\/uploads\/2020\/10\/shop-icon.png","contentUrl":"https:\/\/www.casadelectores.com\/wp-content\/uploads\/2020\/10\/shop-icon.png","width":512,"height":512,"caption":"Enam\u00f3rate de las compras"},"image":{"@id":"https:\/\/www.casadelectores.com\/#\/schema\/logo\/image\/"}}]}},"_links":{"self":[{"href":"https:\/\/www.casadelectores.com\/index.php\/wp-json\/wp\/v2\/product\/43896","targetHints":{"allow":["GET"]}}],"collection":[{"href":"https:\/\/www.casadelectores.com\/index.php\/wp-json\/wp\/v2\/product"}],"about":[{"href":"https:\/\/www.casadelectores.com\/index.php\/wp-json\/wp\/v2\/types\/product"}],"wp:featuredmedia":[{"embeddable":true,"href":"https:\/\/www.casadelectores.com\/index.php\/wp-json\/wp\/v2\/media\/43996"}],"wp:attachment":[{"href":"https:\/\/www.casadelectores.com\/index.php\/wp-json\/wp\/v2\/media?parent=43896"}],"wp:term":[{"taxonomy":"product_brand","embeddable":true,"href":"https:\/\/www.casadelectores.com\/index.php\/wp-json\/wp\/v2\/product_brand?post=43896"},{"taxonomy":"product_cat","embeddable":true,"href":"https:\/\/www.casadelectores.com\/index.php\/wp-json\/wp\/v2\/product_cat?post=43896"},{"taxonomy":"product_tag","embeddable":true,"href":"https:\/\/www.casadelectores.com\/index.php\/wp-json\/wp\/v2\/product_tag?post=43896"}],"curies":[{"name":"wp","href":"https:\/\/api.w.org\/{rel}","templated":true}]}}

<p>Hay preguntas que pueden marcar la vida de una persona. Y la pregunta que Tomeu Català se hace en este libro, le ha marcado para bien suyo y también de otros. No es un texto sobre prostitución, ni género, ni pornografía, ni el pensamiento de ninguna institución eclesial. Sí, unas páginas llenas de vida y que invitan a vivir desde una actitud vital y compasiva, como Jesús. Para Jesús, las prostitutas son las primeras en el Reino de Dios, junto con los pecadores. Pero, ¿quiénes eran ellas? A partir de esta pregunta, Tomeu Català reflexiona en torno a la prostitución en el sistema patriarcal en el que históricamente se ha dado, y sintetiza la visión que de la mujer tenían el mundo homérico, el helenista, el romano, el judío y la Palestina de los tiempos de Jesús. Aborda la prostitución actual, deteniéndose en el fenómeno de la pornografía como lucrativo negocio del crimen organizado. Y analiza el significado de la afirmación «las prostitutas y los pecadores os precederán en el Reino de Dios», ahondando en la lectura reposada y cruzada de los cuatro «,</p>

<p>Hay preguntas que pueden marcar la vida de una persona. Y la pregunta que Tomeu Català se hace en este libro, le ha marcado para bien suyo y también de otros. No es un texto sobre prostitución, ni género, ni pornografía, ni el pensamiento de ninguna institución eclesial. Sí, unas páginas llenas de vida y&hellip;&nbsp;<a href="https://www.casadelectores.com/index.php/producto/finale-aktion-y-ellas-fueron-las-primeras-43896/" rel="bookmark"><span class="screen-reader-text">Finale Aktion Y ELLAS FUERON LAS PRIMERAS</span></a></p>

<!-- This site is optimized with the Yoast SEO plugin v26.3 - https://yoast.com/wordpress/plugins/seo/ -->
<title>Finale Aktion Y ELLAS FUERON LAS PRIMERAS - casadelectores</title>
<meta name="robots" content="index, follow, max-snippet:-1, max-image-preview:large, max-video-preview:-1" />
<link rel="canonical" href="https://www.casadelectores.com/index.php/producto/finale-aktion-y-ellas-fueron-las-primeras-43896/" />
<meta property="og:locale" content="es_ES" />
<meta property="og:type" content="article" />
<meta property="og:title" content="Finale Aktion Y ELLAS FUERON LAS PRIMERAS - casadelectores" />
<meta property="og:description" content="Hay preguntas que pueden marcar la vida de una persona. Y la pregunta que Tomeu Català se hace en este libro, le ha marcado para bien suyo y también de otros. No es un texto sobre prostitución, ni género, ni pornografía, ni el pensamiento de ninguna institución eclesial. Sí, unas páginas llenas de vida y&hellip;&nbsp;Finale Aktion Y ELLAS FUERON LAS PRIMERAS" />
<meta property="og:url" content="https://www.casadelectores.com/index.php/producto/finale-aktion-y-ellas-fueron-las-primeras-43896/" />
<meta property="og:site_name" content="casadelectores" />
<meta property="og:image" content="https://www.casadelectores.com/wp-content/uploads/2025/SK0196685-DE20251119-101116-0-1763518286-978849619974.webp" />
	<meta property="og:image:width" content="150" />
	<meta property="og:image:height" content="226" />
	<meta property="og:image:type" content="image/webp" />
<meta name="twitter:card" content="summary_large_image" />
<meta name="twitter:label1" content="Tiempo de lectura" />
	<meta name="twitter:data1" content="1 minuto" />
<script type="application/ld+json" class="yoast-schema-graph">{"@context":"https://schema.org","@graph":[{"@type":"WebPage","@id":"https://www.casadelectores.com/index.php/producto/finale-aktion-y-ellas-fueron-las-primeras-43896/","url":"https://www.casadelectores.com/index.php/producto/finale-aktion-y-ellas-fueron-las-primeras-43896/","name":"Finale Aktion Y ELLAS FUERON LAS PRIMERAS - casadelectores","isPartOf":{"@id":"https://www.casadelectores.com/#website"},"primaryImageOfPage":{"@id":"https://www.casadelectores.com/index.php/producto/finale-aktion-y-ellas-fueron-las-primeras-43896/#primaryimage"},"image":{"@id":"https://www.casadelectores.com/index.php/producto/finale-aktion-y-ellas-fueron-las-primeras-43896/#primaryimage"},"thumbnailUrl":"https://www.casadelectores.com/wp-content/uploads/2025/SK0196685-DE20251119-101116-0-1763518286-978849619974.webp","datePublished":"2025-11-25T09:05:43+00:00","breadcrumb":{"@id":"https://www.casadelectores.com/index.php/producto/finale-aktion-y-ellas-fueron-las-primeras-43896/#breadcrumb"},"inLanguage":"es","potentialAction":[{"@type":"ReadAction","target":["https://www.casadelectores.com/index.php/producto/finale-aktion-y-ellas-fueron-las-primeras-43896/"]}]},{"@type":"ImageObject","inLanguage":"es","@id":"https://www.casadelectores.com/index.php/producto/finale-aktion-y-ellas-fueron-las-primeras-43896/#primaryimage","url":"https://www.casadelectores.com/wp-content/uploads/2025/SK0196685-DE20251119-101116-0-1763518286-978849619974.webp","contentUrl":"https://www.casadelectores.com/wp-content/uploads/2025/SK0196685-DE20251119-101116-0-1763518286-978849619974.webp","width":150,"height":226},{"@type":"BreadcrumbList","@id":"https://www.casadelectores.com/index.php/producto/finale-aktion-y-ellas-fueron-las-primeras-43896/#breadcrumb","itemListElement":[{"@type":"ListItem","position":1,"name":"Portada","item":"https://www.casadelectores.com/"},{"@type":"ListItem","position":2,"name":"Shop","item":"https://www.casadelectores.com/index.php/shop/"},{"@type":"ListItem","position":3,"name":"Finale Aktion Y ELLAS FUERON LAS PRIMERAS"}]},{"@type":"WebSite","@id":"https://www.casadelectores.com/#website","url":"https://www.casadelectores.com/","name":"Enamórate de las compras","description":"","publisher":{"@id":"https://www.casadelectores.com/#organization"},"potentialAction":[{"@type":"SearchAction","target":{"@type":"EntryPoint","urlTemplate":"https://www.casadelectores.com/?s={search_term_string}"},"query-input":{"@type":"PropertyValueSpecification","valueRequired":true,"valueName":"search_term_string"}}],"inLanguage":"es"},{"@type":"Organization","@id":"https://www.casadelectores.com/#organization","name":"Enamórate de las compras","url":"https://www.casadelectores.com/","logo":{"@type":"ImageObject","inLanguage":"es","@id":"https://www.casadelectores.com/#/schema/logo/image/","url":"https://www.casadelectores.com/wp-content/uploads/2020/10/shop-icon.png","contentUrl":"https://www.casadelectores.com/wp-content/uploads/2020/10/shop-icon.png","width":512,"height":512,"caption":"Enamórate de las compras"},"image":{"@id":"https://www.casadelectores.com/#/schema/logo/image/"}}]}</script>
<!-- / Yoast SEO plugin. -->

Hay preguntas que pueden marcar la vida de una persona. Y la pregunta que Tomeu Català se hace en este libro, le ha marcado para bien suyo y también de otros. No es un texto sobre prostitución, ni género, ni pornografía, ni el pensamiento de ninguna institución eclesial. Sí, unas páginas llenas de vida y&hellip;&nbsp;Finale Aktion Y ELLAS FUERON LAS PRIMERAS

Enamórate de las compras
