{"id":43069,"date":"2025-11-25T09:05:43","date_gmt":"2025-11-25T09:05:43","guid":{"rendered":""},"modified":"2025-11-25T09:05:43","modified_gmt":"2025-11-25T09:05:43","slug":"finale-aktion-v13-cronica-judicial-43069","status":"publish","type":"product","link":"https:\/\/www.casadelectores.com\/index.php\/producto\/finale-aktion-v13-cronica-judicial-43069\/","title":{"rendered":"Finale Aktion V13. CR\u00d3NICA JUDICIAL"},"content":{"rendered":"<p>La cr\u00f3nica, descarnada y humana, del proceso judicial por el atentado islamista contra la sala Bataclan. V13: viernes 13 de noviembre de 2015. En tres puntos diferentes de Par\u00eds se producen atentados yihadistas. El m\u00e1s grave es el de la sala Bataclan, donde est\u00e1n actuando los Eagles of Death Metal. El resultado de los ataques en el coraz\u00f3n de Francia es de ciento treinta muertos y m\u00e1s de cuatrocientos heridos. A\u00f1os despu\u00e9s, durante nueve meses \u0096entre septiembre de 2021 y junio de 2022\u0096, se celebra el juicio en el Palacio de Justicia de la capital. Hay catorce acusados: el principal es el \u00fanico superviviente de entre los terroristas de Estado Isl\u00e1mico que participaron en la masacre. Sobrevivi\u00f3 porque no deton\u00f3 su cintur\u00f3n con explosivos. \u00bfFall\u00f3 el mecanismo? \u00bfTuvo miedo? \u00bfO quiz\u00e1 un fugaz momento de arrepentimiento y humanidad? El resto son colaboradores en distintos grados. Y adem\u00e1s est\u00e1n los testigos \u0096que cuentan historias de una gran crudeza\u0096, los familiares de los fallecidos, los severos fiscales, los abogados defensores, que utilizan argucias para tratar de salvar a sus clientes, el tribunal, que debe emitir sentencia\u0085 La justicia eval\u00faa con frialdad la barbarie.Emmanuel Carr\u00e8re cubre el juicio y env\u00eda sus cr\u00f3nicas semanales a L&#8217;Obs. Esos textos son la base de este libro. En sus p\u00e1ginas encontramos la narraci\u00f3n del juicio, la voz de las v\u00edctimas, los advenedizos que han tratado de hacerse pasar por v\u00edctimas, los h\u00e9roes que ayudaron a detener a los criminales, los corrillos de los abogados, los detalles entre bambalinas\u0085La dimensi\u00f3n humana y la dimensi\u00f3n pol\u00edtica. El resultado: un volumen sobrecogedor y un testimonio necesario. El periodismo hecho literatura a trav\u00e9s de la perspicaz mirada de Carr\u00e8re. \u00ab,<\/p>\n","protected":false},"excerpt":{"rendered":"<p>La cr\u00f3nica, descarnada y humana, del proceso judicial por el atentado islamista contra la sala Bataclan. V13: viernes 13 de noviembre de 2015. En tres puntos diferentes de Par\u00eds se producen atentados yihadistas. El m\u00e1s grave es el de la sala Bataclan, donde est\u00e1n actuando los Eagles of Death Metal. El resultado de los ataques&hellip;&nbsp;<a href=\"https:\/\/www.casadelectores.com\/index.php\/producto\/finale-aktion-v13-cronica-judicial-43069\/\" rel=\"bookmark\"><span class=\"screen-reader-text\">Finale Aktion V13. CR\u00d3NICA JUDICIAL<\/span><\/a><\/p>\n","protected":false},"featured_media":43169,"template":"","meta":{"neve_meta_sidebar":"","neve_meta_container":"","neve_meta_enable_content_width":"","neve_meta_content_width":0,"neve_meta_title_alignment":"","neve_meta_author_avatar":"","neve_post_elements_order":"","neve_meta_disable_header":"","neve_meta_disable_footer":"","neve_meta_disable_title":"","_themeisle_gutenberg_block_has_review":false},"product_brand":[],"product_cat":[26],"product_tag":[],"class_list":["post-43069","product","type-product","status-publish","has-post-thumbnail","product_cat-publicaciones-de-libros","first","instock","sale","shipping-taxable","purchasable","product-type-simple"],"yoast_head":"<!-- This site is optimized with the Yoast SEO plugin v26.3 - https:\/\/yoast.com\/wordpress\/plugins\/seo\/ -->\n<title>Finale Aktion V13. CR\u00d3NICA JUDICIAL - casadelectores<\/title>\n<meta name=\"robots\" content=\"index, follow, max-snippet:-1, max-image-preview:large, max-video-preview:-1\" \/>\n<link rel=\"canonical\" href=\"https:\/\/www.casadelectores.com\/index.php\/producto\/finale-aktion-v13-cronica-judicial-43069\/\" \/>\n<meta property=\"og:locale\" content=\"es_ES\" \/>\n<meta property=\"og:type\" content=\"article\" \/>\n<meta property=\"og:title\" content=\"Finale Aktion V13. CR\u00d3NICA JUDICIAL - casadelectores\" \/>\n<meta property=\"og:description\" content=\"La cr\u00f3nica, descarnada y humana, del proceso judicial por el atentado islamista contra la sala Bataclan. V13: viernes 13 de noviembre de 2015. En tres puntos diferentes de Par\u00eds se producen atentados yihadistas. El m\u00e1s grave es el de la sala Bataclan, donde est\u00e1n actuando los Eagles of Death Metal. El resultado de los ataques&hellip;&nbsp;Finale Aktion V13. CR\u00d3NICA JUDICIAL\" \/>\n<meta property=\"og:url\" content=\"https:\/\/www.casadelectores.com\/index.php\/producto\/finale-aktion-v13-cronica-judicial-43069\/\" \/>\n<meta property=\"og:site_name\" content=\"casadelectores\" \/>\n<meta property=\"og:image\" content=\"https:\/\/www.casadelectores.com\/wp-content\/uploads\/2025\/SK0196358-DE20251119-101116-0-1763518286-978843391862.webp\" \/>\n\t<meta property=\"og:image:width\" content=\"293\" \/>\n\t<meta property=\"og:image:height\" content=\"500\" \/>\n\t<meta property=\"og:image:type\" content=\"image\/webp\" \/>\n<meta name=\"twitter:card\" content=\"summary_large_image\" \/>\n<meta name=\"twitter:label1\" content=\"Tiempo de lectura\" \/>\n\t<meta name=\"twitter:data1\" content=\"2 minutos\" \/>\n<script type=\"application\/ld+json\" class=\"yoast-schema-graph\">{\"@context\":\"https:\/\/schema.org\",\"@graph\":[{\"@type\":\"WebPage\",\"@id\":\"https:\/\/www.casadelectores.com\/index.php\/producto\/finale-aktion-v13-cronica-judicial-43069\/\",\"url\":\"https:\/\/www.casadelectores.com\/index.php\/producto\/finale-aktion-v13-cronica-judicial-43069\/\",\"name\":\"Finale Aktion V13. CR\u00d3NICA JUDICIAL - casadelectores\",\"isPartOf\":{\"@id\":\"https:\/\/www.casadelectores.com\/#website\"},\"primaryImageOfPage\":{\"@id\":\"https:\/\/www.casadelectores.com\/index.php\/producto\/finale-aktion-v13-cronica-judicial-43069\/#primaryimage\"},\"image\":{\"@id\":\"https:\/\/www.casadelectores.com\/index.php\/producto\/finale-aktion-v13-cronica-judicial-43069\/#primaryimage\"},\"thumbnailUrl\":\"https:\/\/www.casadelectores.com\/wp-content\/uploads\/2025\/SK0196358-DE20251119-101116-0-1763518286-978843391862.webp\",\"datePublished\":\"2025-11-25T09:05:43+00:00\",\"breadcrumb\":{\"@id\":\"https:\/\/www.casadelectores.com\/index.php\/producto\/finale-aktion-v13-cronica-judicial-43069\/#breadcrumb\"},\"inLanguage\":\"es\",\"potentialAction\":[{\"@type\":\"ReadAction\",\"target\":[\"https:\/\/www.casadelectores.com\/index.php\/producto\/finale-aktion-v13-cronica-judicial-43069\/\"]}]},{\"@type\":\"ImageObject\",\"inLanguage\":\"es\",\"@id\":\"https:\/\/www.casadelectores.com\/index.php\/producto\/finale-aktion-v13-cronica-judicial-43069\/#primaryimage\",\"url\":\"https:\/\/www.casadelectores.com\/wp-content\/uploads\/2025\/SK0196358-DE20251119-101116-0-1763518286-978843391862.webp\",\"contentUrl\":\"https:\/\/www.casadelectores.com\/wp-content\/uploads\/2025\/SK0196358-DE20251119-101116-0-1763518286-978843391862.webp\",\"width\":293,\"height\":500},{\"@type\":\"BreadcrumbList\",\"@id\":\"https:\/\/www.casadelectores.com\/index.php\/producto\/finale-aktion-v13-cronica-judicial-43069\/#breadcrumb\",\"itemListElement\":[{\"@type\":\"ListItem\",\"position\":1,\"name\":\"Portada\",\"item\":\"https:\/\/www.casadelectores.com\/\"},{\"@type\":\"ListItem\",\"position\":2,\"name\":\"Shop\",\"item\":\"https:\/\/www.casadelectores.com\/index.php\/shop\/\"},{\"@type\":\"ListItem\",\"position\":3,\"name\":\"Finale Aktion V13. CR\u00d3NICA JUDICIAL\"}]},{\"@type\":\"WebSite\",\"@id\":\"https:\/\/www.casadelectores.com\/#website\",\"url\":\"https:\/\/www.casadelectores.com\/\",\"name\":\"Enam\u00f3rate de las compras\",\"description\":\"\",\"publisher\":{\"@id\":\"https:\/\/www.casadelectores.com\/#organization\"},\"potentialAction\":[{\"@type\":\"SearchAction\",\"target\":{\"@type\":\"EntryPoint\",\"urlTemplate\":\"https:\/\/www.casadelectores.com\/?s={search_term_string}\"},\"query-input\":{\"@type\":\"PropertyValueSpecification\",\"valueRequired\":true,\"valueName\":\"search_term_string\"}}],\"inLanguage\":\"es\"},{\"@type\":\"Organization\",\"@id\":\"https:\/\/www.casadelectores.com\/#organization\",\"name\":\"Enam\u00f3rate de las compras\",\"url\":\"https:\/\/www.casadelectores.com\/\",\"logo\":{\"@type\":\"ImageObject\",\"inLanguage\":\"es\",\"@id\":\"https:\/\/www.casadelectores.com\/#\/schema\/logo\/image\/\",\"url\":\"https:\/\/www.casadelectores.com\/wp-content\/uploads\/2020\/10\/shop-icon.png\",\"contentUrl\":\"https:\/\/www.casadelectores.com\/wp-content\/uploads\/2020\/10\/shop-icon.png\",\"width\":512,\"height\":512,\"caption\":\"Enam\u00f3rate de las compras\"},\"image\":{\"@id\":\"https:\/\/www.casadelectores.com\/#\/schema\/logo\/image\/\"}}]}<\/script>\n<!-- \/ Yoast SEO plugin. -->","yoast_head_json":{"title":"Finale Aktion V13. CR\u00d3NICA JUDICIAL - casadelectores","robots":{"index":"index","follow":"follow","max-snippet":"max-snippet:-1","max-image-preview":"max-image-preview:large","max-video-preview":"max-video-preview:-1"},"canonical":"https:\/\/www.casadelectores.com\/index.php\/producto\/finale-aktion-v13-cronica-judicial-43069\/","og_locale":"es_ES","og_type":"article","og_title":"Finale Aktion V13. CR\u00d3NICA JUDICIAL - casadelectores","og_description":"La cr\u00f3nica, descarnada y humana, del proceso judicial por el atentado islamista contra la sala Bataclan. V13: viernes 13 de noviembre de 2015. En tres puntos diferentes de Par\u00eds se producen atentados yihadistas. El m\u00e1s grave es el de la sala Bataclan, donde est\u00e1n actuando los Eagles of Death Metal. El resultado de los ataques&hellip;&nbsp;Finale Aktion V13. CR\u00d3NICA JUDICIAL","og_url":"https:\/\/www.casadelectores.com\/index.php\/producto\/finale-aktion-v13-cronica-judicial-43069\/","og_site_name":"casadelectores","og_image":[{"width":293,"height":500,"url":"https:\/\/www.casadelectores.com\/wp-content\/uploads\/2025\/SK0196358-DE20251119-101116-0-1763518286-978843391862.webp","type":"image\/webp"}],"twitter_card":"summary_large_image","twitter_misc":{"Tiempo de lectura":"2 minutos"},"schema":{"@context":"https:\/\/schema.org","@graph":[{"@type":"WebPage","@id":"https:\/\/www.casadelectores.com\/index.php\/producto\/finale-aktion-v13-cronica-judicial-43069\/","url":"https:\/\/www.casadelectores.com\/index.php\/producto\/finale-aktion-v13-cronica-judicial-43069\/","name":"Finale Aktion V13. CR\u00d3NICA JUDICIAL - casadelectores","isPartOf":{"@id":"https:\/\/www.casadelectores.com\/#website"},"primaryImageOfPage":{"@id":"https:\/\/www.casadelectores.com\/index.php\/producto\/finale-aktion-v13-cronica-judicial-43069\/#primaryimage"},"image":{"@id":"https:\/\/www.casadelectores.com\/index.php\/producto\/finale-aktion-v13-cronica-judicial-43069\/#primaryimage"},"thumbnailUrl":"https:\/\/www.casadelectores.com\/wp-content\/uploads\/2025\/SK0196358-DE20251119-101116-0-1763518286-978843391862.webp","datePublished":"2025-11-25T09:05:43+00:00","breadcrumb":{"@id":"https:\/\/www.casadelectores.com\/index.php\/producto\/finale-aktion-v13-cronica-judicial-43069\/#breadcrumb"},"inLanguage":"es","potentialAction":[{"@type":"ReadAction","target":["https:\/\/www.casadelectores.com\/index.php\/producto\/finale-aktion-v13-cronica-judicial-43069\/"]}]},{"@type":"ImageObject","inLanguage":"es","@id":"https:\/\/www.casadelectores.com\/index.php\/producto\/finale-aktion-v13-cronica-judicial-43069\/#primaryimage","url":"https:\/\/www.casadelectores.com\/wp-content\/uploads\/2025\/SK0196358-DE20251119-101116-0-1763518286-978843391862.webp","contentUrl":"https:\/\/www.casadelectores.com\/wp-content\/uploads\/2025\/SK0196358-DE20251119-101116-0-1763518286-978843391862.webp","width":293,"height":500},{"@type":"BreadcrumbList","@id":"https:\/\/www.casadelectores.com\/index.php\/producto\/finale-aktion-v13-cronica-judicial-43069\/#breadcrumb","itemListElement":[{"@type":"ListItem","position":1,"name":"Portada","item":"https:\/\/www.casadelectores.com\/"},{"@type":"ListItem","position":2,"name":"Shop","item":"https:\/\/www.casadelectores.com\/index.php\/shop\/"},{"@type":"ListItem","position":3,"name":"Finale Aktion V13. CR\u00d3NICA JUDICIAL"}]},{"@type":"WebSite","@id":"https:\/\/www.casadelectores.com\/#website","url":"https:\/\/www.casadelectores.com\/","name":"Enam\u00f3rate de las compras","description":"","publisher":{"@id":"https:\/\/www.casadelectores.com\/#organization"},"potentialAction":[{"@type":"SearchAction","target":{"@type":"EntryPoint","urlTemplate":"https:\/\/www.casadelectores.com\/?s={search_term_string}"},"query-input":{"@type":"PropertyValueSpecification","valueRequired":true,"valueName":"search_term_string"}}],"inLanguage":"es"},{"@type":"Organization","@id":"https:\/\/www.casadelectores.com\/#organization","name":"Enam\u00f3rate de las compras","url":"https:\/\/www.casadelectores.com\/","logo":{"@type":"ImageObject","inLanguage":"es","@id":"https:\/\/www.casadelectores.com\/#\/schema\/logo\/image\/","url":"https:\/\/www.casadelectores.com\/wp-content\/uploads\/2020\/10\/shop-icon.png","contentUrl":"https:\/\/www.casadelectores.com\/wp-content\/uploads\/2020\/10\/shop-icon.png","width":512,"height":512,"caption":"Enam\u00f3rate de las compras"},"image":{"@id":"https:\/\/www.casadelectores.com\/#\/schema\/logo\/image\/"}}]}},"_links":{"self":[{"href":"https:\/\/www.casadelectores.com\/index.php\/wp-json\/wp\/v2\/product\/43069","targetHints":{"allow":["GET"]}}],"collection":[{"href":"https:\/\/www.casadelectores.com\/index.php\/wp-json\/wp\/v2\/product"}],"about":[{"href":"https:\/\/www.casadelectores.com\/index.php\/wp-json\/wp\/v2\/types\/product"}],"wp:featuredmedia":[{"embeddable":true,"href":"https:\/\/www.casadelectores.com\/index.php\/wp-json\/wp\/v2\/media\/43169"}],"wp:attachment":[{"href":"https:\/\/www.casadelectores.com\/index.php\/wp-json\/wp\/v2\/media?parent=43069"}],"wp:term":[{"taxonomy":"product_brand","embeddable":true,"href":"https:\/\/www.casadelectores.com\/index.php\/wp-json\/wp\/v2\/product_brand?post=43069"},{"taxonomy":"product_cat","embeddable":true,"href":"https:\/\/www.casadelectores.com\/index.php\/wp-json\/wp\/v2\/product_cat?post=43069"},{"taxonomy":"product_tag","embeddable":true,"href":"https:\/\/www.casadelectores.com\/index.php\/wp-json\/wp\/v2\/product_tag?post=43069"}],"curies":[{"name":"wp","href":"https:\/\/api.w.org\/{rel}","templated":true}]}}

Finale Aktion V13. CRÓNICA JUDICIAL

<p>La crónica, descarnada y humana, del proceso judicial por el atentado islamista contra la sala Bataclan. V13: viernes 13 de noviembre de 2015. En tres puntos diferentes de París se producen atentados yihadistas. El más grave es el de la sala Bataclan, donde están actuando los Eagles of Death Metal. El resultado de los ataques en el corazón de Francia es de ciento treinta muertos y más de cuatrocientos heridos. Años después, durante nueve meses entre septiembre de 2021 y junio de 2022, se celebra el juicio en el Palacio de Justicia de la capital. Hay catorce acusados: el principal es el único superviviente de entre los terroristas de Estado Islámico que participaron en la masacre. Sobrevivió porque no detonó su cinturón con explosivos. ¿Falló el mecanismo? ¿Tuvo miedo? ¿O quizá un fugaz momento de arrepentimiento y humanidad? El resto son colaboradores en distintos grados. Y además están los testigos que cuentan historias de una gran crudeza, los familiares de los fallecidos, los severos fiscales, los abogados defensores, que utilizan argucias para tratar de salvar a sus clientes, el tribunal, que debe emitir sentencia La justicia evalúa con frialdad la barbarie.Emmanuel Carrère cubre el juicio y envía sus crónicas semanales a L&#8217;Obs. Esos textos son la base de este libro. En sus páginas encontramos la narración del juicio, la voz de las víctimas, los advenedizos que han tratado de hacerse pasar por víctimas, los héroes que ayudaron a detener a los criminales, los corrillos de los abogados, los detalles entre bambalinasLa dimensión humana y la dimensión política. El resultado: un volumen sobrecogedor y un testimonio necesario. El periodismo hecho literatura a través de la perspicaz mirada de Carrère. «,</p>

<p>La crónica, descarnada y humana, del proceso judicial por el atentado islamista contra la sala Bataclan. V13: viernes 13 de noviembre de 2015. En tres puntos diferentes de París se producen atentados yihadistas. El más grave es el de la sala Bataclan, donde están actuando los Eagles of Death Metal. El resultado de los ataques&hellip;&nbsp;<a href="https://www.casadelectores.com/index.php/producto/finale-aktion-v13-cronica-judicial-43069/" rel="bookmark"><span class="screen-reader-text">Finale Aktion V13. CRÓNICA JUDICIAL</span></a></p>

<!-- This site is optimized with the Yoast SEO plugin v26.3 - https://yoast.com/wordpress/plugins/seo/ -->
<title>Finale Aktion V13. CRÓNICA JUDICIAL - casadelectores</title>
<meta name="robots" content="index, follow, max-snippet:-1, max-image-preview:large, max-video-preview:-1" />
<link rel="canonical" href="https://www.casadelectores.com/index.php/producto/finale-aktion-v13-cronica-judicial-43069/" />
<meta property="og:locale" content="es_ES" />
<meta property="og:type" content="article" />
<meta property="og:title" content="Finale Aktion V13. CRÓNICA JUDICIAL - casadelectores" />
<meta property="og:description" content="La crónica, descarnada y humana, del proceso judicial por el atentado islamista contra la sala Bataclan. V13: viernes 13 de noviembre de 2015. En tres puntos diferentes de París se producen atentados yihadistas. El más grave es el de la sala Bataclan, donde están actuando los Eagles of Death Metal. El resultado de los ataques&hellip;&nbsp;Finale Aktion V13. CRÓNICA JUDICIAL" />
<meta property="og:url" content="https://www.casadelectores.com/index.php/producto/finale-aktion-v13-cronica-judicial-43069/" />
<meta property="og:site_name" content="casadelectores" />
<meta property="og:image" content="https://www.casadelectores.com/wp-content/uploads/2025/SK0196358-DE20251119-101116-0-1763518286-978843391862.webp" />
	<meta property="og:image:width" content="293" />
	<meta property="og:image:height" content="500" />
	<meta property="og:image:type" content="image/webp" />
<meta name="twitter:card" content="summary_large_image" />
<meta name="twitter:label1" content="Tiempo de lectura" />
	<meta name="twitter:data1" content="2 minutos" />
<script type="application/ld+json" class="yoast-schema-graph">{"@context":"https://schema.org","@graph":[{"@type":"WebPage","@id":"https://www.casadelectores.com/index.php/producto/finale-aktion-v13-cronica-judicial-43069/","url":"https://www.casadelectores.com/index.php/producto/finale-aktion-v13-cronica-judicial-43069/","name":"Finale Aktion V13. CRÓNICA JUDICIAL - casadelectores","isPartOf":{"@id":"https://www.casadelectores.com/#website"},"primaryImageOfPage":{"@id":"https://www.casadelectores.com/index.php/producto/finale-aktion-v13-cronica-judicial-43069/#primaryimage"},"image":{"@id":"https://www.casadelectores.com/index.php/producto/finale-aktion-v13-cronica-judicial-43069/#primaryimage"},"thumbnailUrl":"https://www.casadelectores.com/wp-content/uploads/2025/SK0196358-DE20251119-101116-0-1763518286-978843391862.webp","datePublished":"2025-11-25T09:05:43+00:00","breadcrumb":{"@id":"https://www.casadelectores.com/index.php/producto/finale-aktion-v13-cronica-judicial-43069/#breadcrumb"},"inLanguage":"es","potentialAction":[{"@type":"ReadAction","target":["https://www.casadelectores.com/index.php/producto/finale-aktion-v13-cronica-judicial-43069/"]}]},{"@type":"ImageObject","inLanguage":"es","@id":"https://www.casadelectores.com/index.php/producto/finale-aktion-v13-cronica-judicial-43069/#primaryimage","url":"https://www.casadelectores.com/wp-content/uploads/2025/SK0196358-DE20251119-101116-0-1763518286-978843391862.webp","contentUrl":"https://www.casadelectores.com/wp-content/uploads/2025/SK0196358-DE20251119-101116-0-1763518286-978843391862.webp","width":293,"height":500},{"@type":"BreadcrumbList","@id":"https://www.casadelectores.com/index.php/producto/finale-aktion-v13-cronica-judicial-43069/#breadcrumb","itemListElement":[{"@type":"ListItem","position":1,"name":"Portada","item":"https://www.casadelectores.com/"},{"@type":"ListItem","position":2,"name":"Shop","item":"https://www.casadelectores.com/index.php/shop/"},{"@type":"ListItem","position":3,"name":"Finale Aktion V13. CRÓNICA JUDICIAL"}]},{"@type":"WebSite","@id":"https://www.casadelectores.com/#website","url":"https://www.casadelectores.com/","name":"Enamórate de las compras","description":"","publisher":{"@id":"https://www.casadelectores.com/#organization"},"potentialAction":[{"@type":"SearchAction","target":{"@type":"EntryPoint","urlTemplate":"https://www.casadelectores.com/?s={search_term_string}"},"query-input":{"@type":"PropertyValueSpecification","valueRequired":true,"valueName":"search_term_string"}}],"inLanguage":"es"},{"@type":"Organization","@id":"https://www.casadelectores.com/#organization","name":"Enamórate de las compras","url":"https://www.casadelectores.com/","logo":{"@type":"ImageObject","inLanguage":"es","@id":"https://www.casadelectores.com/#/schema/logo/image/","url":"https://www.casadelectores.com/wp-content/uploads/2020/10/shop-icon.png","contentUrl":"https://www.casadelectores.com/wp-content/uploads/2020/10/shop-icon.png","width":512,"height":512,"caption":"Enamórate de las compras"},"image":{"@id":"https://www.casadelectores.com/#/schema/logo/image/"}}]}</script>
<!-- / Yoast SEO plugin. -->

Finale Aktion V13. CRÓNICA JUDICIAL - casadelectores

La crónica, descarnada y humana, del proceso judicial por el atentado islamista contra la sala Bataclan. V13: viernes 13 de noviembre de 2015. En tres puntos diferentes de París se producen atentados yihadistas. El más grave es el de la sala Bataclan, donde están actuando los Eagles of Death Metal. El resultado de los ataques&hellip;&nbsp;Finale Aktion V13. CRÓNICA JUDICIAL

Enamórate de las compras
