{"id":36624,"date":"2025-11-25T09:05:33","date_gmt":"2025-11-25T09:05:33","guid":{"rendered":""},"modified":"2025-11-25T09:05:33","modified_gmt":"2025-11-25T09:05:33","slug":"en-brazos-de-la-tierra-diez-serrano-isabel-sonderaktion-36624","status":"publish","type":"product","link":"https:\/\/www.casadelectores.com\/index.php\/producto\/en-brazos-de-la-tierra-diez-serrano-isabel-sonderaktion-36624\/","title":{"rendered":"EN BRAZOS DE LA TIERRA, D\u00cdEZ SERRANO, ISABEL Sonderaktion"},"content":{"rendered":"<p>El poemario desarrolla, desde los or\u00edgenes, el nacimiento de un nuevo ser a este mundo que conocemos de una forma f\u00edsica pero que viene viajando desde otros mundos nombrados como limbo, cielo&#8230;, incluso de vidas anteriores. As\u00ed comienza el primer cap\u00edtulo de esta obra: \u00abEstoy en el principio de la carne\u00bb, donde leemos un peque\u00f1o verso \u00abAquel sinf\u00edn de rostros me empuj\u00f3 \/ a los karmas que a\u00fan me pertenecen\u00bb. Isabel explica de una forma tan bella como sutil estas verdades profundas, pues el nacimiento de cada nuevo ser no ocurre de manera fortuita, la vida as\u00ed como la muerte no es algo que se decide. Existen unos seres elevados encargados de realizar una gran obra de infinita inteligencia y precisi\u00f3n para ubicarnos en un tiempo, lugar y familia, lo cual nos permite nacer en un ambiente adecuado al tipo de experiencias que necesitamos. Es una obra enorme de sincronicidad y perfecci\u00f3n absolutas de la cual, adem\u00e1s, normalmente, se trata de un PLAN con el que nosotros estuvimos de acuerdo.<\/p>\n","protected":false},"excerpt":{"rendered":"<p>El poemario desarrolla, desde los or\u00edgenes, el nacimiento de un nuevo ser a este mundo que conocemos de una forma f\u00edsica pero que viene viajando desde otros mundos nombrados como limbo, cielo&#8230;, incluso de vidas anteriores. As\u00ed comienza el primer cap\u00edtulo de esta obra: \u00abEstoy en el principio de la carne\u00bb, donde leemos un peque\u00f1o&hellip;&nbsp;<a href=\"https:\/\/www.casadelectores.com\/index.php\/producto\/en-brazos-de-la-tierra-diez-serrano-isabel-sonderaktion-36624\/\" rel=\"bookmark\"><span class=\"screen-reader-text\">EN BRAZOS DE LA TIERRA, D\u00cdEZ SERRANO, ISABEL Sonderaktion<\/span><\/a><\/p>\n","protected":false},"featured_media":36724,"template":"","meta":{"neve_meta_sidebar":"","neve_meta_container":"","neve_meta_enable_content_width":"","neve_meta_content_width":0,"neve_meta_title_alignment":"","neve_meta_author_avatar":"","neve_post_elements_order":"","neve_meta_disable_header":"","neve_meta_disable_footer":"","neve_meta_disable_title":"","_themeisle_gutenberg_block_has_review":false},"product_brand":[],"product_cat":[26],"product_tag":[],"class_list":["post-36624","product","type-product","status-publish","has-post-thumbnail","product_cat-publicaciones-de-libros","first","instock","sale","shipping-taxable","purchasable","product-type-simple"],"yoast_head":"<!-- This site is optimized with the Yoast SEO plugin v26.3 - https:\/\/yoast.com\/wordpress\/plugins\/seo\/ -->\n<title>EN BRAZOS DE LA TIERRA, D\u00cdEZ SERRANO, ISABEL Sonderaktion - casadelectores<\/title>\n<meta name=\"robots\" content=\"index, follow, max-snippet:-1, max-image-preview:large, max-video-preview:-1\" \/>\n<link rel=\"canonical\" href=\"https:\/\/www.casadelectores.com\/index.php\/producto\/en-brazos-de-la-tierra-diez-serrano-isabel-sonderaktion-36624\/\" \/>\n<meta property=\"og:locale\" content=\"es_ES\" \/>\n<meta property=\"og:type\" content=\"article\" \/>\n<meta property=\"og:title\" content=\"EN BRAZOS DE LA TIERRA, D\u00cdEZ SERRANO, ISABEL Sonderaktion - casadelectores\" \/>\n<meta property=\"og:description\" content=\"El poemario desarrolla, desde los or\u00edgenes, el nacimiento de un nuevo ser a este mundo que conocemos de una forma f\u00edsica pero que viene viajando desde otros mundos nombrados como limbo, cielo&#8230;, incluso de vidas anteriores. As\u00ed comienza el primer cap\u00edtulo de esta obra: \u00abEstoy en el principio de la carne\u00bb, donde leemos un peque\u00f1o&hellip;&nbsp;EN BRAZOS DE LA TIERRA, D\u00cdEZ SERRANO, ISABEL Sonderaktion\" \/>\n<meta property=\"og:url\" content=\"https:\/\/www.casadelectores.com\/index.php\/producto\/en-brazos-de-la-tierra-diez-serrano-isabel-sonderaktion-36624\/\" \/>\n<meta property=\"og:site_name\" content=\"casadelectores\" \/>\n<meta property=\"og:image\" content=\"https:\/\/www.casadelectores.com\/wp-content\/uploads\/2025\/SK0017533-DE20251119-101215-0-1763518342-978849591974.webp\" \/>\n\t<meta property=\"og:image:width\" content=\"203\" \/>\n\t<meta property=\"og:image:height\" content=\"283\" \/>\n\t<meta property=\"og:image:type\" content=\"image\/webp\" \/>\n<meta name=\"twitter:card\" content=\"summary_large_image\" \/>\n<meta name=\"twitter:label1\" content=\"Tiempo de lectura\" \/>\n\t<meta name=\"twitter:data1\" content=\"1 minuto\" \/>\n<script type=\"application\/ld+json\" class=\"yoast-schema-graph\">{\"@context\":\"https:\/\/schema.org\",\"@graph\":[{\"@type\":\"WebPage\",\"@id\":\"https:\/\/www.casadelectores.com\/index.php\/producto\/en-brazos-de-la-tierra-diez-serrano-isabel-sonderaktion-36624\/\",\"url\":\"https:\/\/www.casadelectores.com\/index.php\/producto\/en-brazos-de-la-tierra-diez-serrano-isabel-sonderaktion-36624\/\",\"name\":\"EN BRAZOS DE LA TIERRA, D\u00cdEZ SERRANO, ISABEL Sonderaktion - casadelectores\",\"isPartOf\":{\"@id\":\"https:\/\/www.casadelectores.com\/#website\"},\"primaryImageOfPage\":{\"@id\":\"https:\/\/www.casadelectores.com\/index.php\/producto\/en-brazos-de-la-tierra-diez-serrano-isabel-sonderaktion-36624\/#primaryimage\"},\"image\":{\"@id\":\"https:\/\/www.casadelectores.com\/index.php\/producto\/en-brazos-de-la-tierra-diez-serrano-isabel-sonderaktion-36624\/#primaryimage\"},\"thumbnailUrl\":\"https:\/\/www.casadelectores.com\/wp-content\/uploads\/2025\/SK0017533-DE20251119-101215-0-1763518342-978849591974.webp\",\"datePublished\":\"2025-11-25T09:05:33+00:00\",\"breadcrumb\":{\"@id\":\"https:\/\/www.casadelectores.com\/index.php\/producto\/en-brazos-de-la-tierra-diez-serrano-isabel-sonderaktion-36624\/#breadcrumb\"},\"inLanguage\":\"es\",\"potentialAction\":[{\"@type\":\"ReadAction\",\"target\":[\"https:\/\/www.casadelectores.com\/index.php\/producto\/en-brazos-de-la-tierra-diez-serrano-isabel-sonderaktion-36624\/\"]}]},{\"@type\":\"ImageObject\",\"inLanguage\":\"es\",\"@id\":\"https:\/\/www.casadelectores.com\/index.php\/producto\/en-brazos-de-la-tierra-diez-serrano-isabel-sonderaktion-36624\/#primaryimage\",\"url\":\"https:\/\/www.casadelectores.com\/wp-content\/uploads\/2025\/SK0017533-DE20251119-101215-0-1763518342-978849591974.webp\",\"contentUrl\":\"https:\/\/www.casadelectores.com\/wp-content\/uploads\/2025\/SK0017533-DE20251119-101215-0-1763518342-978849591974.webp\",\"width\":203,\"height\":283},{\"@type\":\"BreadcrumbList\",\"@id\":\"https:\/\/www.casadelectores.com\/index.php\/producto\/en-brazos-de-la-tierra-diez-serrano-isabel-sonderaktion-36624\/#breadcrumb\",\"itemListElement\":[{\"@type\":\"ListItem\",\"position\":1,\"name\":\"Portada\",\"item\":\"https:\/\/www.casadelectores.com\/\"},{\"@type\":\"ListItem\",\"position\":2,\"name\":\"Shop\",\"item\":\"https:\/\/www.casadelectores.com\/index.php\/shop\/\"},{\"@type\":\"ListItem\",\"position\":3,\"name\":\"EN BRAZOS DE LA TIERRA, D\u00cdEZ SERRANO, ISABEL Sonderaktion\"}]},{\"@type\":\"WebSite\",\"@id\":\"https:\/\/www.casadelectores.com\/#website\",\"url\":\"https:\/\/www.casadelectores.com\/\",\"name\":\"Enam\u00f3rate de las compras\",\"description\":\"\",\"publisher\":{\"@id\":\"https:\/\/www.casadelectores.com\/#organization\"},\"potentialAction\":[{\"@type\":\"SearchAction\",\"target\":{\"@type\":\"EntryPoint\",\"urlTemplate\":\"https:\/\/www.casadelectores.com\/?s={search_term_string}\"},\"query-input\":{\"@type\":\"PropertyValueSpecification\",\"valueRequired\":true,\"valueName\":\"search_term_string\"}}],\"inLanguage\":\"es\"},{\"@type\":\"Organization\",\"@id\":\"https:\/\/www.casadelectores.com\/#organization\",\"name\":\"Enam\u00f3rate de las compras\",\"url\":\"https:\/\/www.casadelectores.com\/\",\"logo\":{\"@type\":\"ImageObject\",\"inLanguage\":\"es\",\"@id\":\"https:\/\/www.casadelectores.com\/#\/schema\/logo\/image\/\",\"url\":\"https:\/\/www.casadelectores.com\/wp-content\/uploads\/2020\/10\/shop-icon.png\",\"contentUrl\":\"https:\/\/www.casadelectores.com\/wp-content\/uploads\/2020\/10\/shop-icon.png\",\"width\":512,\"height\":512,\"caption\":\"Enam\u00f3rate de las compras\"},\"image\":{\"@id\":\"https:\/\/www.casadelectores.com\/#\/schema\/logo\/image\/\"}}]}<\/script>\n<!-- \/ Yoast SEO plugin. -->","yoast_head_json":{"title":"EN BRAZOS DE LA TIERRA, D\u00cdEZ SERRANO, ISABEL Sonderaktion - casadelectores","robots":{"index":"index","follow":"follow","max-snippet":"max-snippet:-1","max-image-preview":"max-image-preview:large","max-video-preview":"max-video-preview:-1"},"canonical":"https:\/\/www.casadelectores.com\/index.php\/producto\/en-brazos-de-la-tierra-diez-serrano-isabel-sonderaktion-36624\/","og_locale":"es_ES","og_type":"article","og_title":"EN BRAZOS DE LA TIERRA, D\u00cdEZ SERRANO, ISABEL Sonderaktion - casadelectores","og_description":"El poemario desarrolla, desde los or\u00edgenes, el nacimiento de un nuevo ser a este mundo que conocemos de una forma f\u00edsica pero que viene viajando desde otros mundos nombrados como limbo, cielo&#8230;, incluso de vidas anteriores. As\u00ed comienza el primer cap\u00edtulo de esta obra: \u00abEstoy en el principio de la carne\u00bb, donde leemos un peque\u00f1o&hellip;&nbsp;EN BRAZOS DE LA TIERRA, D\u00cdEZ SERRANO, ISABEL Sonderaktion","og_url":"https:\/\/www.casadelectores.com\/index.php\/producto\/en-brazos-de-la-tierra-diez-serrano-isabel-sonderaktion-36624\/","og_site_name":"casadelectores","og_image":[{"width":203,"height":283,"url":"https:\/\/www.casadelectores.com\/wp-content\/uploads\/2025\/SK0017533-DE20251119-101215-0-1763518342-978849591974.webp","type":"image\/webp"}],"twitter_card":"summary_large_image","twitter_misc":{"Tiempo de lectura":"1 minuto"},"schema":{"@context":"https:\/\/schema.org","@graph":[{"@type":"WebPage","@id":"https:\/\/www.casadelectores.com\/index.php\/producto\/en-brazos-de-la-tierra-diez-serrano-isabel-sonderaktion-36624\/","url":"https:\/\/www.casadelectores.com\/index.php\/producto\/en-brazos-de-la-tierra-diez-serrano-isabel-sonderaktion-36624\/","name":"EN BRAZOS DE LA TIERRA, D\u00cdEZ SERRANO, ISABEL Sonderaktion - casadelectores","isPartOf":{"@id":"https:\/\/www.casadelectores.com\/#website"},"primaryImageOfPage":{"@id":"https:\/\/www.casadelectores.com\/index.php\/producto\/en-brazos-de-la-tierra-diez-serrano-isabel-sonderaktion-36624\/#primaryimage"},"image":{"@id":"https:\/\/www.casadelectores.com\/index.php\/producto\/en-brazos-de-la-tierra-diez-serrano-isabel-sonderaktion-36624\/#primaryimage"},"thumbnailUrl":"https:\/\/www.casadelectores.com\/wp-content\/uploads\/2025\/SK0017533-DE20251119-101215-0-1763518342-978849591974.webp","datePublished":"2025-11-25T09:05:33+00:00","breadcrumb":{"@id":"https:\/\/www.casadelectores.com\/index.php\/producto\/en-brazos-de-la-tierra-diez-serrano-isabel-sonderaktion-36624\/#breadcrumb"},"inLanguage":"es","potentialAction":[{"@type":"ReadAction","target":["https:\/\/www.casadelectores.com\/index.php\/producto\/en-brazos-de-la-tierra-diez-serrano-isabel-sonderaktion-36624\/"]}]},{"@type":"ImageObject","inLanguage":"es","@id":"https:\/\/www.casadelectores.com\/index.php\/producto\/en-brazos-de-la-tierra-diez-serrano-isabel-sonderaktion-36624\/#primaryimage","url":"https:\/\/www.casadelectores.com\/wp-content\/uploads\/2025\/SK0017533-DE20251119-101215-0-1763518342-978849591974.webp","contentUrl":"https:\/\/www.casadelectores.com\/wp-content\/uploads\/2025\/SK0017533-DE20251119-101215-0-1763518342-978849591974.webp","width":203,"height":283},{"@type":"BreadcrumbList","@id":"https:\/\/www.casadelectores.com\/index.php\/producto\/en-brazos-de-la-tierra-diez-serrano-isabel-sonderaktion-36624\/#breadcrumb","itemListElement":[{"@type":"ListItem","position":1,"name":"Portada","item":"https:\/\/www.casadelectores.com\/"},{"@type":"ListItem","position":2,"name":"Shop","item":"https:\/\/www.casadelectores.com\/index.php\/shop\/"},{"@type":"ListItem","position":3,"name":"EN BRAZOS DE LA TIERRA, D\u00cdEZ SERRANO, ISABEL Sonderaktion"}]},{"@type":"WebSite","@id":"https:\/\/www.casadelectores.com\/#website","url":"https:\/\/www.casadelectores.com\/","name":"Enam\u00f3rate de las compras","description":"","publisher":{"@id":"https:\/\/www.casadelectores.com\/#organization"},"potentialAction":[{"@type":"SearchAction","target":{"@type":"EntryPoint","urlTemplate":"https:\/\/www.casadelectores.com\/?s={search_term_string}"},"query-input":{"@type":"PropertyValueSpecification","valueRequired":true,"valueName":"search_term_string"}}],"inLanguage":"es"},{"@type":"Organization","@id":"https:\/\/www.casadelectores.com\/#organization","name":"Enam\u00f3rate de las compras","url":"https:\/\/www.casadelectores.com\/","logo":{"@type":"ImageObject","inLanguage":"es","@id":"https:\/\/www.casadelectores.com\/#\/schema\/logo\/image\/","url":"https:\/\/www.casadelectores.com\/wp-content\/uploads\/2020\/10\/shop-icon.png","contentUrl":"https:\/\/www.casadelectores.com\/wp-content\/uploads\/2020\/10\/shop-icon.png","width":512,"height":512,"caption":"Enam\u00f3rate de las compras"},"image":{"@id":"https:\/\/www.casadelectores.com\/#\/schema\/logo\/image\/"}}]}},"_links":{"self":[{"href":"https:\/\/www.casadelectores.com\/index.php\/wp-json\/wp\/v2\/product\/36624","targetHints":{"allow":["GET"]}}],"collection":[{"href":"https:\/\/www.casadelectores.com\/index.php\/wp-json\/wp\/v2\/product"}],"about":[{"href":"https:\/\/www.casadelectores.com\/index.php\/wp-json\/wp\/v2\/types\/product"}],"wp:featuredmedia":[{"embeddable":true,"href":"https:\/\/www.casadelectores.com\/index.php\/wp-json\/wp\/v2\/media\/36724"}],"wp:attachment":[{"href":"https:\/\/www.casadelectores.com\/index.php\/wp-json\/wp\/v2\/media?parent=36624"}],"wp:term":[{"taxonomy":"product_brand","embeddable":true,"href":"https:\/\/www.casadelectores.com\/index.php\/wp-json\/wp\/v2\/product_brand?post=36624"},{"taxonomy":"product_cat","embeddable":true,"href":"https:\/\/www.casadelectores.com\/index.php\/wp-json\/wp\/v2\/product_cat?post=36624"},{"taxonomy":"product_tag","embeddable":true,"href":"https:\/\/www.casadelectores.com\/index.php\/wp-json\/wp\/v2\/product_tag?post=36624"}],"curies":[{"name":"wp","href":"https:\/\/api.w.org\/{rel}","templated":true}]}}

EN BRAZOS DE LA TIERRA, DÍEZ SERRANO, ISABEL Sonderaktion

<p>El poemario desarrolla, desde los orígenes, el nacimiento de un nuevo ser a este mundo que conocemos de una forma física pero que viene viajando desde otros mundos nombrados como limbo, cielo&#8230;, incluso de vidas anteriores. Así comienza el primer capítulo de esta obra: «Estoy en el principio de la carne», donde leemos un pequeño verso «Aquel sinfín de rostros me empujó / a los karmas que aún me pertenecen». Isabel explica de una forma tan bella como sutil estas verdades profundas, pues el nacimiento de cada nuevo ser no ocurre de manera fortuita, la vida así como la muerte no es algo que se decide. Existen unos seres elevados encargados de realizar una gran obra de infinita inteligencia y precisión para ubicarnos en un tiempo, lugar y familia, lo cual nos permite nacer en un ambiente adecuado al tipo de experiencias que necesitamos. Es una obra enorme de sincronicidad y perfección absolutas de la cual, además, normalmente, se trata de un PLAN con el que nosotros estuvimos de acuerdo.</p>

<p>El poemario desarrolla, desde los orígenes, el nacimiento de un nuevo ser a este mundo que conocemos de una forma física pero que viene viajando desde otros mundos nombrados como limbo, cielo&#8230;, incluso de vidas anteriores. Así comienza el primer capítulo de esta obra: «Estoy en el principio de la carne», donde leemos un pequeño&hellip;&nbsp;<a href="https://www.casadelectores.com/index.php/producto/en-brazos-de-la-tierra-diez-serrano-isabel-sonderaktion-36624/" rel="bookmark"><span class="screen-reader-text">EN BRAZOS DE LA TIERRA, DÍEZ SERRANO, ISABEL Sonderaktion</span></a></p>

<!-- This site is optimized with the Yoast SEO plugin v26.3 - https://yoast.com/wordpress/plugins/seo/ -->
<title>EN BRAZOS DE LA TIERRA, DÍEZ SERRANO, ISABEL Sonderaktion - casadelectores</title>
<meta name="robots" content="index, follow, max-snippet:-1, max-image-preview:large, max-video-preview:-1" />
<link rel="canonical" href="https://www.casadelectores.com/index.php/producto/en-brazos-de-la-tierra-diez-serrano-isabel-sonderaktion-36624/" />
<meta property="og:locale" content="es_ES" />
<meta property="og:type" content="article" />
<meta property="og:title" content="EN BRAZOS DE LA TIERRA, DÍEZ SERRANO, ISABEL Sonderaktion - casadelectores" />
<meta property="og:description" content="El poemario desarrolla, desde los orígenes, el nacimiento de un nuevo ser a este mundo que conocemos de una forma física pero que viene viajando desde otros mundos nombrados como limbo, cielo&#8230;, incluso de vidas anteriores. Así comienza el primer capítulo de esta obra: «Estoy en el principio de la carne», donde leemos un pequeño&hellip;&nbsp;EN BRAZOS DE LA TIERRA, DÍEZ SERRANO, ISABEL Sonderaktion" />
<meta property="og:url" content="https://www.casadelectores.com/index.php/producto/en-brazos-de-la-tierra-diez-serrano-isabel-sonderaktion-36624/" />
<meta property="og:site_name" content="casadelectores" />
<meta property="og:image" content="https://www.casadelectores.com/wp-content/uploads/2025/SK0017533-DE20251119-101215-0-1763518342-978849591974.webp" />
	<meta property="og:image:width" content="203" />
	<meta property="og:image:height" content="283" />
	<meta property="og:image:type" content="image/webp" />
<meta name="twitter:card" content="summary_large_image" />
<meta name="twitter:label1" content="Tiempo de lectura" />
	<meta name="twitter:data1" content="1 minuto" />
<script type="application/ld+json" class="yoast-schema-graph">{"@context":"https://schema.org","@graph":[{"@type":"WebPage","@id":"https://www.casadelectores.com/index.php/producto/en-brazos-de-la-tierra-diez-serrano-isabel-sonderaktion-36624/","url":"https://www.casadelectores.com/index.php/producto/en-brazos-de-la-tierra-diez-serrano-isabel-sonderaktion-36624/","name":"EN BRAZOS DE LA TIERRA, DÍEZ SERRANO, ISABEL Sonderaktion - casadelectores","isPartOf":{"@id":"https://www.casadelectores.com/#website"},"primaryImageOfPage":{"@id":"https://www.casadelectores.com/index.php/producto/en-brazos-de-la-tierra-diez-serrano-isabel-sonderaktion-36624/#primaryimage"},"image":{"@id":"https://www.casadelectores.com/index.php/producto/en-brazos-de-la-tierra-diez-serrano-isabel-sonderaktion-36624/#primaryimage"},"thumbnailUrl":"https://www.casadelectores.com/wp-content/uploads/2025/SK0017533-DE20251119-101215-0-1763518342-978849591974.webp","datePublished":"2025-11-25T09:05:33+00:00","breadcrumb":{"@id":"https://www.casadelectores.com/index.php/producto/en-brazos-de-la-tierra-diez-serrano-isabel-sonderaktion-36624/#breadcrumb"},"inLanguage":"es","potentialAction":[{"@type":"ReadAction","target":["https://www.casadelectores.com/index.php/producto/en-brazos-de-la-tierra-diez-serrano-isabel-sonderaktion-36624/"]}]},{"@type":"ImageObject","inLanguage":"es","@id":"https://www.casadelectores.com/index.php/producto/en-brazos-de-la-tierra-diez-serrano-isabel-sonderaktion-36624/#primaryimage","url":"https://www.casadelectores.com/wp-content/uploads/2025/SK0017533-DE20251119-101215-0-1763518342-978849591974.webp","contentUrl":"https://www.casadelectores.com/wp-content/uploads/2025/SK0017533-DE20251119-101215-0-1763518342-978849591974.webp","width":203,"height":283},{"@type":"BreadcrumbList","@id":"https://www.casadelectores.com/index.php/producto/en-brazos-de-la-tierra-diez-serrano-isabel-sonderaktion-36624/#breadcrumb","itemListElement":[{"@type":"ListItem","position":1,"name":"Portada","item":"https://www.casadelectores.com/"},{"@type":"ListItem","position":2,"name":"Shop","item":"https://www.casadelectores.com/index.php/shop/"},{"@type":"ListItem","position":3,"name":"EN BRAZOS DE LA TIERRA, DÍEZ SERRANO, ISABEL Sonderaktion"}]},{"@type":"WebSite","@id":"https://www.casadelectores.com/#website","url":"https://www.casadelectores.com/","name":"Enamórate de las compras","description":"","publisher":{"@id":"https://www.casadelectores.com/#organization"},"potentialAction":[{"@type":"SearchAction","target":{"@type":"EntryPoint","urlTemplate":"https://www.casadelectores.com/?s={search_term_string}"},"query-input":{"@type":"PropertyValueSpecification","valueRequired":true,"valueName":"search_term_string"}}],"inLanguage":"es"},{"@type":"Organization","@id":"https://www.casadelectores.com/#organization","name":"Enamórate de las compras","url":"https://www.casadelectores.com/","logo":{"@type":"ImageObject","inLanguage":"es","@id":"https://www.casadelectores.com/#/schema/logo/image/","url":"https://www.casadelectores.com/wp-content/uploads/2020/10/shop-icon.png","contentUrl":"https://www.casadelectores.com/wp-content/uploads/2020/10/shop-icon.png","width":512,"height":512,"caption":"Enamórate de las compras"},"image":{"@id":"https://www.casadelectores.com/#/schema/logo/image/"}}]}</script>
<!-- / Yoast SEO plugin. -->

EN BRAZOS DE LA TIERRA, DÍEZ SERRANO, ISABEL Sonderaktion - casadelectores

El poemario desarrolla, desde los orígenes, el nacimiento de un nuevo ser a este mundo que conocemos de una forma física pero que viene viajando desde otros mundos nombrados como limbo, cielo&#8230;, incluso de vidas anteriores. Así comienza el primer capítulo de esta obra: «Estoy en el principio de la carne», donde leemos un pequeño&hellip;&nbsp;EN BRAZOS DE LA TIERRA, DÍEZ SERRANO, ISABEL Sonderaktion

Enamórate de las compras
