{"id":3578,"date":"2025-11-25T09:04:28","date_gmt":"2025-11-25T09:04:28","guid":{"rendered":""},"modified":"2025-11-25T09:04:28","modified_gmt":"2025-11-25T09:04:28","slug":"extensiones-del-mirar-mengenrabatt-3578","status":"publish","type":"product","link":"https:\/\/www.casadelectores.com\/index.php\/producto\/extensiones-del-mirar-mengenrabatt-3578\/","title":{"rendered":"EXTENSIONES DEL MIRAR Mengenrabatt"},"content":{"rendered":"<p>Este volumen, pese a estar compues\u00adto por trabajos y ensayos escritos a lo largo de muchos a\u00f1os, es un libro unitario. Como el autor aclara en su pr\u00f3logo, se trata, fundamentalmente, de reflexionar cr\u00edticamen\u00adte sobre cine, uno de los lenguajes que mejor han atravesado la cultura contempor\u00e1nea, pero tambi\u00e9n sobre los efectos pol\u00edticos e ideol\u00f3gicos que lo caracterizan. Hay, por tanto, un hilo conductor que otorga coherencia y unidad al conjunto. De la Nouvelle vague que dio inicio a los nuevos cines en la d\u00e9cada de los a\u00f1os sesenta del pasado siglo a los festivales independientes del final del franquismo, de Akira Kurosawa a Gregory LaCava y Javier Maqua, del estructuralismo al estudio del aparato cinematogr\u00e1fico, la mirada de Manuel Vidal Est\u00e9vez a\u00fana el rigor te\u00f3rico y la claridad expositiva de quien, como miembro que fue del colectivo Con\u00adtracampo, siempre consider\u00f3 la labor del cr\u00edtico no en t\u00e9rminos es\u00adt\u00e9ticos o cinef\u00edlicos, sino como forma de intervenci\u00f3n en la realidad del tiempo que nos ha tocado vivir, asumiendo que, aunque hoy parezca olvidarse, teor\u00eda y pol\u00edtica siempre van de la mano. \u00ab,<\/p>\n","protected":false},"excerpt":{"rendered":"<p>Este volumen, pese a estar compues\u00adto por trabajos y ensayos escritos a lo largo de muchos a\u00f1os, es un libro unitario. Como el autor aclara en su pr\u00f3logo, se trata, fundamentalmente, de reflexionar cr\u00edticamen\u00adte sobre cine, uno de los lenguajes que mejor han atravesado la cultura contempor\u00e1nea, pero tambi\u00e9n sobre los efectos pol\u00edticos e ideol\u00f3gicos&hellip;&nbsp;<a href=\"https:\/\/www.casadelectores.com\/index.php\/producto\/extensiones-del-mirar-mengenrabatt-3578\/\" rel=\"bookmark\"><span class=\"screen-reader-text\">EXTENSIONES DEL MIRAR Mengenrabatt<\/span><\/a><\/p>\n","protected":false},"featured_media":3678,"template":"","meta":{"neve_meta_sidebar":"","neve_meta_container":"","neve_meta_enable_content_width":"","neve_meta_content_width":0,"neve_meta_title_alignment":"","neve_meta_author_avatar":"","neve_post_elements_order":"","neve_meta_disable_header":"","neve_meta_disable_footer":"","neve_meta_disable_title":"","_themeisle_gutenberg_block_has_review":false},"product_brand":[],"product_cat":[26],"product_tag":[],"class_list":["post-3578","product","type-product","status-publish","has-post-thumbnail","product_cat-publicaciones-de-libros","first","instock","sale","shipping-taxable","purchasable","product-type-simple"],"yoast_head":"<!-- This site is optimized with the Yoast SEO plugin v26.3 - https:\/\/yoast.com\/wordpress\/plugins\/seo\/ -->\n<title>EXTENSIONES DEL MIRAR Mengenrabatt - casadelectores<\/title>\n<meta name=\"robots\" content=\"index, follow, max-snippet:-1, max-image-preview:large, max-video-preview:-1\" \/>\n<link rel=\"canonical\" href=\"https:\/\/www.casadelectores.com\/index.php\/producto\/extensiones-del-mirar-mengenrabatt-3578\/\" \/>\n<meta property=\"og:locale\" content=\"es_ES\" \/>\n<meta property=\"og:type\" content=\"article\" \/>\n<meta property=\"og:title\" content=\"EXTENSIONES DEL MIRAR Mengenrabatt - casadelectores\" \/>\n<meta property=\"og:description\" content=\"Este volumen, pese a estar compues\u00adto por trabajos y ensayos escritos a lo largo de muchos a\u00f1os, es un libro unitario. Como el autor aclara en su pr\u00f3logo, se trata, fundamentalmente, de reflexionar cr\u00edticamen\u00adte sobre cine, uno de los lenguajes que mejor han atravesado la cultura contempor\u00e1nea, pero tambi\u00e9n sobre los efectos pol\u00edticos e ideol\u00f3gicos&hellip;&nbsp;EXTENSIONES DEL MIRAR Mengenrabatt\" \/>\n<meta property=\"og:url\" content=\"https:\/\/www.casadelectores.com\/index.php\/producto\/extensiones-del-mirar-mengenrabatt-3578\/\" \/>\n<meta property=\"og:site_name\" content=\"casadelectores\" \/>\n<meta property=\"og:image\" content=\"https:\/\/www.casadelectores.com\/wp-content\/uploads\/2025\/SK0176999-DE20251119-101116-0-1763518286-978843763746.webp\" \/>\n\t<meta property=\"og:image:width\" content=\"300\" \/>\n\t<meta property=\"og:image:height\" content=\"467\" \/>\n\t<meta property=\"og:image:type\" content=\"image\/webp\" \/>\n<meta name=\"twitter:card\" content=\"summary_large_image\" \/>\n<meta name=\"twitter:label1\" content=\"Tiempo de lectura\" \/>\n\t<meta name=\"twitter:data1\" content=\"1 minuto\" \/>\n<script type=\"application\/ld+json\" class=\"yoast-schema-graph\">{\"@context\":\"https:\/\/schema.org\",\"@graph\":[{\"@type\":\"WebPage\",\"@id\":\"https:\/\/www.casadelectores.com\/index.php\/producto\/extensiones-del-mirar-mengenrabatt-3578\/\",\"url\":\"https:\/\/www.casadelectores.com\/index.php\/producto\/extensiones-del-mirar-mengenrabatt-3578\/\",\"name\":\"EXTENSIONES DEL MIRAR Mengenrabatt - casadelectores\",\"isPartOf\":{\"@id\":\"https:\/\/www.casadelectores.com\/#website\"},\"primaryImageOfPage\":{\"@id\":\"https:\/\/www.casadelectores.com\/index.php\/producto\/extensiones-del-mirar-mengenrabatt-3578\/#primaryimage\"},\"image\":{\"@id\":\"https:\/\/www.casadelectores.com\/index.php\/producto\/extensiones-del-mirar-mengenrabatt-3578\/#primaryimage\"},\"thumbnailUrl\":\"https:\/\/www.casadelectores.com\/wp-content\/uploads\/2025\/SK0176999-DE20251119-101116-0-1763518286-978843763746.webp\",\"datePublished\":\"2025-11-25T09:04:28+00:00\",\"breadcrumb\":{\"@id\":\"https:\/\/www.casadelectores.com\/index.php\/producto\/extensiones-del-mirar-mengenrabatt-3578\/#breadcrumb\"},\"inLanguage\":\"es\",\"potentialAction\":[{\"@type\":\"ReadAction\",\"target\":[\"https:\/\/www.casadelectores.com\/index.php\/producto\/extensiones-del-mirar-mengenrabatt-3578\/\"]}]},{\"@type\":\"ImageObject\",\"inLanguage\":\"es\",\"@id\":\"https:\/\/www.casadelectores.com\/index.php\/producto\/extensiones-del-mirar-mengenrabatt-3578\/#primaryimage\",\"url\":\"https:\/\/www.casadelectores.com\/wp-content\/uploads\/2025\/SK0176999-DE20251119-101116-0-1763518286-978843763746.webp\",\"contentUrl\":\"https:\/\/www.casadelectores.com\/wp-content\/uploads\/2025\/SK0176999-DE20251119-101116-0-1763518286-978843763746.webp\",\"width\":300,\"height\":467},{\"@type\":\"BreadcrumbList\",\"@id\":\"https:\/\/www.casadelectores.com\/index.php\/producto\/extensiones-del-mirar-mengenrabatt-3578\/#breadcrumb\",\"itemListElement\":[{\"@type\":\"ListItem\",\"position\":1,\"name\":\"Portada\",\"item\":\"https:\/\/www.casadelectores.com\/\"},{\"@type\":\"ListItem\",\"position\":2,\"name\":\"Shop\",\"item\":\"https:\/\/www.casadelectores.com\/index.php\/shop\/\"},{\"@type\":\"ListItem\",\"position\":3,\"name\":\"EXTENSIONES DEL MIRAR Mengenrabatt\"}]},{\"@type\":\"WebSite\",\"@id\":\"https:\/\/www.casadelectores.com\/#website\",\"url\":\"https:\/\/www.casadelectores.com\/\",\"name\":\"Enam\u00f3rate de las compras\",\"description\":\"\",\"publisher\":{\"@id\":\"https:\/\/www.casadelectores.com\/#organization\"},\"potentialAction\":[{\"@type\":\"SearchAction\",\"target\":{\"@type\":\"EntryPoint\",\"urlTemplate\":\"https:\/\/www.casadelectores.com\/?s={search_term_string}\"},\"query-input\":{\"@type\":\"PropertyValueSpecification\",\"valueRequired\":true,\"valueName\":\"search_term_string\"}}],\"inLanguage\":\"es\"},{\"@type\":\"Organization\",\"@id\":\"https:\/\/www.casadelectores.com\/#organization\",\"name\":\"Enam\u00f3rate de las compras\",\"url\":\"https:\/\/www.casadelectores.com\/\",\"logo\":{\"@type\":\"ImageObject\",\"inLanguage\":\"es\",\"@id\":\"https:\/\/www.casadelectores.com\/#\/schema\/logo\/image\/\",\"url\":\"https:\/\/www.casadelectores.com\/wp-content\/uploads\/2020\/10\/shop-icon.png\",\"contentUrl\":\"https:\/\/www.casadelectores.com\/wp-content\/uploads\/2020\/10\/shop-icon.png\",\"width\":512,\"height\":512,\"caption\":\"Enam\u00f3rate de las compras\"},\"image\":{\"@id\":\"https:\/\/www.casadelectores.com\/#\/schema\/logo\/image\/\"}}]}<\/script>\n<!-- \/ Yoast SEO plugin. -->","yoast_head_json":{"title":"EXTENSIONES DEL MIRAR Mengenrabatt - casadelectores","robots":{"index":"index","follow":"follow","max-snippet":"max-snippet:-1","max-image-preview":"max-image-preview:large","max-video-preview":"max-video-preview:-1"},"canonical":"https:\/\/www.casadelectores.com\/index.php\/producto\/extensiones-del-mirar-mengenrabatt-3578\/","og_locale":"es_ES","og_type":"article","og_title":"EXTENSIONES DEL MIRAR Mengenrabatt - casadelectores","og_description":"Este volumen, pese a estar compues\u00adto por trabajos y ensayos escritos a lo largo de muchos a\u00f1os, es un libro unitario. Como el autor aclara en su pr\u00f3logo, se trata, fundamentalmente, de reflexionar cr\u00edticamen\u00adte sobre cine, uno de los lenguajes que mejor han atravesado la cultura contempor\u00e1nea, pero tambi\u00e9n sobre los efectos pol\u00edticos e ideol\u00f3gicos&hellip;&nbsp;EXTENSIONES DEL MIRAR Mengenrabatt","og_url":"https:\/\/www.casadelectores.com\/index.php\/producto\/extensiones-del-mirar-mengenrabatt-3578\/","og_site_name":"casadelectores","og_image":[{"width":300,"height":467,"url":"https:\/\/www.casadelectores.com\/wp-content\/uploads\/2025\/SK0176999-DE20251119-101116-0-1763518286-978843763746.webp","type":"image\/webp"}],"twitter_card":"summary_large_image","twitter_misc":{"Tiempo de lectura":"1 minuto"},"schema":{"@context":"https:\/\/schema.org","@graph":[{"@type":"WebPage","@id":"https:\/\/www.casadelectores.com\/index.php\/producto\/extensiones-del-mirar-mengenrabatt-3578\/","url":"https:\/\/www.casadelectores.com\/index.php\/producto\/extensiones-del-mirar-mengenrabatt-3578\/","name":"EXTENSIONES DEL MIRAR Mengenrabatt - casadelectores","isPartOf":{"@id":"https:\/\/www.casadelectores.com\/#website"},"primaryImageOfPage":{"@id":"https:\/\/www.casadelectores.com\/index.php\/producto\/extensiones-del-mirar-mengenrabatt-3578\/#primaryimage"},"image":{"@id":"https:\/\/www.casadelectores.com\/index.php\/producto\/extensiones-del-mirar-mengenrabatt-3578\/#primaryimage"},"thumbnailUrl":"https:\/\/www.casadelectores.com\/wp-content\/uploads\/2025\/SK0176999-DE20251119-101116-0-1763518286-978843763746.webp","datePublished":"2025-11-25T09:04:28+00:00","breadcrumb":{"@id":"https:\/\/www.casadelectores.com\/index.php\/producto\/extensiones-del-mirar-mengenrabatt-3578\/#breadcrumb"},"inLanguage":"es","potentialAction":[{"@type":"ReadAction","target":["https:\/\/www.casadelectores.com\/index.php\/producto\/extensiones-del-mirar-mengenrabatt-3578\/"]}]},{"@type":"ImageObject","inLanguage":"es","@id":"https:\/\/www.casadelectores.com\/index.php\/producto\/extensiones-del-mirar-mengenrabatt-3578\/#primaryimage","url":"https:\/\/www.casadelectores.com\/wp-content\/uploads\/2025\/SK0176999-DE20251119-101116-0-1763518286-978843763746.webp","contentUrl":"https:\/\/www.casadelectores.com\/wp-content\/uploads\/2025\/SK0176999-DE20251119-101116-0-1763518286-978843763746.webp","width":300,"height":467},{"@type":"BreadcrumbList","@id":"https:\/\/www.casadelectores.com\/index.php\/producto\/extensiones-del-mirar-mengenrabatt-3578\/#breadcrumb","itemListElement":[{"@type":"ListItem","position":1,"name":"Portada","item":"https:\/\/www.casadelectores.com\/"},{"@type":"ListItem","position":2,"name":"Shop","item":"https:\/\/www.casadelectores.com\/index.php\/shop\/"},{"@type":"ListItem","position":3,"name":"EXTENSIONES DEL MIRAR Mengenrabatt"}]},{"@type":"WebSite","@id":"https:\/\/www.casadelectores.com\/#website","url":"https:\/\/www.casadelectores.com\/","name":"Enam\u00f3rate de las compras","description":"","publisher":{"@id":"https:\/\/www.casadelectores.com\/#organization"},"potentialAction":[{"@type":"SearchAction","target":{"@type":"EntryPoint","urlTemplate":"https:\/\/www.casadelectores.com\/?s={search_term_string}"},"query-input":{"@type":"PropertyValueSpecification","valueRequired":true,"valueName":"search_term_string"}}],"inLanguage":"es"},{"@type":"Organization","@id":"https:\/\/www.casadelectores.com\/#organization","name":"Enam\u00f3rate de las compras","url":"https:\/\/www.casadelectores.com\/","logo":{"@type":"ImageObject","inLanguage":"es","@id":"https:\/\/www.casadelectores.com\/#\/schema\/logo\/image\/","url":"https:\/\/www.casadelectores.com\/wp-content\/uploads\/2020\/10\/shop-icon.png","contentUrl":"https:\/\/www.casadelectores.com\/wp-content\/uploads\/2020\/10\/shop-icon.png","width":512,"height":512,"caption":"Enam\u00f3rate de las compras"},"image":{"@id":"https:\/\/www.casadelectores.com\/#\/schema\/logo\/image\/"}}]}},"_links":{"self":[{"href":"https:\/\/www.casadelectores.com\/index.php\/wp-json\/wp\/v2\/product\/3578","targetHints":{"allow":["GET"]}}],"collection":[{"href":"https:\/\/www.casadelectores.com\/index.php\/wp-json\/wp\/v2\/product"}],"about":[{"href":"https:\/\/www.casadelectores.com\/index.php\/wp-json\/wp\/v2\/types\/product"}],"wp:featuredmedia":[{"embeddable":true,"href":"https:\/\/www.casadelectores.com\/index.php\/wp-json\/wp\/v2\/media\/3678"}],"wp:attachment":[{"href":"https:\/\/www.casadelectores.com\/index.php\/wp-json\/wp\/v2\/media?parent=3578"}],"wp:term":[{"taxonomy":"product_brand","embeddable":true,"href":"https:\/\/www.casadelectores.com\/index.php\/wp-json\/wp\/v2\/product_brand?post=3578"},{"taxonomy":"product_cat","embeddable":true,"href":"https:\/\/www.casadelectores.com\/index.php\/wp-json\/wp\/v2\/product_cat?post=3578"},{"taxonomy":"product_tag","embeddable":true,"href":"https:\/\/www.casadelectores.com\/index.php\/wp-json\/wp\/v2\/product_tag?post=3578"}],"curies":[{"name":"wp","href":"https:\/\/api.w.org\/{rel}","templated":true}]}}

<p>Este volumen, pese a estar compues­to por trabajos y ensayos escritos a lo largo de muchos años, es un libro unitario. Como el autor aclara en su prólogo, se trata, fundamentalmente, de reflexionar críticamen­te sobre cine, uno de los lenguajes que mejor han atravesado la cultura contemporánea, pero también sobre los efectos políticos e ideológicos que lo caracterizan. Hay, por tanto, un hilo conductor que otorga coherencia y unidad al conjunto. De la Nouvelle vague que dio inicio a los nuevos cines en la década de los años sesenta del pasado siglo a los festivales independientes del final del franquismo, de Akira Kurosawa a Gregory LaCava y Javier Maqua, del estructuralismo al estudio del aparato cinematográfico, la mirada de Manuel Vidal Estévez aúna el rigor teórico y la claridad expositiva de quien, como miembro que fue del colectivo Con­tracampo, siempre consideró la labor del crítico no en términos es­téticos o cinefílicos, sino como forma de intervención en la realidad del tiempo que nos ha tocado vivir, asumiendo que, aunque hoy parezca olvidarse, teoría y política siempre van de la mano. «,</p>

<p>Este volumen, pese a estar compues­to por trabajos y ensayos escritos a lo largo de muchos años, es un libro unitario. Como el autor aclara en su prólogo, se trata, fundamentalmente, de reflexionar críticamen­te sobre cine, uno de los lenguajes que mejor han atravesado la cultura contemporánea, pero también sobre los efectos políticos e ideológicos&hellip;&nbsp;<a href="https://www.casadelectores.com/index.php/producto/extensiones-del-mirar-mengenrabatt-3578/" rel="bookmark"><span class="screen-reader-text">EXTENSIONES DEL MIRAR Mengenrabatt</span></a></p>

<!-- This site is optimized with the Yoast SEO plugin v26.3 - https://yoast.com/wordpress/plugins/seo/ -->
<title>EXTENSIONES DEL MIRAR Mengenrabatt - casadelectores</title>
<meta name="robots" content="index, follow, max-snippet:-1, max-image-preview:large, max-video-preview:-1" />
<link rel="canonical" href="https://www.casadelectores.com/index.php/producto/extensiones-del-mirar-mengenrabatt-3578/" />
<meta property="og:locale" content="es_ES" />
<meta property="og:type" content="article" />
<meta property="og:title" content="EXTENSIONES DEL MIRAR Mengenrabatt - casadelectores" />
<meta property="og:description" content="Este volumen, pese a estar compues­to por trabajos y ensayos escritos a lo largo de muchos años, es un libro unitario. Como el autor aclara en su prólogo, se trata, fundamentalmente, de reflexionar críticamen­te sobre cine, uno de los lenguajes que mejor han atravesado la cultura contemporánea, pero también sobre los efectos políticos e ideológicos&hellip;&nbsp;EXTENSIONES DEL MIRAR Mengenrabatt" />
<meta property="og:url" content="https://www.casadelectores.com/index.php/producto/extensiones-del-mirar-mengenrabatt-3578/" />
<meta property="og:site_name" content="casadelectores" />
<meta property="og:image" content="https://www.casadelectores.com/wp-content/uploads/2025/SK0176999-DE20251119-101116-0-1763518286-978843763746.webp" />
	<meta property="og:image:width" content="300" />
	<meta property="og:image:height" content="467" />
	<meta property="og:image:type" content="image/webp" />
<meta name="twitter:card" content="summary_large_image" />
<meta name="twitter:label1" content="Tiempo de lectura" />
	<meta name="twitter:data1" content="1 minuto" />
<script type="application/ld+json" class="yoast-schema-graph">{"@context":"https://schema.org","@graph":[{"@type":"WebPage","@id":"https://www.casadelectores.com/index.php/producto/extensiones-del-mirar-mengenrabatt-3578/","url":"https://www.casadelectores.com/index.php/producto/extensiones-del-mirar-mengenrabatt-3578/","name":"EXTENSIONES DEL MIRAR Mengenrabatt - casadelectores","isPartOf":{"@id":"https://www.casadelectores.com/#website"},"primaryImageOfPage":{"@id":"https://www.casadelectores.com/index.php/producto/extensiones-del-mirar-mengenrabatt-3578/#primaryimage"},"image":{"@id":"https://www.casadelectores.com/index.php/producto/extensiones-del-mirar-mengenrabatt-3578/#primaryimage"},"thumbnailUrl":"https://www.casadelectores.com/wp-content/uploads/2025/SK0176999-DE20251119-101116-0-1763518286-978843763746.webp","datePublished":"2025-11-25T09:04:28+00:00","breadcrumb":{"@id":"https://www.casadelectores.com/index.php/producto/extensiones-del-mirar-mengenrabatt-3578/#breadcrumb"},"inLanguage":"es","potentialAction":[{"@type":"ReadAction","target":["https://www.casadelectores.com/index.php/producto/extensiones-del-mirar-mengenrabatt-3578/"]}]},{"@type":"ImageObject","inLanguage":"es","@id":"https://www.casadelectores.com/index.php/producto/extensiones-del-mirar-mengenrabatt-3578/#primaryimage","url":"https://www.casadelectores.com/wp-content/uploads/2025/SK0176999-DE20251119-101116-0-1763518286-978843763746.webp","contentUrl":"https://www.casadelectores.com/wp-content/uploads/2025/SK0176999-DE20251119-101116-0-1763518286-978843763746.webp","width":300,"height":467},{"@type":"BreadcrumbList","@id":"https://www.casadelectores.com/index.php/producto/extensiones-del-mirar-mengenrabatt-3578/#breadcrumb","itemListElement":[{"@type":"ListItem","position":1,"name":"Portada","item":"https://www.casadelectores.com/"},{"@type":"ListItem","position":2,"name":"Shop","item":"https://www.casadelectores.com/index.php/shop/"},{"@type":"ListItem","position":3,"name":"EXTENSIONES DEL MIRAR Mengenrabatt"}]},{"@type":"WebSite","@id":"https://www.casadelectores.com/#website","url":"https://www.casadelectores.com/","name":"Enamórate de las compras","description":"","publisher":{"@id":"https://www.casadelectores.com/#organization"},"potentialAction":[{"@type":"SearchAction","target":{"@type":"EntryPoint","urlTemplate":"https://www.casadelectores.com/?s={search_term_string}"},"query-input":{"@type":"PropertyValueSpecification","valueRequired":true,"valueName":"search_term_string"}}],"inLanguage":"es"},{"@type":"Organization","@id":"https://www.casadelectores.com/#organization","name":"Enamórate de las compras","url":"https://www.casadelectores.com/","logo":{"@type":"ImageObject","inLanguage":"es","@id":"https://www.casadelectores.com/#/schema/logo/image/","url":"https://www.casadelectores.com/wp-content/uploads/2020/10/shop-icon.png","contentUrl":"https://www.casadelectores.com/wp-content/uploads/2020/10/shop-icon.png","width":512,"height":512,"caption":"Enamórate de las compras"},"image":{"@id":"https://www.casadelectores.com/#/schema/logo/image/"}}]}</script>
<!-- / Yoast SEO plugin. -->

Este volumen, pese a estar compues­to por trabajos y ensayos escritos a lo largo de muchos años, es un libro unitario. Como el autor aclara en su prólogo, se trata, fundamentalmente, de reflexionar críticamen­te sobre cine, uno de los lenguajes que mejor han atravesado la cultura contemporánea, pero también sobre los efectos políticos e ideológicos&hellip;&nbsp;EXTENSIONES DEL MIRAR Mengenrabatt

Enamórate de las compras
