{"id":33934,"date":"2025-11-25T09:05:21","date_gmt":"2025-11-25T09:05:21","guid":{"rendered":""},"modified":"2025-11-25T09:05:21","modified_gmt":"2025-11-25T09:05:21","slug":"ficciones-de-fin-de-siglo-preiswert-33934","status":"publish","type":"product","link":"https:\/\/www.casadelectores.com\/index.php\/producto\/ficciones-de-fin-de-siglo-preiswert-33934\/","title":{"rendered":"FICCIONES DE FIN DE SIGLO Preiswert"},"content":{"rendered":"<p>En nuestras sociedades se ha instaurado un nuevo reparto entre lo real y la ficci\u00f3n que afecta la vida social hasta el punto de hacernos incluso dudar de la realidad. \u00bfQu\u00e9 podemos esperar y qu\u00e9 debemos temer de este enorme desorden? A partir de la observaci\u00f3n cotidiana del espect\u00e1culo del mundo y de s\u00ed mismo, Marc Aug\u00e9 analiza, a trav\u00e9s de dos ensayos, independientes pero absolutamente complementarios, lo que est\u00e1 constituyendo una verdadera revoluci\u00f3n cultural. Ficciones, el primero de ellos, compuesto por un conjunto de peque\u00f1as cr\u00f3nicas cinceladas a partir del Tour de France de 1997, del Mundial de 1998 o de la muerte misma de Diana de Gales, permite al etn\u00f3logo captar la parte de ficci\u00f3n que habita en nuestra realidad contempor\u00e1nea: la ficci\u00f3n de los acontecimientos filtrados por los medios de comunicaci\u00f3n y la ficci\u00f3n de las im\u00e1genes y de los personajes que les deben su existencia. \u00bfQu\u00e9 est\u00e1 ocurriendo? es el diario de tres d\u00edas del fin del milenio tomados al azar (29 de febrero, 31 de marzo, 30 de abril). Descubriendo las leves modificaciones que, en el espacio de dos meses, pueden alterar el sentido de los acontecimientos, el autor se esfuerza en entender el movimiento a trav\u00e9s del cual la ficci\u00f3n se insin\u00faa tanto en su vida privada como en la vida p\u00fablica. \u00ab,<\/p>\n","protected":false},"excerpt":{"rendered":"<p>En nuestras sociedades se ha instaurado un nuevo reparto entre lo real y la ficci\u00f3n que afecta la vida social hasta el punto de hacernos incluso dudar de la realidad. \u00bfQu\u00e9 podemos esperar y qu\u00e9 debemos temer de este enorme desorden? A partir de la observaci\u00f3n cotidiana del espect\u00e1culo del mundo y de s\u00ed mismo,&hellip;&nbsp;<a href=\"https:\/\/www.casadelectores.com\/index.php\/producto\/ficciones-de-fin-de-siglo-preiswert-33934\/\" rel=\"bookmark\"><span class=\"screen-reader-text\">FICCIONES DE FIN DE SIGLO Preiswert<\/span><\/a><\/p>\n","protected":false},"featured_media":34034,"template":"","meta":{"neve_meta_sidebar":"","neve_meta_container":"","neve_meta_enable_content_width":"","neve_meta_content_width":0,"neve_meta_title_alignment":"","neve_meta_author_avatar":"","neve_post_elements_order":"","neve_meta_disable_header":"","neve_meta_disable_footer":"","neve_meta_disable_title":"","_themeisle_gutenberg_block_has_review":false},"product_brand":[],"product_cat":[26],"product_tag":[],"class_list":["post-33934","product","type-product","status-publish","has-post-thumbnail","product_cat-publicaciones-de-libros","first","instock","sale","shipping-taxable","purchasable","product-type-simple"],"yoast_head":"<!-- This site is optimized with the Yoast SEO plugin v26.3 - https:\/\/yoast.com\/wordpress\/plugins\/seo\/ -->\n<title>FICCIONES DE FIN DE SIGLO Preiswert - casadelectores<\/title>\n<meta name=\"robots\" content=\"index, follow, max-snippet:-1, max-image-preview:large, max-video-preview:-1\" \/>\n<link rel=\"canonical\" href=\"https:\/\/www.casadelectores.com\/index.php\/producto\/ficciones-de-fin-de-siglo-preiswert-33934\/\" \/>\n<meta property=\"og:locale\" content=\"es_ES\" \/>\n<meta property=\"og:type\" content=\"article\" \/>\n<meta property=\"og:title\" content=\"FICCIONES DE FIN DE SIGLO Preiswert - casadelectores\" \/>\n<meta property=\"og:description\" content=\"En nuestras sociedades se ha instaurado un nuevo reparto entre lo real y la ficci\u00f3n que afecta la vida social hasta el punto de hacernos incluso dudar de la realidad. \u00bfQu\u00e9 podemos esperar y qu\u00e9 debemos temer de este enorme desorden? A partir de la observaci\u00f3n cotidiana del espect\u00e1culo del mundo y de s\u00ed mismo,&hellip;&nbsp;FICCIONES DE FIN DE SIGLO Preiswert\" \/>\n<meta property=\"og:url\" content=\"https:\/\/www.casadelectores.com\/index.php\/producto\/ficciones-de-fin-de-siglo-preiswert-33934\/\" \/>\n<meta property=\"og:site_name\" content=\"casadelectores\" \/>\n<meta property=\"og:image\" content=\"https:\/\/www.casadelectores.com\/wp-content\/uploads\/2025\/SK0193621-DE20251119-101116-0-1763518286-978847432867.webp\" \/>\n\t<meta property=\"og:image:width\" content=\"180\" \/>\n\t<meta property=\"og:image:height\" content=\"263\" \/>\n\t<meta property=\"og:image:type\" content=\"image\/webp\" \/>\n<meta name=\"twitter:card\" content=\"summary_large_image\" \/>\n<meta name=\"twitter:label1\" content=\"Tiempo de lectura\" \/>\n\t<meta name=\"twitter:data1\" content=\"1 minuto\" \/>\n<script type=\"application\/ld+json\" class=\"yoast-schema-graph\">{\"@context\":\"https:\/\/schema.org\",\"@graph\":[{\"@type\":\"WebPage\",\"@id\":\"https:\/\/www.casadelectores.com\/index.php\/producto\/ficciones-de-fin-de-siglo-preiswert-33934\/\",\"url\":\"https:\/\/www.casadelectores.com\/index.php\/producto\/ficciones-de-fin-de-siglo-preiswert-33934\/\",\"name\":\"FICCIONES DE FIN DE SIGLO Preiswert - casadelectores\",\"isPartOf\":{\"@id\":\"https:\/\/www.casadelectores.com\/#website\"},\"primaryImageOfPage\":{\"@id\":\"https:\/\/www.casadelectores.com\/index.php\/producto\/ficciones-de-fin-de-siglo-preiswert-33934\/#primaryimage\"},\"image\":{\"@id\":\"https:\/\/www.casadelectores.com\/index.php\/producto\/ficciones-de-fin-de-siglo-preiswert-33934\/#primaryimage\"},\"thumbnailUrl\":\"https:\/\/www.casadelectores.com\/wp-content\/uploads\/2025\/SK0193621-DE20251119-101116-0-1763518286-978847432867.webp\",\"datePublished\":\"2025-11-25T09:05:21+00:00\",\"breadcrumb\":{\"@id\":\"https:\/\/www.casadelectores.com\/index.php\/producto\/ficciones-de-fin-de-siglo-preiswert-33934\/#breadcrumb\"},\"inLanguage\":\"es\",\"potentialAction\":[{\"@type\":\"ReadAction\",\"target\":[\"https:\/\/www.casadelectores.com\/index.php\/producto\/ficciones-de-fin-de-siglo-preiswert-33934\/\"]}]},{\"@type\":\"ImageObject\",\"inLanguage\":\"es\",\"@id\":\"https:\/\/www.casadelectores.com\/index.php\/producto\/ficciones-de-fin-de-siglo-preiswert-33934\/#primaryimage\",\"url\":\"https:\/\/www.casadelectores.com\/wp-content\/uploads\/2025\/SK0193621-DE20251119-101116-0-1763518286-978847432867.webp\",\"contentUrl\":\"https:\/\/www.casadelectores.com\/wp-content\/uploads\/2025\/SK0193621-DE20251119-101116-0-1763518286-978847432867.webp\",\"width\":180,\"height\":263},{\"@type\":\"BreadcrumbList\",\"@id\":\"https:\/\/www.casadelectores.com\/index.php\/producto\/ficciones-de-fin-de-siglo-preiswert-33934\/#breadcrumb\",\"itemListElement\":[{\"@type\":\"ListItem\",\"position\":1,\"name\":\"Portada\",\"item\":\"https:\/\/www.casadelectores.com\/\"},{\"@type\":\"ListItem\",\"position\":2,\"name\":\"Shop\",\"item\":\"https:\/\/www.casadelectores.com\/index.php\/shop\/\"},{\"@type\":\"ListItem\",\"position\":3,\"name\":\"FICCIONES DE FIN DE SIGLO Preiswert\"}]},{\"@type\":\"WebSite\",\"@id\":\"https:\/\/www.casadelectores.com\/#website\",\"url\":\"https:\/\/www.casadelectores.com\/\",\"name\":\"Enam\u00f3rate de las compras\",\"description\":\"\",\"publisher\":{\"@id\":\"https:\/\/www.casadelectores.com\/#organization\"},\"potentialAction\":[{\"@type\":\"SearchAction\",\"target\":{\"@type\":\"EntryPoint\",\"urlTemplate\":\"https:\/\/www.casadelectores.com\/?s={search_term_string}\"},\"query-input\":{\"@type\":\"PropertyValueSpecification\",\"valueRequired\":true,\"valueName\":\"search_term_string\"}}],\"inLanguage\":\"es\"},{\"@type\":\"Organization\",\"@id\":\"https:\/\/www.casadelectores.com\/#organization\",\"name\":\"Enam\u00f3rate de las compras\",\"url\":\"https:\/\/www.casadelectores.com\/\",\"logo\":{\"@type\":\"ImageObject\",\"inLanguage\":\"es\",\"@id\":\"https:\/\/www.casadelectores.com\/#\/schema\/logo\/image\/\",\"url\":\"https:\/\/www.casadelectores.com\/wp-content\/uploads\/2020\/10\/shop-icon.png\",\"contentUrl\":\"https:\/\/www.casadelectores.com\/wp-content\/uploads\/2020\/10\/shop-icon.png\",\"width\":512,\"height\":512,\"caption\":\"Enam\u00f3rate de las compras\"},\"image\":{\"@id\":\"https:\/\/www.casadelectores.com\/#\/schema\/logo\/image\/\"}}]}<\/script>\n<!-- \/ Yoast SEO plugin. -->","yoast_head_json":{"title":"FICCIONES DE FIN DE SIGLO Preiswert - casadelectores","robots":{"index":"index","follow":"follow","max-snippet":"max-snippet:-1","max-image-preview":"max-image-preview:large","max-video-preview":"max-video-preview:-1"},"canonical":"https:\/\/www.casadelectores.com\/index.php\/producto\/ficciones-de-fin-de-siglo-preiswert-33934\/","og_locale":"es_ES","og_type":"article","og_title":"FICCIONES DE FIN DE SIGLO Preiswert - casadelectores","og_description":"En nuestras sociedades se ha instaurado un nuevo reparto entre lo real y la ficci\u00f3n que afecta la vida social hasta el punto de hacernos incluso dudar de la realidad. \u00bfQu\u00e9 podemos esperar y qu\u00e9 debemos temer de este enorme desorden? A partir de la observaci\u00f3n cotidiana del espect\u00e1culo del mundo y de s\u00ed mismo,&hellip;&nbsp;FICCIONES DE FIN DE SIGLO Preiswert","og_url":"https:\/\/www.casadelectores.com\/index.php\/producto\/ficciones-de-fin-de-siglo-preiswert-33934\/","og_site_name":"casadelectores","og_image":[{"width":180,"height":263,"url":"https:\/\/www.casadelectores.com\/wp-content\/uploads\/2025\/SK0193621-DE20251119-101116-0-1763518286-978847432867.webp","type":"image\/webp"}],"twitter_card":"summary_large_image","twitter_misc":{"Tiempo de lectura":"1 minuto"},"schema":{"@context":"https:\/\/schema.org","@graph":[{"@type":"WebPage","@id":"https:\/\/www.casadelectores.com\/index.php\/producto\/ficciones-de-fin-de-siglo-preiswert-33934\/","url":"https:\/\/www.casadelectores.com\/index.php\/producto\/ficciones-de-fin-de-siglo-preiswert-33934\/","name":"FICCIONES DE FIN DE SIGLO Preiswert - casadelectores","isPartOf":{"@id":"https:\/\/www.casadelectores.com\/#website"},"primaryImageOfPage":{"@id":"https:\/\/www.casadelectores.com\/index.php\/producto\/ficciones-de-fin-de-siglo-preiswert-33934\/#primaryimage"},"image":{"@id":"https:\/\/www.casadelectores.com\/index.php\/producto\/ficciones-de-fin-de-siglo-preiswert-33934\/#primaryimage"},"thumbnailUrl":"https:\/\/www.casadelectores.com\/wp-content\/uploads\/2025\/SK0193621-DE20251119-101116-0-1763518286-978847432867.webp","datePublished":"2025-11-25T09:05:21+00:00","breadcrumb":{"@id":"https:\/\/www.casadelectores.com\/index.php\/producto\/ficciones-de-fin-de-siglo-preiswert-33934\/#breadcrumb"},"inLanguage":"es","potentialAction":[{"@type":"ReadAction","target":["https:\/\/www.casadelectores.com\/index.php\/producto\/ficciones-de-fin-de-siglo-preiswert-33934\/"]}]},{"@type":"ImageObject","inLanguage":"es","@id":"https:\/\/www.casadelectores.com\/index.php\/producto\/ficciones-de-fin-de-siglo-preiswert-33934\/#primaryimage","url":"https:\/\/www.casadelectores.com\/wp-content\/uploads\/2025\/SK0193621-DE20251119-101116-0-1763518286-978847432867.webp","contentUrl":"https:\/\/www.casadelectores.com\/wp-content\/uploads\/2025\/SK0193621-DE20251119-101116-0-1763518286-978847432867.webp","width":180,"height":263},{"@type":"BreadcrumbList","@id":"https:\/\/www.casadelectores.com\/index.php\/producto\/ficciones-de-fin-de-siglo-preiswert-33934\/#breadcrumb","itemListElement":[{"@type":"ListItem","position":1,"name":"Portada","item":"https:\/\/www.casadelectores.com\/"},{"@type":"ListItem","position":2,"name":"Shop","item":"https:\/\/www.casadelectores.com\/index.php\/shop\/"},{"@type":"ListItem","position":3,"name":"FICCIONES DE FIN DE SIGLO Preiswert"}]},{"@type":"WebSite","@id":"https:\/\/www.casadelectores.com\/#website","url":"https:\/\/www.casadelectores.com\/","name":"Enam\u00f3rate de las compras","description":"","publisher":{"@id":"https:\/\/www.casadelectores.com\/#organization"},"potentialAction":[{"@type":"SearchAction","target":{"@type":"EntryPoint","urlTemplate":"https:\/\/www.casadelectores.com\/?s={search_term_string}"},"query-input":{"@type":"PropertyValueSpecification","valueRequired":true,"valueName":"search_term_string"}}],"inLanguage":"es"},{"@type":"Organization","@id":"https:\/\/www.casadelectores.com\/#organization","name":"Enam\u00f3rate de las compras","url":"https:\/\/www.casadelectores.com\/","logo":{"@type":"ImageObject","inLanguage":"es","@id":"https:\/\/www.casadelectores.com\/#\/schema\/logo\/image\/","url":"https:\/\/www.casadelectores.com\/wp-content\/uploads\/2020\/10\/shop-icon.png","contentUrl":"https:\/\/www.casadelectores.com\/wp-content\/uploads\/2020\/10\/shop-icon.png","width":512,"height":512,"caption":"Enam\u00f3rate de las compras"},"image":{"@id":"https:\/\/www.casadelectores.com\/#\/schema\/logo\/image\/"}}]}},"_links":{"self":[{"href":"https:\/\/www.casadelectores.com\/index.php\/wp-json\/wp\/v2\/product\/33934","targetHints":{"allow":["GET"]}}],"collection":[{"href":"https:\/\/www.casadelectores.com\/index.php\/wp-json\/wp\/v2\/product"}],"about":[{"href":"https:\/\/www.casadelectores.com\/index.php\/wp-json\/wp\/v2\/types\/product"}],"wp:featuredmedia":[{"embeddable":true,"href":"https:\/\/www.casadelectores.com\/index.php\/wp-json\/wp\/v2\/media\/34034"}],"wp:attachment":[{"href":"https:\/\/www.casadelectores.com\/index.php\/wp-json\/wp\/v2\/media?parent=33934"}],"wp:term":[{"taxonomy":"product_brand","embeddable":true,"href":"https:\/\/www.casadelectores.com\/index.php\/wp-json\/wp\/v2\/product_brand?post=33934"},{"taxonomy":"product_cat","embeddable":true,"href":"https:\/\/www.casadelectores.com\/index.php\/wp-json\/wp\/v2\/product_cat?post=33934"},{"taxonomy":"product_tag","embeddable":true,"href":"https:\/\/www.casadelectores.com\/index.php\/wp-json\/wp\/v2\/product_tag?post=33934"}],"curies":[{"name":"wp","href":"https:\/\/api.w.org\/{rel}","templated":true}]}}

<p>En nuestras sociedades se ha instaurado un nuevo reparto entre lo real y la ficción que afecta la vida social hasta el punto de hacernos incluso dudar de la realidad. ¿Qué podemos esperar y qué debemos temer de este enorme desorden? A partir de la observación cotidiana del espectáculo del mundo y de sí mismo, Marc Augé analiza, a través de dos ensayos, independientes pero absolutamente complementarios, lo que está constituyendo una verdadera revolución cultural. Ficciones, el primero de ellos, compuesto por un conjunto de pequeñas crónicas cinceladas a partir del Tour de France de 1997, del Mundial de 1998 o de la muerte misma de Diana de Gales, permite al etnólogo captar la parte de ficción que habita en nuestra realidad contemporánea: la ficción de los acontecimientos filtrados por los medios de comunicación y la ficción de las imágenes y de los personajes que les deben su existencia. ¿Qué está ocurriendo? es el diario de tres días del fin del milenio tomados al azar (29 de febrero, 31 de marzo, 30 de abril). Descubriendo las leves modificaciones que, en el espacio de dos meses, pueden alterar el sentido de los acontecimientos, el autor se esfuerza en entender el movimiento a través del cual la ficción se insinúa tanto en su vida privada como en la vida pública. «,</p>

<p>En nuestras sociedades se ha instaurado un nuevo reparto entre lo real y la ficción que afecta la vida social hasta el punto de hacernos incluso dudar de la realidad. ¿Qué podemos esperar y qué debemos temer de este enorme desorden? A partir de la observación cotidiana del espectáculo del mundo y de sí mismo,&hellip;&nbsp;<a href="https://www.casadelectores.com/index.php/producto/ficciones-de-fin-de-siglo-preiswert-33934/" rel="bookmark"><span class="screen-reader-text">FICCIONES DE FIN DE SIGLO Preiswert</span></a></p>

<!-- This site is optimized with the Yoast SEO plugin v26.3 - https://yoast.com/wordpress/plugins/seo/ -->
<title>FICCIONES DE FIN DE SIGLO Preiswert - casadelectores</title>
<meta name="robots" content="index, follow, max-snippet:-1, max-image-preview:large, max-video-preview:-1" />
<link rel="canonical" href="https://www.casadelectores.com/index.php/producto/ficciones-de-fin-de-siglo-preiswert-33934/" />
<meta property="og:locale" content="es_ES" />
<meta property="og:type" content="article" />
<meta property="og:title" content="FICCIONES DE FIN DE SIGLO Preiswert - casadelectores" />
<meta property="og:description" content="En nuestras sociedades se ha instaurado un nuevo reparto entre lo real y la ficción que afecta la vida social hasta el punto de hacernos incluso dudar de la realidad. ¿Qué podemos esperar y qué debemos temer de este enorme desorden? A partir de la observación cotidiana del espectáculo del mundo y de sí mismo,&hellip;&nbsp;FICCIONES DE FIN DE SIGLO Preiswert" />
<meta property="og:url" content="https://www.casadelectores.com/index.php/producto/ficciones-de-fin-de-siglo-preiswert-33934/" />
<meta property="og:site_name" content="casadelectores" />
<meta property="og:image" content="https://www.casadelectores.com/wp-content/uploads/2025/SK0193621-DE20251119-101116-0-1763518286-978847432867.webp" />
	<meta property="og:image:width" content="180" />
	<meta property="og:image:height" content="263" />
	<meta property="og:image:type" content="image/webp" />
<meta name="twitter:card" content="summary_large_image" />
<meta name="twitter:label1" content="Tiempo de lectura" />
	<meta name="twitter:data1" content="1 minuto" />
<script type="application/ld+json" class="yoast-schema-graph">{"@context":"https://schema.org","@graph":[{"@type":"WebPage","@id":"https://www.casadelectores.com/index.php/producto/ficciones-de-fin-de-siglo-preiswert-33934/","url":"https://www.casadelectores.com/index.php/producto/ficciones-de-fin-de-siglo-preiswert-33934/","name":"FICCIONES DE FIN DE SIGLO Preiswert - casadelectores","isPartOf":{"@id":"https://www.casadelectores.com/#website"},"primaryImageOfPage":{"@id":"https://www.casadelectores.com/index.php/producto/ficciones-de-fin-de-siglo-preiswert-33934/#primaryimage"},"image":{"@id":"https://www.casadelectores.com/index.php/producto/ficciones-de-fin-de-siglo-preiswert-33934/#primaryimage"},"thumbnailUrl":"https://www.casadelectores.com/wp-content/uploads/2025/SK0193621-DE20251119-101116-0-1763518286-978847432867.webp","datePublished":"2025-11-25T09:05:21+00:00","breadcrumb":{"@id":"https://www.casadelectores.com/index.php/producto/ficciones-de-fin-de-siglo-preiswert-33934/#breadcrumb"},"inLanguage":"es","potentialAction":[{"@type":"ReadAction","target":["https://www.casadelectores.com/index.php/producto/ficciones-de-fin-de-siglo-preiswert-33934/"]}]},{"@type":"ImageObject","inLanguage":"es","@id":"https://www.casadelectores.com/index.php/producto/ficciones-de-fin-de-siglo-preiswert-33934/#primaryimage","url":"https://www.casadelectores.com/wp-content/uploads/2025/SK0193621-DE20251119-101116-0-1763518286-978847432867.webp","contentUrl":"https://www.casadelectores.com/wp-content/uploads/2025/SK0193621-DE20251119-101116-0-1763518286-978847432867.webp","width":180,"height":263},{"@type":"BreadcrumbList","@id":"https://www.casadelectores.com/index.php/producto/ficciones-de-fin-de-siglo-preiswert-33934/#breadcrumb","itemListElement":[{"@type":"ListItem","position":1,"name":"Portada","item":"https://www.casadelectores.com/"},{"@type":"ListItem","position":2,"name":"Shop","item":"https://www.casadelectores.com/index.php/shop/"},{"@type":"ListItem","position":3,"name":"FICCIONES DE FIN DE SIGLO Preiswert"}]},{"@type":"WebSite","@id":"https://www.casadelectores.com/#website","url":"https://www.casadelectores.com/","name":"Enamórate de las compras","description":"","publisher":{"@id":"https://www.casadelectores.com/#organization"},"potentialAction":[{"@type":"SearchAction","target":{"@type":"EntryPoint","urlTemplate":"https://www.casadelectores.com/?s={search_term_string}"},"query-input":{"@type":"PropertyValueSpecification","valueRequired":true,"valueName":"search_term_string"}}],"inLanguage":"es"},{"@type":"Organization","@id":"https://www.casadelectores.com/#organization","name":"Enamórate de las compras","url":"https://www.casadelectores.com/","logo":{"@type":"ImageObject","inLanguage":"es","@id":"https://www.casadelectores.com/#/schema/logo/image/","url":"https://www.casadelectores.com/wp-content/uploads/2020/10/shop-icon.png","contentUrl":"https://www.casadelectores.com/wp-content/uploads/2020/10/shop-icon.png","width":512,"height":512,"caption":"Enamórate de las compras"},"image":{"@id":"https://www.casadelectores.com/#/schema/logo/image/"}}]}</script>
<!-- / Yoast SEO plugin. -->

En nuestras sociedades se ha instaurado un nuevo reparto entre lo real y la ficción que afecta la vida social hasta el punto de hacernos incluso dudar de la realidad. ¿Qué podemos esperar y qué debemos temer de este enorme desorden? A partir de la observación cotidiana del espectáculo del mundo y de sí mismo,&hellip;&nbsp;FICCIONES DE FIN DE SIGLO Preiswert

Enamórate de las compras
