{"id":30712,"date":"2025-11-25T09:05:16","date_gmt":"2025-11-25T09:05:16","guid":{"rendered":""},"modified":"2025-11-25T09:05:16","modified_gmt":"2025-11-25T09:05:16","slug":"exklusiv-en-el-espejo-30712","status":"publish","type":"product","link":"https:\/\/www.casadelectores.com\/index.php\/producto\/exklusiv-en-el-espejo-30712\/","title":{"rendered":"Exklusiv EN EL ESPEJO"},"content":{"rendered":"<p>Todos nosotros, alguna vez, nos hemos sentido como perdidos en el camino de la vida. Cuando algo as\u00ed ocurre, la realidad nos da tanto miedo que quisi\u00e9ramos cerrar nuestros ojos de inmediato y proseguir, aunque sea a ciegas, con tal de no asumir los hechos? en su cruel desnudez.  Pero, si no nos paramos ante el espejo, sin falsos complejos, no solamente no podremos liberarnos de cometer una y otra vez los mismos errores, sino que, adem\u00e1s, perderemos las incontables riquezas vitales y espirituales que nos corresponden y que est\u00e1n ah\u00ed, frente a nosotros?, a poco que nos paremos y nos miremos EN EL ESPEJO.  Este libro se ha escrito para ayudarte a encontrar y disfrutar de cuanto te pertenece. \u00ab,<\/p>\n","protected":false},"excerpt":{"rendered":"<p>Todos nosotros, alguna vez, nos hemos sentido como perdidos en el camino de la vida. Cuando algo as\u00ed ocurre, la realidad nos da tanto miedo que quisi\u00e9ramos cerrar nuestros ojos de inmediato y proseguir, aunque sea a ciegas, con tal de no asumir los hechos? en su cruel desnudez. Pero, si no nos paramos ante&hellip;&nbsp;<a href=\"https:\/\/www.casadelectores.com\/index.php\/producto\/exklusiv-en-el-espejo-30712\/\" rel=\"bookmark\"><span class=\"screen-reader-text\">Exklusiv EN EL ESPEJO<\/span><\/a><\/p>\n","protected":false},"featured_media":30812,"template":"","meta":{"neve_meta_sidebar":"","neve_meta_container":"","neve_meta_enable_content_width":"","neve_meta_content_width":0,"neve_meta_title_alignment":"","neve_meta_author_avatar":"","neve_post_elements_order":"","neve_meta_disable_header":"","neve_meta_disable_footer":"","neve_meta_disable_title":"","_themeisle_gutenberg_block_has_review":false},"product_brand":[],"product_cat":[26],"product_tag":[],"class_list":["post-30712","product","type-product","status-publish","has-post-thumbnail","product_cat-publicaciones-de-libros","first","instock","sale","shipping-taxable","purchasable","product-type-simple"],"yoast_head":"<!-- This site is optimized with the Yoast SEO plugin v26.3 - https:\/\/yoast.com\/wordpress\/plugins\/seo\/ -->\n<title>Exklusiv EN EL ESPEJO - casadelectores<\/title>\n<meta name=\"robots\" content=\"index, follow, max-snippet:-1, max-image-preview:large, max-video-preview:-1\" \/>\n<link rel=\"canonical\" href=\"https:\/\/www.casadelectores.com\/index.php\/producto\/exklusiv-en-el-espejo-30712\/\" \/>\n<meta property=\"og:locale\" content=\"es_ES\" \/>\n<meta property=\"og:type\" content=\"article\" \/>\n<meta property=\"og:title\" content=\"Exklusiv EN EL ESPEJO - casadelectores\" \/>\n<meta property=\"og:description\" content=\"Todos nosotros, alguna vez, nos hemos sentido como perdidos en el camino de la vida. Cuando algo as\u00ed ocurre, la realidad nos da tanto miedo que quisi\u00e9ramos cerrar nuestros ojos de inmediato y proseguir, aunque sea a ciegas, con tal de no asumir los hechos? en su cruel desnudez. Pero, si no nos paramos ante&hellip;&nbsp;Exklusiv EN EL ESPEJO\" \/>\n<meta property=\"og:url\" content=\"https:\/\/www.casadelectores.com\/index.php\/producto\/exklusiv-en-el-espejo-30712\/\" \/>\n<meta property=\"og:site_name\" content=\"casadelectores\" \/>\n<meta property=\"og:image\" content=\"https:\/\/www.casadelectores.com\/wp-content\/uploads\/2025\/SK0191774-DE20251119-101116-0-1763518286-978841857332.webp\" \/>\n\t<meta property=\"og:image:width\" content=\"150\" \/>\n\t<meta property=\"og:image:height\" content=\"212\" \/>\n\t<meta property=\"og:image:type\" content=\"image\/webp\" \/>\n<meta name=\"twitter:card\" content=\"summary_large_image\" \/>\n<meta name=\"twitter:label1\" content=\"Tiempo de lectura\" \/>\n\t<meta name=\"twitter:data1\" content=\"1 minuto\" \/>\n<script type=\"application\/ld+json\" class=\"yoast-schema-graph\">{\"@context\":\"https:\/\/schema.org\",\"@graph\":[{\"@type\":\"WebPage\",\"@id\":\"https:\/\/www.casadelectores.com\/index.php\/producto\/exklusiv-en-el-espejo-30712\/\",\"url\":\"https:\/\/www.casadelectores.com\/index.php\/producto\/exklusiv-en-el-espejo-30712\/\",\"name\":\"Exklusiv EN EL ESPEJO - casadelectores\",\"isPartOf\":{\"@id\":\"https:\/\/www.casadelectores.com\/#website\"},\"primaryImageOfPage\":{\"@id\":\"https:\/\/www.casadelectores.com\/index.php\/producto\/exklusiv-en-el-espejo-30712\/#primaryimage\"},\"image\":{\"@id\":\"https:\/\/www.casadelectores.com\/index.php\/producto\/exklusiv-en-el-espejo-30712\/#primaryimage\"},\"thumbnailUrl\":\"https:\/\/www.casadelectores.com\/wp-content\/uploads\/2025\/SK0191774-DE20251119-101116-0-1763518286-978841857332.webp\",\"datePublished\":\"2025-11-25T09:05:16+00:00\",\"breadcrumb\":{\"@id\":\"https:\/\/www.casadelectores.com\/index.php\/producto\/exklusiv-en-el-espejo-30712\/#breadcrumb\"},\"inLanguage\":\"es\",\"potentialAction\":[{\"@type\":\"ReadAction\",\"target\":[\"https:\/\/www.casadelectores.com\/index.php\/producto\/exklusiv-en-el-espejo-30712\/\"]}]},{\"@type\":\"ImageObject\",\"inLanguage\":\"es\",\"@id\":\"https:\/\/www.casadelectores.com\/index.php\/producto\/exklusiv-en-el-espejo-30712\/#primaryimage\",\"url\":\"https:\/\/www.casadelectores.com\/wp-content\/uploads\/2025\/SK0191774-DE20251119-101116-0-1763518286-978841857332.webp\",\"contentUrl\":\"https:\/\/www.casadelectores.com\/wp-content\/uploads\/2025\/SK0191774-DE20251119-101116-0-1763518286-978841857332.webp\",\"width\":150,\"height\":212},{\"@type\":\"BreadcrumbList\",\"@id\":\"https:\/\/www.casadelectores.com\/index.php\/producto\/exklusiv-en-el-espejo-30712\/#breadcrumb\",\"itemListElement\":[{\"@type\":\"ListItem\",\"position\":1,\"name\":\"Portada\",\"item\":\"https:\/\/www.casadelectores.com\/\"},{\"@type\":\"ListItem\",\"position\":2,\"name\":\"Shop\",\"item\":\"https:\/\/www.casadelectores.com\/index.php\/shop\/\"},{\"@type\":\"ListItem\",\"position\":3,\"name\":\"Exklusiv EN EL ESPEJO\"}]},{\"@type\":\"WebSite\",\"@id\":\"https:\/\/www.casadelectores.com\/#website\",\"url\":\"https:\/\/www.casadelectores.com\/\",\"name\":\"Enam\u00f3rate de las compras\",\"description\":\"\",\"publisher\":{\"@id\":\"https:\/\/www.casadelectores.com\/#organization\"},\"potentialAction\":[{\"@type\":\"SearchAction\",\"target\":{\"@type\":\"EntryPoint\",\"urlTemplate\":\"https:\/\/www.casadelectores.com\/?s={search_term_string}\"},\"query-input\":{\"@type\":\"PropertyValueSpecification\",\"valueRequired\":true,\"valueName\":\"search_term_string\"}}],\"inLanguage\":\"es\"},{\"@type\":\"Organization\",\"@id\":\"https:\/\/www.casadelectores.com\/#organization\",\"name\":\"Enam\u00f3rate de las compras\",\"url\":\"https:\/\/www.casadelectores.com\/\",\"logo\":{\"@type\":\"ImageObject\",\"inLanguage\":\"es\",\"@id\":\"https:\/\/www.casadelectores.com\/#\/schema\/logo\/image\/\",\"url\":\"https:\/\/www.casadelectores.com\/wp-content\/uploads\/2020\/10\/shop-icon.png\",\"contentUrl\":\"https:\/\/www.casadelectores.com\/wp-content\/uploads\/2020\/10\/shop-icon.png\",\"width\":512,\"height\":512,\"caption\":\"Enam\u00f3rate de las compras\"},\"image\":{\"@id\":\"https:\/\/www.casadelectores.com\/#\/schema\/logo\/image\/\"}}]}<\/script>\n<!-- \/ Yoast SEO plugin. -->","yoast_head_json":{"title":"Exklusiv EN EL ESPEJO - casadelectores","robots":{"index":"index","follow":"follow","max-snippet":"max-snippet:-1","max-image-preview":"max-image-preview:large","max-video-preview":"max-video-preview:-1"},"canonical":"https:\/\/www.casadelectores.com\/index.php\/producto\/exklusiv-en-el-espejo-30712\/","og_locale":"es_ES","og_type":"article","og_title":"Exklusiv EN EL ESPEJO - casadelectores","og_description":"Todos nosotros, alguna vez, nos hemos sentido como perdidos en el camino de la vida. Cuando algo as\u00ed ocurre, la realidad nos da tanto miedo que quisi\u00e9ramos cerrar nuestros ojos de inmediato y proseguir, aunque sea a ciegas, con tal de no asumir los hechos? en su cruel desnudez. Pero, si no nos paramos ante&hellip;&nbsp;Exklusiv EN EL ESPEJO","og_url":"https:\/\/www.casadelectores.com\/index.php\/producto\/exklusiv-en-el-espejo-30712\/","og_site_name":"casadelectores","og_image":[{"width":150,"height":212,"url":"https:\/\/www.casadelectores.com\/wp-content\/uploads\/2025\/SK0191774-DE20251119-101116-0-1763518286-978841857332.webp","type":"image\/webp"}],"twitter_card":"summary_large_image","twitter_misc":{"Tiempo de lectura":"1 minuto"},"schema":{"@context":"https:\/\/schema.org","@graph":[{"@type":"WebPage","@id":"https:\/\/www.casadelectores.com\/index.php\/producto\/exklusiv-en-el-espejo-30712\/","url":"https:\/\/www.casadelectores.com\/index.php\/producto\/exklusiv-en-el-espejo-30712\/","name":"Exklusiv EN EL ESPEJO - casadelectores","isPartOf":{"@id":"https:\/\/www.casadelectores.com\/#website"},"primaryImageOfPage":{"@id":"https:\/\/www.casadelectores.com\/index.php\/producto\/exklusiv-en-el-espejo-30712\/#primaryimage"},"image":{"@id":"https:\/\/www.casadelectores.com\/index.php\/producto\/exklusiv-en-el-espejo-30712\/#primaryimage"},"thumbnailUrl":"https:\/\/www.casadelectores.com\/wp-content\/uploads\/2025\/SK0191774-DE20251119-101116-0-1763518286-978841857332.webp","datePublished":"2025-11-25T09:05:16+00:00","breadcrumb":{"@id":"https:\/\/www.casadelectores.com\/index.php\/producto\/exklusiv-en-el-espejo-30712\/#breadcrumb"},"inLanguage":"es","potentialAction":[{"@type":"ReadAction","target":["https:\/\/www.casadelectores.com\/index.php\/producto\/exklusiv-en-el-espejo-30712\/"]}]},{"@type":"ImageObject","inLanguage":"es","@id":"https:\/\/www.casadelectores.com\/index.php\/producto\/exklusiv-en-el-espejo-30712\/#primaryimage","url":"https:\/\/www.casadelectores.com\/wp-content\/uploads\/2025\/SK0191774-DE20251119-101116-0-1763518286-978841857332.webp","contentUrl":"https:\/\/www.casadelectores.com\/wp-content\/uploads\/2025\/SK0191774-DE20251119-101116-0-1763518286-978841857332.webp","width":150,"height":212},{"@type":"BreadcrumbList","@id":"https:\/\/www.casadelectores.com\/index.php\/producto\/exklusiv-en-el-espejo-30712\/#breadcrumb","itemListElement":[{"@type":"ListItem","position":1,"name":"Portada","item":"https:\/\/www.casadelectores.com\/"},{"@type":"ListItem","position":2,"name":"Shop","item":"https:\/\/www.casadelectores.com\/index.php\/shop\/"},{"@type":"ListItem","position":3,"name":"Exklusiv EN EL ESPEJO"}]},{"@type":"WebSite","@id":"https:\/\/www.casadelectores.com\/#website","url":"https:\/\/www.casadelectores.com\/","name":"Enam\u00f3rate de las compras","description":"","publisher":{"@id":"https:\/\/www.casadelectores.com\/#organization"},"potentialAction":[{"@type":"SearchAction","target":{"@type":"EntryPoint","urlTemplate":"https:\/\/www.casadelectores.com\/?s={search_term_string}"},"query-input":{"@type":"PropertyValueSpecification","valueRequired":true,"valueName":"search_term_string"}}],"inLanguage":"es"},{"@type":"Organization","@id":"https:\/\/www.casadelectores.com\/#organization","name":"Enam\u00f3rate de las compras","url":"https:\/\/www.casadelectores.com\/","logo":{"@type":"ImageObject","inLanguage":"es","@id":"https:\/\/www.casadelectores.com\/#\/schema\/logo\/image\/","url":"https:\/\/www.casadelectores.com\/wp-content\/uploads\/2020\/10\/shop-icon.png","contentUrl":"https:\/\/www.casadelectores.com\/wp-content\/uploads\/2020\/10\/shop-icon.png","width":512,"height":512,"caption":"Enam\u00f3rate de las compras"},"image":{"@id":"https:\/\/www.casadelectores.com\/#\/schema\/logo\/image\/"}}]}},"_links":{"self":[{"href":"https:\/\/www.casadelectores.com\/index.php\/wp-json\/wp\/v2\/product\/30712","targetHints":{"allow":["GET"]}}],"collection":[{"href":"https:\/\/www.casadelectores.com\/index.php\/wp-json\/wp\/v2\/product"}],"about":[{"href":"https:\/\/www.casadelectores.com\/index.php\/wp-json\/wp\/v2\/types\/product"}],"wp:featuredmedia":[{"embeddable":true,"href":"https:\/\/www.casadelectores.com\/index.php\/wp-json\/wp\/v2\/media\/30812"}],"wp:attachment":[{"href":"https:\/\/www.casadelectores.com\/index.php\/wp-json\/wp\/v2\/media?parent=30712"}],"wp:term":[{"taxonomy":"product_brand","embeddable":true,"href":"https:\/\/www.casadelectores.com\/index.php\/wp-json\/wp\/v2\/product_brand?post=30712"},{"taxonomy":"product_cat","embeddable":true,"href":"https:\/\/www.casadelectores.com\/index.php\/wp-json\/wp\/v2\/product_cat?post=30712"},{"taxonomy":"product_tag","embeddable":true,"href":"https:\/\/www.casadelectores.com\/index.php\/wp-json\/wp\/v2\/product_tag?post=30712"}],"curies":[{"name":"wp","href":"https:\/\/api.w.org\/{rel}","templated":true}]}}

<p>Todos nosotros, alguna vez, nos hemos sentido como perdidos en el camino de la vida. Cuando algo así ocurre, la realidad nos da tanto miedo que quisiéramos cerrar nuestros ojos de inmediato y proseguir, aunque sea a ciegas, con tal de no asumir los hechos? en su cruel desnudez.  Pero, si no nos paramos ante el espejo, sin falsos complejos, no solamente no podremos liberarnos de cometer una y otra vez los mismos errores, sino que, además, perderemos las incontables riquezas vitales y espirituales que nos corresponden y que están ahí, frente a nosotros?, a poco que nos paremos y nos miremos EN EL ESPEJO.  Este libro se ha escrito para ayudarte a encontrar y disfrutar de cuanto te pertenece. «,</p>

<p>Todos nosotros, alguna vez, nos hemos sentido como perdidos en el camino de la vida. Cuando algo así ocurre, la realidad nos da tanto miedo que quisiéramos cerrar nuestros ojos de inmediato y proseguir, aunque sea a ciegas, con tal de no asumir los hechos? en su cruel desnudez. Pero, si no nos paramos ante&hellip;&nbsp;<a href="https://www.casadelectores.com/index.php/producto/exklusiv-en-el-espejo-30712/" rel="bookmark"><span class="screen-reader-text">Exklusiv EN EL ESPEJO</span></a></p>

<!-- This site is optimized with the Yoast SEO plugin v26.3 - https://yoast.com/wordpress/plugins/seo/ -->
<title>Exklusiv EN EL ESPEJO - casadelectores</title>
<meta name="robots" content="index, follow, max-snippet:-1, max-image-preview:large, max-video-preview:-1" />
<link rel="canonical" href="https://www.casadelectores.com/index.php/producto/exklusiv-en-el-espejo-30712/" />
<meta property="og:locale" content="es_ES" />
<meta property="og:type" content="article" />
<meta property="og:title" content="Exklusiv EN EL ESPEJO - casadelectores" />
<meta property="og:description" content="Todos nosotros, alguna vez, nos hemos sentido como perdidos en el camino de la vida. Cuando algo así ocurre, la realidad nos da tanto miedo que quisiéramos cerrar nuestros ojos de inmediato y proseguir, aunque sea a ciegas, con tal de no asumir los hechos? en su cruel desnudez. Pero, si no nos paramos ante&hellip;&nbsp;Exklusiv EN EL ESPEJO" />
<meta property="og:url" content="https://www.casadelectores.com/index.php/producto/exklusiv-en-el-espejo-30712/" />
<meta property="og:site_name" content="casadelectores" />
<meta property="og:image" content="https://www.casadelectores.com/wp-content/uploads/2025/SK0191774-DE20251119-101116-0-1763518286-978841857332.webp" />
	<meta property="og:image:width" content="150" />
	<meta property="og:image:height" content="212" />
	<meta property="og:image:type" content="image/webp" />
<meta name="twitter:card" content="summary_large_image" />
<meta name="twitter:label1" content="Tiempo de lectura" />
	<meta name="twitter:data1" content="1 minuto" />
<script type="application/ld+json" class="yoast-schema-graph">{"@context":"https://schema.org","@graph":[{"@type":"WebPage","@id":"https://www.casadelectores.com/index.php/producto/exklusiv-en-el-espejo-30712/","url":"https://www.casadelectores.com/index.php/producto/exklusiv-en-el-espejo-30712/","name":"Exklusiv EN EL ESPEJO - casadelectores","isPartOf":{"@id":"https://www.casadelectores.com/#website"},"primaryImageOfPage":{"@id":"https://www.casadelectores.com/index.php/producto/exklusiv-en-el-espejo-30712/#primaryimage"},"image":{"@id":"https://www.casadelectores.com/index.php/producto/exklusiv-en-el-espejo-30712/#primaryimage"},"thumbnailUrl":"https://www.casadelectores.com/wp-content/uploads/2025/SK0191774-DE20251119-101116-0-1763518286-978841857332.webp","datePublished":"2025-11-25T09:05:16+00:00","breadcrumb":{"@id":"https://www.casadelectores.com/index.php/producto/exklusiv-en-el-espejo-30712/#breadcrumb"},"inLanguage":"es","potentialAction":[{"@type":"ReadAction","target":["https://www.casadelectores.com/index.php/producto/exklusiv-en-el-espejo-30712/"]}]},{"@type":"ImageObject","inLanguage":"es","@id":"https://www.casadelectores.com/index.php/producto/exklusiv-en-el-espejo-30712/#primaryimage","url":"https://www.casadelectores.com/wp-content/uploads/2025/SK0191774-DE20251119-101116-0-1763518286-978841857332.webp","contentUrl":"https://www.casadelectores.com/wp-content/uploads/2025/SK0191774-DE20251119-101116-0-1763518286-978841857332.webp","width":150,"height":212},{"@type":"BreadcrumbList","@id":"https://www.casadelectores.com/index.php/producto/exklusiv-en-el-espejo-30712/#breadcrumb","itemListElement":[{"@type":"ListItem","position":1,"name":"Portada","item":"https://www.casadelectores.com/"},{"@type":"ListItem","position":2,"name":"Shop","item":"https://www.casadelectores.com/index.php/shop/"},{"@type":"ListItem","position":3,"name":"Exklusiv EN EL ESPEJO"}]},{"@type":"WebSite","@id":"https://www.casadelectores.com/#website","url":"https://www.casadelectores.com/","name":"Enamórate de las compras","description":"","publisher":{"@id":"https://www.casadelectores.com/#organization"},"potentialAction":[{"@type":"SearchAction","target":{"@type":"EntryPoint","urlTemplate":"https://www.casadelectores.com/?s={search_term_string}"},"query-input":{"@type":"PropertyValueSpecification","valueRequired":true,"valueName":"search_term_string"}}],"inLanguage":"es"},{"@type":"Organization","@id":"https://www.casadelectores.com/#organization","name":"Enamórate de las compras","url":"https://www.casadelectores.com/","logo":{"@type":"ImageObject","inLanguage":"es","@id":"https://www.casadelectores.com/#/schema/logo/image/","url":"https://www.casadelectores.com/wp-content/uploads/2020/10/shop-icon.png","contentUrl":"https://www.casadelectores.com/wp-content/uploads/2020/10/shop-icon.png","width":512,"height":512,"caption":"Enamórate de las compras"},"image":{"@id":"https://www.casadelectores.com/#/schema/logo/image/"}}]}</script>
<!-- / Yoast SEO plugin. -->

Todos nosotros, alguna vez, nos hemos sentido como perdidos en el camino de la vida. Cuando algo así ocurre, la realidad nos da tanto miedo que quisiéramos cerrar nuestros ojos de inmediato y proseguir, aunque sea a ciegas, con tal de no asumir los hechos? en su cruel desnudez. Pero, si no nos paramos ante&hellip;&nbsp;Exklusiv EN EL ESPEJO

Enamórate de las compras
