{"id":29918,"date":"2025-11-25T09:05:16","date_gmt":"2025-11-25T09:05:16","guid":{"rendered":""},"modified":"2025-11-25T09:05:16","modified_gmt":"2025-11-25T09:05:16","slug":"face-to-facebook-una-temporada-en-el-manicomio-global-mega-angebot-29918","status":"publish","type":"product","link":"https:\/\/www.casadelectores.com\/index.php\/producto\/face-to-facebook-una-temporada-en-el-manicomio-global-mega-angebot-29918\/","title":{"rendered":"FACE TO FACEBOOK. UNA TEMPORADA EN EL MANICOMIO GLOBAL Mega-Angebot"},"content":{"rendered":"<p>Este libro trata sobre el amor, la locura, la pol\u00edtica, las tecnolog\u00edas, el presente dist\u00f3pico, las nuevas subjetividades, los extrav\u00edos del goce, el mundo desorbitado, son le\u00eddos y comentados como s\u00edntomas de una civilizaci\u00f3n mutante, incierta y no pocas veces amenazadora. El conjunto de estos trabajos trazan los rasgos fundamentales del paradigma contempor\u00e1neo, que da forma tanto a nuevos fen\u00f3menos sociales como a los padecimientos de quienes se dirigen al psicoanalista buscando una respuesta al desasosiego de vivir.El autor escribe desde julio de 2018 una columna en Facebook en la que trata estos temas, todos ellos abordados a partir del discurso psicoanal\u00edtico y la ficci\u00f3n literaria donde miles de seguidores le siguen domingo a domingo. \u00ab,<\/p>\n","protected":false},"excerpt":{"rendered":"<p>Este libro trata sobre el amor, la locura, la pol\u00edtica, las tecnolog\u00edas, el presente dist\u00f3pico, las nuevas subjetividades, los extrav\u00edos del goce, el mundo desorbitado, son le\u00eddos y comentados como s\u00edntomas de una civilizaci\u00f3n mutante, incierta y no pocas veces amenazadora. El conjunto de estos trabajos trazan los rasgos fundamentales del paradigma contempor\u00e1neo, que da&hellip;&nbsp;<a href=\"https:\/\/www.casadelectores.com\/index.php\/producto\/face-to-facebook-una-temporada-en-el-manicomio-global-mega-angebot-29918\/\" rel=\"bookmark\"><span class=\"screen-reader-text\">FACE TO FACEBOOK. UNA TEMPORADA EN EL MANICOMIO GLOBAL Mega-Angebot<\/span><\/a><\/p>\n","protected":false},"featured_media":30018,"template":"","meta":{"neve_meta_sidebar":"","neve_meta_container":"","neve_meta_enable_content_width":"","neve_meta_content_width":0,"neve_meta_title_alignment":"","neve_meta_author_avatar":"","neve_post_elements_order":"","neve_meta_disable_header":"","neve_meta_disable_footer":"","neve_meta_disable_title":"","_themeisle_gutenberg_block_has_review":false},"product_brand":[],"product_cat":[26],"product_tag":[],"class_list":["post-29918","product","type-product","status-publish","has-post-thumbnail","product_cat-publicaciones-de-libros","first","instock","sale","shipping-taxable","purchasable","product-type-simple"],"yoast_head":"<!-- This site is optimized with the Yoast SEO plugin v26.3 - https:\/\/yoast.com\/wordpress\/plugins\/seo\/ -->\n<title>FACE TO FACEBOOK. UNA TEMPORADA EN EL MANICOMIO GLOBAL Mega-Angebot - casadelectores<\/title>\n<meta name=\"robots\" content=\"index, follow, max-snippet:-1, max-image-preview:large, max-video-preview:-1\" \/>\n<link rel=\"canonical\" href=\"https:\/\/www.casadelectores.com\/index.php\/producto\/face-to-facebook-una-temporada-en-el-manicomio-global-mega-angebot-29918\/\" \/>\n<meta property=\"og:locale\" content=\"es_ES\" \/>\n<meta property=\"og:type\" content=\"article\" \/>\n<meta property=\"og:title\" content=\"FACE TO FACEBOOK. UNA TEMPORADA EN EL MANICOMIO GLOBAL Mega-Angebot - casadelectores\" \/>\n<meta property=\"og:description\" content=\"Este libro trata sobre el amor, la locura, la pol\u00edtica, las tecnolog\u00edas, el presente dist\u00f3pico, las nuevas subjetividades, los extrav\u00edos del goce, el mundo desorbitado, son le\u00eddos y comentados como s\u00edntomas de una civilizaci\u00f3n mutante, incierta y no pocas veces amenazadora. El conjunto de estos trabajos trazan los rasgos fundamentales del paradigma contempor\u00e1neo, que da&hellip;&nbsp;FACE TO FACEBOOK. UNA TEMPORADA EN EL MANICOMIO GLOBAL Mega-Angebot\" \/>\n<meta property=\"og:url\" content=\"https:\/\/www.casadelectores.com\/index.php\/producto\/face-to-facebook-una-temporada-en-el-manicomio-global-mega-angebot-29918\/\" \/>\n<meta property=\"og:site_name\" content=\"casadelectores\" \/>\n<meta property=\"og:image\" content=\"https:\/\/www.casadelectores.com\/wp-content\/uploads\/2025\/SK0191574-DE20251119-101116-0-1763518286-978841827336.webp\" \/>\n\t<meta property=\"og:image:width\" content=\"300\" \/>\n\t<meta property=\"og:image:height\" content=\"416\" \/>\n\t<meta property=\"og:image:type\" content=\"image\/webp\" \/>\n<meta name=\"twitter:card\" content=\"summary_large_image\" \/>\n<meta name=\"twitter:label1\" content=\"Tiempo de lectura\" \/>\n\t<meta name=\"twitter:data1\" content=\"1 minuto\" \/>\n<script type=\"application\/ld+json\" class=\"yoast-schema-graph\">{\"@context\":\"https:\/\/schema.org\",\"@graph\":[{\"@type\":\"WebPage\",\"@id\":\"https:\/\/www.casadelectores.com\/index.php\/producto\/face-to-facebook-una-temporada-en-el-manicomio-global-mega-angebot-29918\/\",\"url\":\"https:\/\/www.casadelectores.com\/index.php\/producto\/face-to-facebook-una-temporada-en-el-manicomio-global-mega-angebot-29918\/\",\"name\":\"FACE TO FACEBOOK. UNA TEMPORADA EN EL MANICOMIO GLOBAL Mega-Angebot - casadelectores\",\"isPartOf\":{\"@id\":\"https:\/\/www.casadelectores.com\/#website\"},\"primaryImageOfPage\":{\"@id\":\"https:\/\/www.casadelectores.com\/index.php\/producto\/face-to-facebook-una-temporada-en-el-manicomio-global-mega-angebot-29918\/#primaryimage\"},\"image\":{\"@id\":\"https:\/\/www.casadelectores.com\/index.php\/producto\/face-to-facebook-una-temporada-en-el-manicomio-global-mega-angebot-29918\/#primaryimage\"},\"thumbnailUrl\":\"https:\/\/www.casadelectores.com\/wp-content\/uploads\/2025\/SK0191574-DE20251119-101116-0-1763518286-978841827336.webp\",\"datePublished\":\"2025-11-25T09:05:16+00:00\",\"breadcrumb\":{\"@id\":\"https:\/\/www.casadelectores.com\/index.php\/producto\/face-to-facebook-una-temporada-en-el-manicomio-global-mega-angebot-29918\/#breadcrumb\"},\"inLanguage\":\"es\",\"potentialAction\":[{\"@type\":\"ReadAction\",\"target\":[\"https:\/\/www.casadelectores.com\/index.php\/producto\/face-to-facebook-una-temporada-en-el-manicomio-global-mega-angebot-29918\/\"]}]},{\"@type\":\"ImageObject\",\"inLanguage\":\"es\",\"@id\":\"https:\/\/www.casadelectores.com\/index.php\/producto\/face-to-facebook-una-temporada-en-el-manicomio-global-mega-angebot-29918\/#primaryimage\",\"url\":\"https:\/\/www.casadelectores.com\/wp-content\/uploads\/2025\/SK0191574-DE20251119-101116-0-1763518286-978841827336.webp\",\"contentUrl\":\"https:\/\/www.casadelectores.com\/wp-content\/uploads\/2025\/SK0191574-DE20251119-101116-0-1763518286-978841827336.webp\",\"width\":300,\"height\":416},{\"@type\":\"BreadcrumbList\",\"@id\":\"https:\/\/www.casadelectores.com\/index.php\/producto\/face-to-facebook-una-temporada-en-el-manicomio-global-mega-angebot-29918\/#breadcrumb\",\"itemListElement\":[{\"@type\":\"ListItem\",\"position\":1,\"name\":\"Portada\",\"item\":\"https:\/\/www.casadelectores.com\/\"},{\"@type\":\"ListItem\",\"position\":2,\"name\":\"Shop\",\"item\":\"https:\/\/www.casadelectores.com\/index.php\/shop\/\"},{\"@type\":\"ListItem\",\"position\":3,\"name\":\"FACE TO FACEBOOK. UNA TEMPORADA EN EL MANICOMIO GLOBAL Mega-Angebot\"}]},{\"@type\":\"WebSite\",\"@id\":\"https:\/\/www.casadelectores.com\/#website\",\"url\":\"https:\/\/www.casadelectores.com\/\",\"name\":\"Enam\u00f3rate de las compras\",\"description\":\"\",\"publisher\":{\"@id\":\"https:\/\/www.casadelectores.com\/#organization\"},\"potentialAction\":[{\"@type\":\"SearchAction\",\"target\":{\"@type\":\"EntryPoint\",\"urlTemplate\":\"https:\/\/www.casadelectores.com\/?s={search_term_string}\"},\"query-input\":{\"@type\":\"PropertyValueSpecification\",\"valueRequired\":true,\"valueName\":\"search_term_string\"}}],\"inLanguage\":\"es\"},{\"@type\":\"Organization\",\"@id\":\"https:\/\/www.casadelectores.com\/#organization\",\"name\":\"Enam\u00f3rate de las compras\",\"url\":\"https:\/\/www.casadelectores.com\/\",\"logo\":{\"@type\":\"ImageObject\",\"inLanguage\":\"es\",\"@id\":\"https:\/\/www.casadelectores.com\/#\/schema\/logo\/image\/\",\"url\":\"https:\/\/www.casadelectores.com\/wp-content\/uploads\/2020\/10\/shop-icon.png\",\"contentUrl\":\"https:\/\/www.casadelectores.com\/wp-content\/uploads\/2020\/10\/shop-icon.png\",\"width\":512,\"height\":512,\"caption\":\"Enam\u00f3rate de las compras\"},\"image\":{\"@id\":\"https:\/\/www.casadelectores.com\/#\/schema\/logo\/image\/\"}}]}<\/script>\n<!-- \/ Yoast SEO plugin. -->","yoast_head_json":{"title":"FACE TO FACEBOOK. UNA TEMPORADA EN EL MANICOMIO GLOBAL Mega-Angebot - casadelectores","robots":{"index":"index","follow":"follow","max-snippet":"max-snippet:-1","max-image-preview":"max-image-preview:large","max-video-preview":"max-video-preview:-1"},"canonical":"https:\/\/www.casadelectores.com\/index.php\/producto\/face-to-facebook-una-temporada-en-el-manicomio-global-mega-angebot-29918\/","og_locale":"es_ES","og_type":"article","og_title":"FACE TO FACEBOOK. UNA TEMPORADA EN EL MANICOMIO GLOBAL Mega-Angebot - casadelectores","og_description":"Este libro trata sobre el amor, la locura, la pol\u00edtica, las tecnolog\u00edas, el presente dist\u00f3pico, las nuevas subjetividades, los extrav\u00edos del goce, el mundo desorbitado, son le\u00eddos y comentados como s\u00edntomas de una civilizaci\u00f3n mutante, incierta y no pocas veces amenazadora. El conjunto de estos trabajos trazan los rasgos fundamentales del paradigma contempor\u00e1neo, que da&hellip;&nbsp;FACE TO FACEBOOK. UNA TEMPORADA EN EL MANICOMIO GLOBAL Mega-Angebot","og_url":"https:\/\/www.casadelectores.com\/index.php\/producto\/face-to-facebook-una-temporada-en-el-manicomio-global-mega-angebot-29918\/","og_site_name":"casadelectores","og_image":[{"width":300,"height":416,"url":"https:\/\/www.casadelectores.com\/wp-content\/uploads\/2025\/SK0191574-DE20251119-101116-0-1763518286-978841827336.webp","type":"image\/webp"}],"twitter_card":"summary_large_image","twitter_misc":{"Tiempo de lectura":"1 minuto"},"schema":{"@context":"https:\/\/schema.org","@graph":[{"@type":"WebPage","@id":"https:\/\/www.casadelectores.com\/index.php\/producto\/face-to-facebook-una-temporada-en-el-manicomio-global-mega-angebot-29918\/","url":"https:\/\/www.casadelectores.com\/index.php\/producto\/face-to-facebook-una-temporada-en-el-manicomio-global-mega-angebot-29918\/","name":"FACE TO FACEBOOK. UNA TEMPORADA EN EL MANICOMIO GLOBAL Mega-Angebot - casadelectores","isPartOf":{"@id":"https:\/\/www.casadelectores.com\/#website"},"primaryImageOfPage":{"@id":"https:\/\/www.casadelectores.com\/index.php\/producto\/face-to-facebook-una-temporada-en-el-manicomio-global-mega-angebot-29918\/#primaryimage"},"image":{"@id":"https:\/\/www.casadelectores.com\/index.php\/producto\/face-to-facebook-una-temporada-en-el-manicomio-global-mega-angebot-29918\/#primaryimage"},"thumbnailUrl":"https:\/\/www.casadelectores.com\/wp-content\/uploads\/2025\/SK0191574-DE20251119-101116-0-1763518286-978841827336.webp","datePublished":"2025-11-25T09:05:16+00:00","breadcrumb":{"@id":"https:\/\/www.casadelectores.com\/index.php\/producto\/face-to-facebook-una-temporada-en-el-manicomio-global-mega-angebot-29918\/#breadcrumb"},"inLanguage":"es","potentialAction":[{"@type":"ReadAction","target":["https:\/\/www.casadelectores.com\/index.php\/producto\/face-to-facebook-una-temporada-en-el-manicomio-global-mega-angebot-29918\/"]}]},{"@type":"ImageObject","inLanguage":"es","@id":"https:\/\/www.casadelectores.com\/index.php\/producto\/face-to-facebook-una-temporada-en-el-manicomio-global-mega-angebot-29918\/#primaryimage","url":"https:\/\/www.casadelectores.com\/wp-content\/uploads\/2025\/SK0191574-DE20251119-101116-0-1763518286-978841827336.webp","contentUrl":"https:\/\/www.casadelectores.com\/wp-content\/uploads\/2025\/SK0191574-DE20251119-101116-0-1763518286-978841827336.webp","width":300,"height":416},{"@type":"BreadcrumbList","@id":"https:\/\/www.casadelectores.com\/index.php\/producto\/face-to-facebook-una-temporada-en-el-manicomio-global-mega-angebot-29918\/#breadcrumb","itemListElement":[{"@type":"ListItem","position":1,"name":"Portada","item":"https:\/\/www.casadelectores.com\/"},{"@type":"ListItem","position":2,"name":"Shop","item":"https:\/\/www.casadelectores.com\/index.php\/shop\/"},{"@type":"ListItem","position":3,"name":"FACE TO FACEBOOK. UNA TEMPORADA EN EL MANICOMIO GLOBAL Mega-Angebot"}]},{"@type":"WebSite","@id":"https:\/\/www.casadelectores.com\/#website","url":"https:\/\/www.casadelectores.com\/","name":"Enam\u00f3rate de las compras","description":"","publisher":{"@id":"https:\/\/www.casadelectores.com\/#organization"},"potentialAction":[{"@type":"SearchAction","target":{"@type":"EntryPoint","urlTemplate":"https:\/\/www.casadelectores.com\/?s={search_term_string}"},"query-input":{"@type":"PropertyValueSpecification","valueRequired":true,"valueName":"search_term_string"}}],"inLanguage":"es"},{"@type":"Organization","@id":"https:\/\/www.casadelectores.com\/#organization","name":"Enam\u00f3rate de las compras","url":"https:\/\/www.casadelectores.com\/","logo":{"@type":"ImageObject","inLanguage":"es","@id":"https:\/\/www.casadelectores.com\/#\/schema\/logo\/image\/","url":"https:\/\/www.casadelectores.com\/wp-content\/uploads\/2020\/10\/shop-icon.png","contentUrl":"https:\/\/www.casadelectores.com\/wp-content\/uploads\/2020\/10\/shop-icon.png","width":512,"height":512,"caption":"Enam\u00f3rate de las compras"},"image":{"@id":"https:\/\/www.casadelectores.com\/#\/schema\/logo\/image\/"}}]}},"_links":{"self":[{"href":"https:\/\/www.casadelectores.com\/index.php\/wp-json\/wp\/v2\/product\/29918","targetHints":{"allow":["GET"]}}],"collection":[{"href":"https:\/\/www.casadelectores.com\/index.php\/wp-json\/wp\/v2\/product"}],"about":[{"href":"https:\/\/www.casadelectores.com\/index.php\/wp-json\/wp\/v2\/types\/product"}],"wp:featuredmedia":[{"embeddable":true,"href":"https:\/\/www.casadelectores.com\/index.php\/wp-json\/wp\/v2\/media\/30018"}],"wp:attachment":[{"href":"https:\/\/www.casadelectores.com\/index.php\/wp-json\/wp\/v2\/media?parent=29918"}],"wp:term":[{"taxonomy":"product_brand","embeddable":true,"href":"https:\/\/www.casadelectores.com\/index.php\/wp-json\/wp\/v2\/product_brand?post=29918"},{"taxonomy":"product_cat","embeddable":true,"href":"https:\/\/www.casadelectores.com\/index.php\/wp-json\/wp\/v2\/product_cat?post=29918"},{"taxonomy":"product_tag","embeddable":true,"href":"https:\/\/www.casadelectores.com\/index.php\/wp-json\/wp\/v2\/product_tag?post=29918"}],"curies":[{"name":"wp","href":"https:\/\/api.w.org\/{rel}","templated":true}]}}

<p>Este libro trata sobre el amor, la locura, la política, las tecnologías, el presente distópico, las nuevas subjetividades, los extravíos del goce, el mundo desorbitado, son leídos y comentados como síntomas de una civilización mutante, incierta y no pocas veces amenazadora. El conjunto de estos trabajos trazan los rasgos fundamentales del paradigma contemporáneo, que da forma tanto a nuevos fenómenos sociales como a los padecimientos de quienes se dirigen al psicoanalista buscando una respuesta al desasosiego de vivir.El autor escribe desde julio de 2018 una columna en Facebook en la que trata estos temas, todos ellos abordados a partir del discurso psicoanalítico y la ficción literaria donde miles de seguidores le siguen domingo a domingo. «,</p>

<p>Este libro trata sobre el amor, la locura, la política, las tecnologías, el presente distópico, las nuevas subjetividades, los extravíos del goce, el mundo desorbitado, son leídos y comentados como síntomas de una civilización mutante, incierta y no pocas veces amenazadora. El conjunto de estos trabajos trazan los rasgos fundamentales del paradigma contemporáneo, que da&hellip;&nbsp;<a href="https://www.casadelectores.com/index.php/producto/face-to-facebook-una-temporada-en-el-manicomio-global-mega-angebot-29918/" rel="bookmark"><span class="screen-reader-text">FACE TO FACEBOOK. UNA TEMPORADA EN EL MANICOMIO GLOBAL Mega-Angebot</span></a></p>

<!-- This site is optimized with the Yoast SEO plugin v26.3 - https://yoast.com/wordpress/plugins/seo/ -->
<title>FACE TO FACEBOOK. UNA TEMPORADA EN EL MANICOMIO GLOBAL Mega-Angebot - casadelectores</title>
<meta name="robots" content="index, follow, max-snippet:-1, max-image-preview:large, max-video-preview:-1" />
<link rel="canonical" href="https://www.casadelectores.com/index.php/producto/face-to-facebook-una-temporada-en-el-manicomio-global-mega-angebot-29918/" />
<meta property="og:locale" content="es_ES" />
<meta property="og:type" content="article" />
<meta property="og:title" content="FACE TO FACEBOOK. UNA TEMPORADA EN EL MANICOMIO GLOBAL Mega-Angebot - casadelectores" />
<meta property="og:description" content="Este libro trata sobre el amor, la locura, la política, las tecnologías, el presente distópico, las nuevas subjetividades, los extravíos del goce, el mundo desorbitado, son leídos y comentados como síntomas de una civilización mutante, incierta y no pocas veces amenazadora. El conjunto de estos trabajos trazan los rasgos fundamentales del paradigma contemporáneo, que da&hellip;&nbsp;FACE TO FACEBOOK. UNA TEMPORADA EN EL MANICOMIO GLOBAL Mega-Angebot" />
<meta property="og:url" content="https://www.casadelectores.com/index.php/producto/face-to-facebook-una-temporada-en-el-manicomio-global-mega-angebot-29918/" />
<meta property="og:site_name" content="casadelectores" />
<meta property="og:image" content="https://www.casadelectores.com/wp-content/uploads/2025/SK0191574-DE20251119-101116-0-1763518286-978841827336.webp" />
	<meta property="og:image:width" content="300" />
	<meta property="og:image:height" content="416" />
	<meta property="og:image:type" content="image/webp" />
<meta name="twitter:card" content="summary_large_image" />
<meta name="twitter:label1" content="Tiempo de lectura" />
	<meta name="twitter:data1" content="1 minuto" />
<script type="application/ld+json" class="yoast-schema-graph">{"@context":"https://schema.org","@graph":[{"@type":"WebPage","@id":"https://www.casadelectores.com/index.php/producto/face-to-facebook-una-temporada-en-el-manicomio-global-mega-angebot-29918/","url":"https://www.casadelectores.com/index.php/producto/face-to-facebook-una-temporada-en-el-manicomio-global-mega-angebot-29918/","name":"FACE TO FACEBOOK. UNA TEMPORADA EN EL MANICOMIO GLOBAL Mega-Angebot - casadelectores","isPartOf":{"@id":"https://www.casadelectores.com/#website"},"primaryImageOfPage":{"@id":"https://www.casadelectores.com/index.php/producto/face-to-facebook-una-temporada-en-el-manicomio-global-mega-angebot-29918/#primaryimage"},"image":{"@id":"https://www.casadelectores.com/index.php/producto/face-to-facebook-una-temporada-en-el-manicomio-global-mega-angebot-29918/#primaryimage"},"thumbnailUrl":"https://www.casadelectores.com/wp-content/uploads/2025/SK0191574-DE20251119-101116-0-1763518286-978841827336.webp","datePublished":"2025-11-25T09:05:16+00:00","breadcrumb":{"@id":"https://www.casadelectores.com/index.php/producto/face-to-facebook-una-temporada-en-el-manicomio-global-mega-angebot-29918/#breadcrumb"},"inLanguage":"es","potentialAction":[{"@type":"ReadAction","target":["https://www.casadelectores.com/index.php/producto/face-to-facebook-una-temporada-en-el-manicomio-global-mega-angebot-29918/"]}]},{"@type":"ImageObject","inLanguage":"es","@id":"https://www.casadelectores.com/index.php/producto/face-to-facebook-una-temporada-en-el-manicomio-global-mega-angebot-29918/#primaryimage","url":"https://www.casadelectores.com/wp-content/uploads/2025/SK0191574-DE20251119-101116-0-1763518286-978841827336.webp","contentUrl":"https://www.casadelectores.com/wp-content/uploads/2025/SK0191574-DE20251119-101116-0-1763518286-978841827336.webp","width":300,"height":416},{"@type":"BreadcrumbList","@id":"https://www.casadelectores.com/index.php/producto/face-to-facebook-una-temporada-en-el-manicomio-global-mega-angebot-29918/#breadcrumb","itemListElement":[{"@type":"ListItem","position":1,"name":"Portada","item":"https://www.casadelectores.com/"},{"@type":"ListItem","position":2,"name":"Shop","item":"https://www.casadelectores.com/index.php/shop/"},{"@type":"ListItem","position":3,"name":"FACE TO FACEBOOK. UNA TEMPORADA EN EL MANICOMIO GLOBAL Mega-Angebot"}]},{"@type":"WebSite","@id":"https://www.casadelectores.com/#website","url":"https://www.casadelectores.com/","name":"Enamórate de las compras","description":"","publisher":{"@id":"https://www.casadelectores.com/#organization"},"potentialAction":[{"@type":"SearchAction","target":{"@type":"EntryPoint","urlTemplate":"https://www.casadelectores.com/?s={search_term_string}"},"query-input":{"@type":"PropertyValueSpecification","valueRequired":true,"valueName":"search_term_string"}}],"inLanguage":"es"},{"@type":"Organization","@id":"https://www.casadelectores.com/#organization","name":"Enamórate de las compras","url":"https://www.casadelectores.com/","logo":{"@type":"ImageObject","inLanguage":"es","@id":"https://www.casadelectores.com/#/schema/logo/image/","url":"https://www.casadelectores.com/wp-content/uploads/2020/10/shop-icon.png","contentUrl":"https://www.casadelectores.com/wp-content/uploads/2020/10/shop-icon.png","width":512,"height":512,"caption":"Enamórate de las compras"},"image":{"@id":"https://www.casadelectores.com/#/schema/logo/image/"}}]}</script>
<!-- / Yoast SEO plugin. -->

Este libro trata sobre el amor, la locura, la política, las tecnologías, el presente distópico, las nuevas subjetividades, los extravíos del goce, el mundo desorbitado, son leídos y comentados como síntomas de una civilización mutante, incierta y no pocas veces amenazadora. El conjunto de estos trabajos trazan los rasgos fundamentales del paradigma contemporáneo, que da&hellip;&nbsp;FACE TO FACEBOOK. UNA TEMPORADA EN EL MANICOMIO GLOBAL Mega-Angebot

Enamórate de las compras
