{"id":29373,"date":"2025-11-25T09:05:15","date_gmt":"2025-11-25T09:05:15","guid":{"rendered":""},"modified":"2025-11-25T09:05:15","modified_gmt":"2025-11-25T09:05:15","slug":"exklusiv-jardineria-emocional-29373","status":"publish","type":"product","link":"https:\/\/www.casadelectores.com\/index.php\/producto\/exklusiv-jardineria-emocional-29373\/","title":{"rendered":"Exklusiv JARDINER\u00cdA EMOCIONAL"},"content":{"rendered":"<p>Las emociones son un recurso con el que nacemos, que nos permite adaptarnos a las experiencias que vivimos en cada momento e influyen en nuestra toma de decisiones, nuestro comportamiento y nuestra calidad de vida. Sin embargo, la mayor\u00eda de nosotros no hemos recibido educaci\u00f3n emocional, y este \u00abanalfabetismo emocional\u00bb lo estamos pagando con un coste muy alto. El aumento de la depresi\u00f3n, la ansiedad y el estr\u00e9s son tan solo algunos ejemplos de esa falta de educaci\u00f3n e inteligencia emocional.\u00a0No obstante, la ciencia nos ha demostrado que aprender y ser emocionalmente inteligentes no solo es posible, sino que aporta m\u00faltiples beneficios en todas las \u00e1reas de nuestra vida.\u00a0De una forma amena, l\u00fadica y divertida, este libro ofrece reflexiones, herramientas y recursos espec\u00edficos para cultivar una autoestima sana, una mayor confianza, creatividad y motivaci\u00f3n, para poder vivir en consecuencia con m\u00e1s alegr\u00eda, amor, gratitud, esperanza y serenidad, disfrutando as\u00ed de un jard\u00edn emocional f\u00e9rtil y precioso. \u00ab,<\/p>\n","protected":false},"excerpt":{"rendered":"<p>Las emociones son un recurso con el que nacemos, que nos permite adaptarnos a las experiencias que vivimos en cada momento e influyen en nuestra toma de decisiones, nuestro comportamiento y nuestra calidad de vida. Sin embargo, la mayor\u00eda de nosotros no hemos recibido educaci\u00f3n emocional, y este \u00abanalfabetismo emocional\u00bb lo estamos pagando con un&hellip;&nbsp;<a href=\"https:\/\/www.casadelectores.com\/index.php\/producto\/exklusiv-jardineria-emocional-29373\/\" rel=\"bookmark\"><span class=\"screen-reader-text\">Exklusiv JARDINER\u00cdA EMOCIONAL<\/span><\/a><\/p>\n","protected":false},"featured_media":29473,"template":"","meta":{"neve_meta_sidebar":"","neve_meta_container":"","neve_meta_enable_content_width":"","neve_meta_content_width":0,"neve_meta_title_alignment":"","neve_meta_author_avatar":"","neve_post_elements_order":"","neve_meta_disable_header":"","neve_meta_disable_footer":"","neve_meta_disable_title":"","_themeisle_gutenberg_block_has_review":false},"product_brand":[],"product_cat":[26],"product_tag":[],"class_list":["post-29373","product","type-product","status-publish","has-post-thumbnail","product_cat-publicaciones-de-libros","first","instock","sale","shipping-taxable","purchasable","product-type-simple"],"yoast_head":"<!-- This site is optimized with the Yoast SEO plugin v26.3 - https:\/\/yoast.com\/wordpress\/plugins\/seo\/ -->\n<title>Exklusiv JARDINER\u00cdA EMOCIONAL - casadelectores<\/title>\n<meta name=\"robots\" content=\"index, follow, max-snippet:-1, max-image-preview:large, max-video-preview:-1\" \/>\n<link rel=\"canonical\" href=\"https:\/\/www.casadelectores.com\/index.php\/producto\/exklusiv-jardineria-emocional-29373\/\" \/>\n<meta property=\"og:locale\" content=\"es_ES\" \/>\n<meta property=\"og:type\" content=\"article\" \/>\n<meta property=\"og:title\" content=\"Exklusiv JARDINER\u00cdA EMOCIONAL - casadelectores\" \/>\n<meta property=\"og:description\" content=\"Las emociones son un recurso con el que nacemos, que nos permite adaptarnos a las experiencias que vivimos en cada momento e influyen en nuestra toma de decisiones, nuestro comportamiento y nuestra calidad de vida. Sin embargo, la mayor\u00eda de nosotros no hemos recibido educaci\u00f3n emocional, y este \u00abanalfabetismo emocional\u00bb lo estamos pagando con un&hellip;&nbsp;Exklusiv JARDINER\u00cdA EMOCIONAL\" \/>\n<meta property=\"og:url\" content=\"https:\/\/www.casadelectores.com\/index.php\/producto\/exklusiv-jardineria-emocional-29373\/\" \/>\n<meta property=\"og:site_name\" content=\"casadelectores\" \/>\n<meta property=\"og:image\" content=\"https:\/\/www.casadelectores.com\/wp-content\/uploads\/2025\/SK0191429-DE20251119-101116-0-1763518286-978841801587.webp\" \/>\n\t<meta property=\"og:image:width\" content=\"300\" \/>\n\t<meta property=\"og:image:height\" content=\"460\" \/>\n\t<meta property=\"og:image:type\" content=\"image\/webp\" \/>\n<meta name=\"twitter:card\" content=\"summary_large_image\" \/>\n<meta name=\"twitter:label1\" content=\"Tiempo de lectura\" \/>\n\t<meta name=\"twitter:data1\" content=\"1 minuto\" \/>\n<script type=\"application\/ld+json\" class=\"yoast-schema-graph\">{\"@context\":\"https:\/\/schema.org\",\"@graph\":[{\"@type\":\"WebPage\",\"@id\":\"https:\/\/www.casadelectores.com\/index.php\/producto\/exklusiv-jardineria-emocional-29373\/\",\"url\":\"https:\/\/www.casadelectores.com\/index.php\/producto\/exklusiv-jardineria-emocional-29373\/\",\"name\":\"Exklusiv JARDINER\u00cdA EMOCIONAL - casadelectores\",\"isPartOf\":{\"@id\":\"https:\/\/www.casadelectores.com\/#website\"},\"primaryImageOfPage\":{\"@id\":\"https:\/\/www.casadelectores.com\/index.php\/producto\/exklusiv-jardineria-emocional-29373\/#primaryimage\"},\"image\":{\"@id\":\"https:\/\/www.casadelectores.com\/index.php\/producto\/exklusiv-jardineria-emocional-29373\/#primaryimage\"},\"thumbnailUrl\":\"https:\/\/www.casadelectores.com\/wp-content\/uploads\/2025\/SK0191429-DE20251119-101116-0-1763518286-978841801587.webp\",\"datePublished\":\"2025-11-25T09:05:15+00:00\",\"breadcrumb\":{\"@id\":\"https:\/\/www.casadelectores.com\/index.php\/producto\/exklusiv-jardineria-emocional-29373\/#breadcrumb\"},\"inLanguage\":\"es\",\"potentialAction\":[{\"@type\":\"ReadAction\",\"target\":[\"https:\/\/www.casadelectores.com\/index.php\/producto\/exklusiv-jardineria-emocional-29373\/\"]}]},{\"@type\":\"ImageObject\",\"inLanguage\":\"es\",\"@id\":\"https:\/\/www.casadelectores.com\/index.php\/producto\/exklusiv-jardineria-emocional-29373\/#primaryimage\",\"url\":\"https:\/\/www.casadelectores.com\/wp-content\/uploads\/2025\/SK0191429-DE20251119-101116-0-1763518286-978841801587.webp\",\"contentUrl\":\"https:\/\/www.casadelectores.com\/wp-content\/uploads\/2025\/SK0191429-DE20251119-101116-0-1763518286-978841801587.webp\",\"width\":300,\"height\":460},{\"@type\":\"BreadcrumbList\",\"@id\":\"https:\/\/www.casadelectores.com\/index.php\/producto\/exklusiv-jardineria-emocional-29373\/#breadcrumb\",\"itemListElement\":[{\"@type\":\"ListItem\",\"position\":1,\"name\":\"Portada\",\"item\":\"https:\/\/www.casadelectores.com\/\"},{\"@type\":\"ListItem\",\"position\":2,\"name\":\"Shop\",\"item\":\"https:\/\/www.casadelectores.com\/index.php\/shop\/\"},{\"@type\":\"ListItem\",\"position\":3,\"name\":\"Exklusiv JARDINER\u00cdA EMOCIONAL\"}]},{\"@type\":\"WebSite\",\"@id\":\"https:\/\/www.casadelectores.com\/#website\",\"url\":\"https:\/\/www.casadelectores.com\/\",\"name\":\"Enam\u00f3rate de las compras\",\"description\":\"\",\"publisher\":{\"@id\":\"https:\/\/www.casadelectores.com\/#organization\"},\"potentialAction\":[{\"@type\":\"SearchAction\",\"target\":{\"@type\":\"EntryPoint\",\"urlTemplate\":\"https:\/\/www.casadelectores.com\/?s={search_term_string}\"},\"query-input\":{\"@type\":\"PropertyValueSpecification\",\"valueRequired\":true,\"valueName\":\"search_term_string\"}}],\"inLanguage\":\"es\"},{\"@type\":\"Organization\",\"@id\":\"https:\/\/www.casadelectores.com\/#organization\",\"name\":\"Enam\u00f3rate de las compras\",\"url\":\"https:\/\/www.casadelectores.com\/\",\"logo\":{\"@type\":\"ImageObject\",\"inLanguage\":\"es\",\"@id\":\"https:\/\/www.casadelectores.com\/#\/schema\/logo\/image\/\",\"url\":\"https:\/\/www.casadelectores.com\/wp-content\/uploads\/2020\/10\/shop-icon.png\",\"contentUrl\":\"https:\/\/www.casadelectores.com\/wp-content\/uploads\/2020\/10\/shop-icon.png\",\"width\":512,\"height\":512,\"caption\":\"Enam\u00f3rate de las compras\"},\"image\":{\"@id\":\"https:\/\/www.casadelectores.com\/#\/schema\/logo\/image\/\"}}]}<\/script>\n<!-- \/ Yoast SEO plugin. -->","yoast_head_json":{"title":"Exklusiv JARDINER\u00cdA EMOCIONAL - casadelectores","robots":{"index":"index","follow":"follow","max-snippet":"max-snippet:-1","max-image-preview":"max-image-preview:large","max-video-preview":"max-video-preview:-1"},"canonical":"https:\/\/www.casadelectores.com\/index.php\/producto\/exklusiv-jardineria-emocional-29373\/","og_locale":"es_ES","og_type":"article","og_title":"Exklusiv JARDINER\u00cdA EMOCIONAL - casadelectores","og_description":"Las emociones son un recurso con el que nacemos, que nos permite adaptarnos a las experiencias que vivimos en cada momento e influyen en nuestra toma de decisiones, nuestro comportamiento y nuestra calidad de vida. Sin embargo, la mayor\u00eda de nosotros no hemos recibido educaci\u00f3n emocional, y este \u00abanalfabetismo emocional\u00bb lo estamos pagando con un&hellip;&nbsp;Exklusiv JARDINER\u00cdA EMOCIONAL","og_url":"https:\/\/www.casadelectores.com\/index.php\/producto\/exklusiv-jardineria-emocional-29373\/","og_site_name":"casadelectores","og_image":[{"width":300,"height":460,"url":"https:\/\/www.casadelectores.com\/wp-content\/uploads\/2025\/SK0191429-DE20251119-101116-0-1763518286-978841801587.webp","type":"image\/webp"}],"twitter_card":"summary_large_image","twitter_misc":{"Tiempo de lectura":"1 minuto"},"schema":{"@context":"https:\/\/schema.org","@graph":[{"@type":"WebPage","@id":"https:\/\/www.casadelectores.com\/index.php\/producto\/exklusiv-jardineria-emocional-29373\/","url":"https:\/\/www.casadelectores.com\/index.php\/producto\/exklusiv-jardineria-emocional-29373\/","name":"Exklusiv JARDINER\u00cdA EMOCIONAL - casadelectores","isPartOf":{"@id":"https:\/\/www.casadelectores.com\/#website"},"primaryImageOfPage":{"@id":"https:\/\/www.casadelectores.com\/index.php\/producto\/exklusiv-jardineria-emocional-29373\/#primaryimage"},"image":{"@id":"https:\/\/www.casadelectores.com\/index.php\/producto\/exklusiv-jardineria-emocional-29373\/#primaryimage"},"thumbnailUrl":"https:\/\/www.casadelectores.com\/wp-content\/uploads\/2025\/SK0191429-DE20251119-101116-0-1763518286-978841801587.webp","datePublished":"2025-11-25T09:05:15+00:00","breadcrumb":{"@id":"https:\/\/www.casadelectores.com\/index.php\/producto\/exklusiv-jardineria-emocional-29373\/#breadcrumb"},"inLanguage":"es","potentialAction":[{"@type":"ReadAction","target":["https:\/\/www.casadelectores.com\/index.php\/producto\/exklusiv-jardineria-emocional-29373\/"]}]},{"@type":"ImageObject","inLanguage":"es","@id":"https:\/\/www.casadelectores.com\/index.php\/producto\/exklusiv-jardineria-emocional-29373\/#primaryimage","url":"https:\/\/www.casadelectores.com\/wp-content\/uploads\/2025\/SK0191429-DE20251119-101116-0-1763518286-978841801587.webp","contentUrl":"https:\/\/www.casadelectores.com\/wp-content\/uploads\/2025\/SK0191429-DE20251119-101116-0-1763518286-978841801587.webp","width":300,"height":460},{"@type":"BreadcrumbList","@id":"https:\/\/www.casadelectores.com\/index.php\/producto\/exklusiv-jardineria-emocional-29373\/#breadcrumb","itemListElement":[{"@type":"ListItem","position":1,"name":"Portada","item":"https:\/\/www.casadelectores.com\/"},{"@type":"ListItem","position":2,"name":"Shop","item":"https:\/\/www.casadelectores.com\/index.php\/shop\/"},{"@type":"ListItem","position":3,"name":"Exklusiv JARDINER\u00cdA EMOCIONAL"}]},{"@type":"WebSite","@id":"https:\/\/www.casadelectores.com\/#website","url":"https:\/\/www.casadelectores.com\/","name":"Enam\u00f3rate de las compras","description":"","publisher":{"@id":"https:\/\/www.casadelectores.com\/#organization"},"potentialAction":[{"@type":"SearchAction","target":{"@type":"EntryPoint","urlTemplate":"https:\/\/www.casadelectores.com\/?s={search_term_string}"},"query-input":{"@type":"PropertyValueSpecification","valueRequired":true,"valueName":"search_term_string"}}],"inLanguage":"es"},{"@type":"Organization","@id":"https:\/\/www.casadelectores.com\/#organization","name":"Enam\u00f3rate de las compras","url":"https:\/\/www.casadelectores.com\/","logo":{"@type":"ImageObject","inLanguage":"es","@id":"https:\/\/www.casadelectores.com\/#\/schema\/logo\/image\/","url":"https:\/\/www.casadelectores.com\/wp-content\/uploads\/2020\/10\/shop-icon.png","contentUrl":"https:\/\/www.casadelectores.com\/wp-content\/uploads\/2020\/10\/shop-icon.png","width":512,"height":512,"caption":"Enam\u00f3rate de las compras"},"image":{"@id":"https:\/\/www.casadelectores.com\/#\/schema\/logo\/image\/"}}]}},"_links":{"self":[{"href":"https:\/\/www.casadelectores.com\/index.php\/wp-json\/wp\/v2\/product\/29373","targetHints":{"allow":["GET"]}}],"collection":[{"href":"https:\/\/www.casadelectores.com\/index.php\/wp-json\/wp\/v2\/product"}],"about":[{"href":"https:\/\/www.casadelectores.com\/index.php\/wp-json\/wp\/v2\/types\/product"}],"wp:featuredmedia":[{"embeddable":true,"href":"https:\/\/www.casadelectores.com\/index.php\/wp-json\/wp\/v2\/media\/29473"}],"wp:attachment":[{"href":"https:\/\/www.casadelectores.com\/index.php\/wp-json\/wp\/v2\/media?parent=29373"}],"wp:term":[{"taxonomy":"product_brand","embeddable":true,"href":"https:\/\/www.casadelectores.com\/index.php\/wp-json\/wp\/v2\/product_brand?post=29373"},{"taxonomy":"product_cat","embeddable":true,"href":"https:\/\/www.casadelectores.com\/index.php\/wp-json\/wp\/v2\/product_cat?post=29373"},{"taxonomy":"product_tag","embeddable":true,"href":"https:\/\/www.casadelectores.com\/index.php\/wp-json\/wp\/v2\/product_tag?post=29373"}],"curies":[{"name":"wp","href":"https:\/\/api.w.org\/{rel}","templated":true}]}}

Exklusiv JARDINERÍA EMOCIONAL

<p>Las emociones son un recurso con el que nacemos, que nos permite adaptarnos a las experiencias que vivimos en cada momento e influyen en nuestra toma de decisiones, nuestro comportamiento y nuestra calidad de vida. Sin embargo, la mayoría de nosotros no hemos recibido educación emocional, y este «analfabetismo emocional» lo estamos pagando con un coste muy alto. El aumento de la depresión, la ansiedad y el estrés son tan solo algunos ejemplos de esa falta de educación e inteligencia emocional. No obstante, la ciencia nos ha demostrado que aprender y ser emocionalmente inteligentes no solo es posible, sino que aporta múltiples beneficios en todas las áreas de nuestra vida. De una forma amena, lúdica y divertida, este libro ofrece reflexiones, herramientas y recursos específicos para cultivar una autoestima sana, una mayor confianza, creatividad y motivación, para poder vivir en consecuencia con más alegría, amor, gratitud, esperanza y serenidad, disfrutando así de un jardín emocional fértil y precioso. «,</p>

<p>Las emociones son un recurso con el que nacemos, que nos permite adaptarnos a las experiencias que vivimos en cada momento e influyen en nuestra toma de decisiones, nuestro comportamiento y nuestra calidad de vida. Sin embargo, la mayoría de nosotros no hemos recibido educación emocional, y este «analfabetismo emocional» lo estamos pagando con un&hellip;&nbsp;<a href="https://www.casadelectores.com/index.php/producto/exklusiv-jardineria-emocional-29373/" rel="bookmark"><span class="screen-reader-text">Exklusiv JARDINERÍA EMOCIONAL</span></a></p>

<!-- This site is optimized with the Yoast SEO plugin v26.3 - https://yoast.com/wordpress/plugins/seo/ -->
<title>Exklusiv JARDINERÍA EMOCIONAL - casadelectores</title>
<meta name="robots" content="index, follow, max-snippet:-1, max-image-preview:large, max-video-preview:-1" />
<link rel="canonical" href="https://www.casadelectores.com/index.php/producto/exklusiv-jardineria-emocional-29373/" />
<meta property="og:locale" content="es_ES" />
<meta property="og:type" content="article" />
<meta property="og:title" content="Exklusiv JARDINERÍA EMOCIONAL - casadelectores" />
<meta property="og:description" content="Las emociones son un recurso con el que nacemos, que nos permite adaptarnos a las experiencias que vivimos en cada momento e influyen en nuestra toma de decisiones, nuestro comportamiento y nuestra calidad de vida. Sin embargo, la mayoría de nosotros no hemos recibido educación emocional, y este «analfabetismo emocional» lo estamos pagando con un&hellip;&nbsp;Exklusiv JARDINERÍA EMOCIONAL" />
<meta property="og:url" content="https://www.casadelectores.com/index.php/producto/exklusiv-jardineria-emocional-29373/" />
<meta property="og:site_name" content="casadelectores" />
<meta property="og:image" content="https://www.casadelectores.com/wp-content/uploads/2025/SK0191429-DE20251119-101116-0-1763518286-978841801587.webp" />
	<meta property="og:image:width" content="300" />
	<meta property="og:image:height" content="460" />
	<meta property="og:image:type" content="image/webp" />
<meta name="twitter:card" content="summary_large_image" />
<meta name="twitter:label1" content="Tiempo de lectura" />
	<meta name="twitter:data1" content="1 minuto" />
<script type="application/ld+json" class="yoast-schema-graph">{"@context":"https://schema.org","@graph":[{"@type":"WebPage","@id":"https://www.casadelectores.com/index.php/producto/exklusiv-jardineria-emocional-29373/","url":"https://www.casadelectores.com/index.php/producto/exklusiv-jardineria-emocional-29373/","name":"Exklusiv JARDINERÍA EMOCIONAL - casadelectores","isPartOf":{"@id":"https://www.casadelectores.com/#website"},"primaryImageOfPage":{"@id":"https://www.casadelectores.com/index.php/producto/exklusiv-jardineria-emocional-29373/#primaryimage"},"image":{"@id":"https://www.casadelectores.com/index.php/producto/exklusiv-jardineria-emocional-29373/#primaryimage"},"thumbnailUrl":"https://www.casadelectores.com/wp-content/uploads/2025/SK0191429-DE20251119-101116-0-1763518286-978841801587.webp","datePublished":"2025-11-25T09:05:15+00:00","breadcrumb":{"@id":"https://www.casadelectores.com/index.php/producto/exklusiv-jardineria-emocional-29373/#breadcrumb"},"inLanguage":"es","potentialAction":[{"@type":"ReadAction","target":["https://www.casadelectores.com/index.php/producto/exklusiv-jardineria-emocional-29373/"]}]},{"@type":"ImageObject","inLanguage":"es","@id":"https://www.casadelectores.com/index.php/producto/exklusiv-jardineria-emocional-29373/#primaryimage","url":"https://www.casadelectores.com/wp-content/uploads/2025/SK0191429-DE20251119-101116-0-1763518286-978841801587.webp","contentUrl":"https://www.casadelectores.com/wp-content/uploads/2025/SK0191429-DE20251119-101116-0-1763518286-978841801587.webp","width":300,"height":460},{"@type":"BreadcrumbList","@id":"https://www.casadelectores.com/index.php/producto/exklusiv-jardineria-emocional-29373/#breadcrumb","itemListElement":[{"@type":"ListItem","position":1,"name":"Portada","item":"https://www.casadelectores.com/"},{"@type":"ListItem","position":2,"name":"Shop","item":"https://www.casadelectores.com/index.php/shop/"},{"@type":"ListItem","position":3,"name":"Exklusiv JARDINERÍA EMOCIONAL"}]},{"@type":"WebSite","@id":"https://www.casadelectores.com/#website","url":"https://www.casadelectores.com/","name":"Enamórate de las compras","description":"","publisher":{"@id":"https://www.casadelectores.com/#organization"},"potentialAction":[{"@type":"SearchAction","target":{"@type":"EntryPoint","urlTemplate":"https://www.casadelectores.com/?s={search_term_string}"},"query-input":{"@type":"PropertyValueSpecification","valueRequired":true,"valueName":"search_term_string"}}],"inLanguage":"es"},{"@type":"Organization","@id":"https://www.casadelectores.com/#organization","name":"Enamórate de las compras","url":"https://www.casadelectores.com/","logo":{"@type":"ImageObject","inLanguage":"es","@id":"https://www.casadelectores.com/#/schema/logo/image/","url":"https://www.casadelectores.com/wp-content/uploads/2020/10/shop-icon.png","contentUrl":"https://www.casadelectores.com/wp-content/uploads/2020/10/shop-icon.png","width":512,"height":512,"caption":"Enamórate de las compras"},"image":{"@id":"https://www.casadelectores.com/#/schema/logo/image/"}}]}</script>
<!-- / Yoast SEO plugin. -->

Exklusiv JARDINERÍA EMOCIONAL - casadelectores

Las emociones son un recurso con el que nacemos, que nos permite adaptarnos a las experiencias que vivimos en cada momento e influyen en nuestra toma de decisiones, nuestro comportamiento y nuestra calidad de vida. Sin embargo, la mayoría de nosotros no hemos recibido educación emocional, y este «analfabetismo emocional» lo estamos pagando con un&hellip;&nbsp;Exklusiv JARDINERÍA EMOCIONAL

Enamórate de las compras
