{"id":20717,"date":"2025-11-25T09:04:58","date_gmt":"2025-11-25T09:04:58","guid":{"rendered":""},"modified":"2025-11-25T09:04:58","modified_gmt":"2025-11-25T09:04:58","slug":"expressversand-1914-el-asesinato-de-sarajevo-20717","status":"publish","type":"product","link":"https:\/\/www.casadelectores.com\/index.php\/producto\/expressversand-1914-el-asesinato-de-sarajevo-20717\/","title":{"rendered":"Expressversand 1914. EL ASESINATO DE SARAJEVO"},"content":{"rendered":"<p>El 28 de junio de 1914, siete nacionalistas bosnios aguardaban en Sarajevo, capital de Bosnia, al archiduque Francisco Fernando de Habsburgo con intenci\u00f3n de asesinarlo. La preparaci\u00f3n del atentado hab\u00eda sido orquestada desde Serbia, donde una organizaci \u00ab,<\/p>\n","protected":false},"excerpt":{"rendered":"<p>El 28 de junio de 1914, siete nacionalistas bosnios aguardaban en Sarajevo, capital de Bosnia, al archiduque Francisco Fernando de Habsburgo con intenci\u00f3n de asesinarlo. La preparaci\u00f3n del atentado hab\u00eda sido orquestada desde Serbia, donde una organizaci \u00ab,<\/p>\n","protected":false},"featured_media":20817,"template":"","meta":{"neve_meta_sidebar":"","neve_meta_container":"","neve_meta_enable_content_width":"","neve_meta_content_width":0,"neve_meta_title_alignment":"","neve_meta_author_avatar":"","neve_post_elements_order":"","neve_meta_disable_header":"","neve_meta_disable_footer":"","neve_meta_disable_title":"","_themeisle_gutenberg_block_has_review":false},"product_brand":[],"product_cat":[26],"product_tag":[],"class_list":["post-20717","product","type-product","status-publish","has-post-thumbnail","product_cat-publicaciones-de-libros","first","instock","sale","shipping-taxable","purchasable","product-type-simple"],"yoast_head":"<!-- This site is optimized with the Yoast SEO plugin v26.3 - https:\/\/yoast.com\/wordpress\/plugins\/seo\/ -->\n<title>Expressversand 1914. EL ASESINATO DE SARAJEVO - casadelectores<\/title>\n<meta name=\"robots\" content=\"index, follow, max-snippet:-1, max-image-preview:large, max-video-preview:-1\" \/>\n<link rel=\"canonical\" href=\"https:\/\/www.casadelectores.com\/index.php\/producto\/expressversand-1914-el-asesinato-de-sarajevo-20717\/\" \/>\n<meta property=\"og:locale\" content=\"es_ES\" \/>\n<meta property=\"og:type\" content=\"article\" \/>\n<meta property=\"og:title\" content=\"Expressversand 1914. EL ASESINATO DE SARAJEVO - casadelectores\" \/>\n<meta property=\"og:description\" content=\"El 28 de junio de 1914, siete nacionalistas bosnios aguardaban en Sarajevo, capital de Bosnia, al archiduque Francisco Fernando de Habsburgo con intenci\u00f3n de asesinarlo. La preparaci\u00f3n del atentado hab\u00eda sido orquestada desde Serbia, donde una organizaci \u00ab,\" \/>\n<meta property=\"og:url\" content=\"https:\/\/www.casadelectores.com\/index.php\/producto\/expressversand-1914-el-asesinato-de-sarajevo-20717\/\" \/>\n<meta property=\"og:site_name\" content=\"casadelectores\" \/>\n<meta property=\"og:image\" content=\"https:\/\/www.casadelectores.com\/wp-content\/uploads\/2025\/SK0186668-DE20251119-101116-0-1763518286-978847584754.webp\" \/>\n\t<meta property=\"og:image:width\" content=\"300\" \/>\n\t<meta property=\"og:image:height\" content=\"478\" \/>\n\t<meta property=\"og:image:type\" content=\"image\/webp\" \/>\n<meta name=\"twitter:card\" content=\"summary_large_image\" \/>\n<script type=\"application\/ld+json\" class=\"yoast-schema-graph\">{\"@context\":\"https:\/\/schema.org\",\"@graph\":[{\"@type\":\"WebPage\",\"@id\":\"https:\/\/www.casadelectores.com\/index.php\/producto\/expressversand-1914-el-asesinato-de-sarajevo-20717\/\",\"url\":\"https:\/\/www.casadelectores.com\/index.php\/producto\/expressversand-1914-el-asesinato-de-sarajevo-20717\/\",\"name\":\"Expressversand 1914. EL ASESINATO DE SARAJEVO - casadelectores\",\"isPartOf\":{\"@id\":\"https:\/\/www.casadelectores.com\/#website\"},\"primaryImageOfPage\":{\"@id\":\"https:\/\/www.casadelectores.com\/index.php\/producto\/expressversand-1914-el-asesinato-de-sarajevo-20717\/#primaryimage\"},\"image\":{\"@id\":\"https:\/\/www.casadelectores.com\/index.php\/producto\/expressversand-1914-el-asesinato-de-sarajevo-20717\/#primaryimage\"},\"thumbnailUrl\":\"https:\/\/www.casadelectores.com\/wp-content\/uploads\/2025\/SK0186668-DE20251119-101116-0-1763518286-978847584754.webp\",\"datePublished\":\"2025-11-25T09:04:58+00:00\",\"breadcrumb\":{\"@id\":\"https:\/\/www.casadelectores.com\/index.php\/producto\/expressversand-1914-el-asesinato-de-sarajevo-20717\/#breadcrumb\"},\"inLanguage\":\"es\",\"potentialAction\":[{\"@type\":\"ReadAction\",\"target\":[\"https:\/\/www.casadelectores.com\/index.php\/producto\/expressversand-1914-el-asesinato-de-sarajevo-20717\/\"]}]},{\"@type\":\"ImageObject\",\"inLanguage\":\"es\",\"@id\":\"https:\/\/www.casadelectores.com\/index.php\/producto\/expressversand-1914-el-asesinato-de-sarajevo-20717\/#primaryimage\",\"url\":\"https:\/\/www.casadelectores.com\/wp-content\/uploads\/2025\/SK0186668-DE20251119-101116-0-1763518286-978847584754.webp\",\"contentUrl\":\"https:\/\/www.casadelectores.com\/wp-content\/uploads\/2025\/SK0186668-DE20251119-101116-0-1763518286-978847584754.webp\",\"width\":300,\"height\":478},{\"@type\":\"BreadcrumbList\",\"@id\":\"https:\/\/www.casadelectores.com\/index.php\/producto\/expressversand-1914-el-asesinato-de-sarajevo-20717\/#breadcrumb\",\"itemListElement\":[{\"@type\":\"ListItem\",\"position\":1,\"name\":\"Portada\",\"item\":\"https:\/\/www.casadelectores.com\/\"},{\"@type\":\"ListItem\",\"position\":2,\"name\":\"Shop\",\"item\":\"https:\/\/www.casadelectores.com\/index.php\/shop\/\"},{\"@type\":\"ListItem\",\"position\":3,\"name\":\"Expressversand 1914. EL ASESINATO DE SARAJEVO\"}]},{\"@type\":\"WebSite\",\"@id\":\"https:\/\/www.casadelectores.com\/#website\",\"url\":\"https:\/\/www.casadelectores.com\/\",\"name\":\"Enam\u00f3rate de las compras\",\"description\":\"\",\"publisher\":{\"@id\":\"https:\/\/www.casadelectores.com\/#organization\"},\"potentialAction\":[{\"@type\":\"SearchAction\",\"target\":{\"@type\":\"EntryPoint\",\"urlTemplate\":\"https:\/\/www.casadelectores.com\/?s={search_term_string}\"},\"query-input\":{\"@type\":\"PropertyValueSpecification\",\"valueRequired\":true,\"valueName\":\"search_term_string\"}}],\"inLanguage\":\"es\"},{\"@type\":\"Organization\",\"@id\":\"https:\/\/www.casadelectores.com\/#organization\",\"name\":\"Enam\u00f3rate de las compras\",\"url\":\"https:\/\/www.casadelectores.com\/\",\"logo\":{\"@type\":\"ImageObject\",\"inLanguage\":\"es\",\"@id\":\"https:\/\/www.casadelectores.com\/#\/schema\/logo\/image\/\",\"url\":\"https:\/\/www.casadelectores.com\/wp-content\/uploads\/2020\/10\/shop-icon.png\",\"contentUrl\":\"https:\/\/www.casadelectores.com\/wp-content\/uploads\/2020\/10\/shop-icon.png\",\"width\":512,\"height\":512,\"caption\":\"Enam\u00f3rate de las compras\"},\"image\":{\"@id\":\"https:\/\/www.casadelectores.com\/#\/schema\/logo\/image\/\"}}]}<\/script>\n<!-- \/ Yoast SEO plugin. -->","yoast_head_json":{"title":"Expressversand 1914. EL ASESINATO DE SARAJEVO - casadelectores","robots":{"index":"index","follow":"follow","max-snippet":"max-snippet:-1","max-image-preview":"max-image-preview:large","max-video-preview":"max-video-preview:-1"},"canonical":"https:\/\/www.casadelectores.com\/index.php\/producto\/expressversand-1914-el-asesinato-de-sarajevo-20717\/","og_locale":"es_ES","og_type":"article","og_title":"Expressversand 1914. EL ASESINATO DE SARAJEVO - casadelectores","og_description":"El 28 de junio de 1914, siete nacionalistas bosnios aguardaban en Sarajevo, capital de Bosnia, al archiduque Francisco Fernando de Habsburgo con intenci\u00f3n de asesinarlo. La preparaci\u00f3n del atentado hab\u00eda sido orquestada desde Serbia, donde una organizaci \u00ab,","og_url":"https:\/\/www.casadelectores.com\/index.php\/producto\/expressversand-1914-el-asesinato-de-sarajevo-20717\/","og_site_name":"casadelectores","og_image":[{"width":300,"height":478,"url":"https:\/\/www.casadelectores.com\/wp-content\/uploads\/2025\/SK0186668-DE20251119-101116-0-1763518286-978847584754.webp","type":"image\/webp"}],"twitter_card":"summary_large_image","schema":{"@context":"https:\/\/schema.org","@graph":[{"@type":"WebPage","@id":"https:\/\/www.casadelectores.com\/index.php\/producto\/expressversand-1914-el-asesinato-de-sarajevo-20717\/","url":"https:\/\/www.casadelectores.com\/index.php\/producto\/expressversand-1914-el-asesinato-de-sarajevo-20717\/","name":"Expressversand 1914. EL ASESINATO DE SARAJEVO - casadelectores","isPartOf":{"@id":"https:\/\/www.casadelectores.com\/#website"},"primaryImageOfPage":{"@id":"https:\/\/www.casadelectores.com\/index.php\/producto\/expressversand-1914-el-asesinato-de-sarajevo-20717\/#primaryimage"},"image":{"@id":"https:\/\/www.casadelectores.com\/index.php\/producto\/expressversand-1914-el-asesinato-de-sarajevo-20717\/#primaryimage"},"thumbnailUrl":"https:\/\/www.casadelectores.com\/wp-content\/uploads\/2025\/SK0186668-DE20251119-101116-0-1763518286-978847584754.webp","datePublished":"2025-11-25T09:04:58+00:00","breadcrumb":{"@id":"https:\/\/www.casadelectores.com\/index.php\/producto\/expressversand-1914-el-asesinato-de-sarajevo-20717\/#breadcrumb"},"inLanguage":"es","potentialAction":[{"@type":"ReadAction","target":["https:\/\/www.casadelectores.com\/index.php\/producto\/expressversand-1914-el-asesinato-de-sarajevo-20717\/"]}]},{"@type":"ImageObject","inLanguage":"es","@id":"https:\/\/www.casadelectores.com\/index.php\/producto\/expressversand-1914-el-asesinato-de-sarajevo-20717\/#primaryimage","url":"https:\/\/www.casadelectores.com\/wp-content\/uploads\/2025\/SK0186668-DE20251119-101116-0-1763518286-978847584754.webp","contentUrl":"https:\/\/www.casadelectores.com\/wp-content\/uploads\/2025\/SK0186668-DE20251119-101116-0-1763518286-978847584754.webp","width":300,"height":478},{"@type":"BreadcrumbList","@id":"https:\/\/www.casadelectores.com\/index.php\/producto\/expressversand-1914-el-asesinato-de-sarajevo-20717\/#breadcrumb","itemListElement":[{"@type":"ListItem","position":1,"name":"Portada","item":"https:\/\/www.casadelectores.com\/"},{"@type":"ListItem","position":2,"name":"Shop","item":"https:\/\/www.casadelectores.com\/index.php\/shop\/"},{"@type":"ListItem","position":3,"name":"Expressversand 1914. EL ASESINATO DE SARAJEVO"}]},{"@type":"WebSite","@id":"https:\/\/www.casadelectores.com\/#website","url":"https:\/\/www.casadelectores.com\/","name":"Enam\u00f3rate de las compras","description":"","publisher":{"@id":"https:\/\/www.casadelectores.com\/#organization"},"potentialAction":[{"@type":"SearchAction","target":{"@type":"EntryPoint","urlTemplate":"https:\/\/www.casadelectores.com\/?s={search_term_string}"},"query-input":{"@type":"PropertyValueSpecification","valueRequired":true,"valueName":"search_term_string"}}],"inLanguage":"es"},{"@type":"Organization","@id":"https:\/\/www.casadelectores.com\/#organization","name":"Enam\u00f3rate de las compras","url":"https:\/\/www.casadelectores.com\/","logo":{"@type":"ImageObject","inLanguage":"es","@id":"https:\/\/www.casadelectores.com\/#\/schema\/logo\/image\/","url":"https:\/\/www.casadelectores.com\/wp-content\/uploads\/2020\/10\/shop-icon.png","contentUrl":"https:\/\/www.casadelectores.com\/wp-content\/uploads\/2020\/10\/shop-icon.png","width":512,"height":512,"caption":"Enam\u00f3rate de las compras"},"image":{"@id":"https:\/\/www.casadelectores.com\/#\/schema\/logo\/image\/"}}]}},"_links":{"self":[{"href":"https:\/\/www.casadelectores.com\/index.php\/wp-json\/wp\/v2\/product\/20717","targetHints":{"allow":["GET"]}}],"collection":[{"href":"https:\/\/www.casadelectores.com\/index.php\/wp-json\/wp\/v2\/product"}],"about":[{"href":"https:\/\/www.casadelectores.com\/index.php\/wp-json\/wp\/v2\/types\/product"}],"wp:featuredmedia":[{"embeddable":true,"href":"https:\/\/www.casadelectores.com\/index.php\/wp-json\/wp\/v2\/media\/20817"}],"wp:attachment":[{"href":"https:\/\/www.casadelectores.com\/index.php\/wp-json\/wp\/v2\/media?parent=20717"}],"wp:term":[{"taxonomy":"product_brand","embeddable":true,"href":"https:\/\/www.casadelectores.com\/index.php\/wp-json\/wp\/v2\/product_brand?post=20717"},{"taxonomy":"product_cat","embeddable":true,"href":"https:\/\/www.casadelectores.com\/index.php\/wp-json\/wp\/v2\/product_cat?post=20717"},{"taxonomy":"product_tag","embeddable":true,"href":"https:\/\/www.casadelectores.com\/index.php\/wp-json\/wp\/v2\/product_tag?post=20717"}],"curies":[{"name":"wp","href":"https:\/\/api.w.org\/{rel}","templated":true}]}}

<p>El 28 de junio de 1914, siete nacionalistas bosnios aguardaban en Sarajevo, capital de Bosnia, al archiduque Francisco Fernando de Habsburgo con intención de asesinarlo. La preparación del atentado había sido orquestada desde Serbia, donde una organizaci «,</p>

<!-- This site is optimized with the Yoast SEO plugin v26.3 - https://yoast.com/wordpress/plugins/seo/ -->
<title>Expressversand 1914. EL ASESINATO DE SARAJEVO - casadelectores</title>
<meta name="robots" content="index, follow, max-snippet:-1, max-image-preview:large, max-video-preview:-1" />
<link rel="canonical" href="https://www.casadelectores.com/index.php/producto/expressversand-1914-el-asesinato-de-sarajevo-20717/" />
<meta property="og:locale" content="es_ES" />
<meta property="og:type" content="article" />
<meta property="og:title" content="Expressversand 1914. EL ASESINATO DE SARAJEVO - casadelectores" />
<meta property="og:description" content="El 28 de junio de 1914, siete nacionalistas bosnios aguardaban en Sarajevo, capital de Bosnia, al archiduque Francisco Fernando de Habsburgo con intención de asesinarlo. La preparación del atentado había sido orquestada desde Serbia, donde una organizaci «," />
<meta property="og:url" content="https://www.casadelectores.com/index.php/producto/expressversand-1914-el-asesinato-de-sarajevo-20717/" />
<meta property="og:site_name" content="casadelectores" />
<meta property="og:image" content="https://www.casadelectores.com/wp-content/uploads/2025/SK0186668-DE20251119-101116-0-1763518286-978847584754.webp" />
	<meta property="og:image:width" content="300" />
	<meta property="og:image:height" content="478" />
	<meta property="og:image:type" content="image/webp" />
<meta name="twitter:card" content="summary_large_image" />
<script type="application/ld+json" class="yoast-schema-graph">{"@context":"https://schema.org","@graph":[{"@type":"WebPage","@id":"https://www.casadelectores.com/index.php/producto/expressversand-1914-el-asesinato-de-sarajevo-20717/","url":"https://www.casadelectores.com/index.php/producto/expressversand-1914-el-asesinato-de-sarajevo-20717/","name":"Expressversand 1914. EL ASESINATO DE SARAJEVO - casadelectores","isPartOf":{"@id":"https://www.casadelectores.com/#website"},"primaryImageOfPage":{"@id":"https://www.casadelectores.com/index.php/producto/expressversand-1914-el-asesinato-de-sarajevo-20717/#primaryimage"},"image":{"@id":"https://www.casadelectores.com/index.php/producto/expressversand-1914-el-asesinato-de-sarajevo-20717/#primaryimage"},"thumbnailUrl":"https://www.casadelectores.com/wp-content/uploads/2025/SK0186668-DE20251119-101116-0-1763518286-978847584754.webp","datePublished":"2025-11-25T09:04:58+00:00","breadcrumb":{"@id":"https://www.casadelectores.com/index.php/producto/expressversand-1914-el-asesinato-de-sarajevo-20717/#breadcrumb"},"inLanguage":"es","potentialAction":[{"@type":"ReadAction","target":["https://www.casadelectores.com/index.php/producto/expressversand-1914-el-asesinato-de-sarajevo-20717/"]}]},{"@type":"ImageObject","inLanguage":"es","@id":"https://www.casadelectores.com/index.php/producto/expressversand-1914-el-asesinato-de-sarajevo-20717/#primaryimage","url":"https://www.casadelectores.com/wp-content/uploads/2025/SK0186668-DE20251119-101116-0-1763518286-978847584754.webp","contentUrl":"https://www.casadelectores.com/wp-content/uploads/2025/SK0186668-DE20251119-101116-0-1763518286-978847584754.webp","width":300,"height":478},{"@type":"BreadcrumbList","@id":"https://www.casadelectores.com/index.php/producto/expressversand-1914-el-asesinato-de-sarajevo-20717/#breadcrumb","itemListElement":[{"@type":"ListItem","position":1,"name":"Portada","item":"https://www.casadelectores.com/"},{"@type":"ListItem","position":2,"name":"Shop","item":"https://www.casadelectores.com/index.php/shop/"},{"@type":"ListItem","position":3,"name":"Expressversand 1914. EL ASESINATO DE SARAJEVO"}]},{"@type":"WebSite","@id":"https://www.casadelectores.com/#website","url":"https://www.casadelectores.com/","name":"Enamórate de las compras","description":"","publisher":{"@id":"https://www.casadelectores.com/#organization"},"potentialAction":[{"@type":"SearchAction","target":{"@type":"EntryPoint","urlTemplate":"https://www.casadelectores.com/?s={search_term_string}"},"query-input":{"@type":"PropertyValueSpecification","valueRequired":true,"valueName":"search_term_string"}}],"inLanguage":"es"},{"@type":"Organization","@id":"https://www.casadelectores.com/#organization","name":"Enamórate de las compras","url":"https://www.casadelectores.com/","logo":{"@type":"ImageObject","inLanguage":"es","@id":"https://www.casadelectores.com/#/schema/logo/image/","url":"https://www.casadelectores.com/wp-content/uploads/2020/10/shop-icon.png","contentUrl":"https://www.casadelectores.com/wp-content/uploads/2020/10/shop-icon.png","width":512,"height":512,"caption":"Enamórate de las compras"},"image":{"@id":"https://www.casadelectores.com/#/schema/logo/image/"}}]}</script>
<!-- / Yoast SEO plugin. -->

El 28 de junio de 1914, siete nacionalistas bosnios aguardaban en Sarajevo, capital de Bosnia, al archiduque Francisco Fernando de Habsburgo con intención de asesinarlo. La preparación del atentado había sido orquestada desde Serbia, donde una organizaci «,

Enamórate de las compras
