{"id":16388,"date":"2025-11-25T09:04:49","date_gmt":"2025-11-25T09:04:49","guid":{"rendered":""},"modified":"2025-11-25T09:04:49","modified_gmt":"2025-11-25T09:04:49","slug":"finale-aktion-goya-su-tiempo-su-vida-su-obra-16388","status":"publish","type":"product","link":"https:\/\/www.casadelectores.com\/index.php\/producto\/finale-aktion-goya-su-tiempo-su-vida-su-obra-16388\/","title":{"rendered":"Finale Aktion GOYA. SU TIEMPO, SU VIDA, SU OBRA"},"content":{"rendered":"<p>En esta obra se recogen los hitos fundamentales de su biograf\u00eda, as\u00ed como la mayor parte de su trabajo como pintor, lo que constituye un fiel reflejo de la \u00e9poca en que vivi\u00f3. Goya es, sin lugar a duda, el gran visionario de la pintura de finales del siglo XVIII. \u00ab,<\/p>\n","protected":false},"excerpt":{"rendered":"<p>En esta obra se recogen los hitos fundamentales de su biograf\u00eda, as\u00ed como la mayor parte de su trabajo como pintor, lo que constituye un fiel reflejo de la \u00e9poca en que vivi\u00f3. Goya es, sin lugar a duda, el gran visionario de la pintura de finales del siglo XVIII. \u00ab,<\/p>\n","protected":false},"featured_media":16488,"template":"","meta":{"neve_meta_sidebar":"","neve_meta_container":"","neve_meta_enable_content_width":"","neve_meta_content_width":0,"neve_meta_title_alignment":"","neve_meta_author_avatar":"","neve_post_elements_order":"","neve_meta_disable_header":"","neve_meta_disable_footer":"","neve_meta_disable_title":"","_themeisle_gutenberg_block_has_review":false},"product_brand":[],"product_cat":[26],"product_tag":[],"class_list":["post-16388","product","type-product","status-publish","has-post-thumbnail","product_cat-publicaciones-de-libros","first","instock","sale","shipping-taxable","purchasable","product-type-simple"],"yoast_head":"<!-- This site is optimized with the Yoast SEO plugin v26.3 - https:\/\/yoast.com\/wordpress\/plugins\/seo\/ -->\n<title>Finale Aktion GOYA. SU TIEMPO, SU VIDA, SU OBRA - casadelectores<\/title>\n<meta name=\"robots\" content=\"index, follow, max-snippet:-1, max-image-preview:large, max-video-preview:-1\" \/>\n<link rel=\"canonical\" href=\"https:\/\/www.casadelectores.com\/index.php\/producto\/finale-aktion-goya-su-tiempo-su-vida-su-obra-16388\/\" \/>\n<meta property=\"og:locale\" content=\"es_ES\" \/>\n<meta property=\"og:type\" content=\"article\" \/>\n<meta property=\"og:title\" content=\"Finale Aktion GOYA. SU TIEMPO, SU VIDA, SU OBRA - casadelectores\" \/>\n<meta property=\"og:description\" content=\"En esta obra se recogen los hitos fundamentales de su biograf\u00eda, as\u00ed como la mayor parte de su trabajo como pintor, lo que constituye un fiel reflejo de la \u00e9poca en que vivi\u00f3. Goya es, sin lugar a duda, el gran visionario de la pintura de finales del siglo XVIII. \u00ab,\" \/>\n<meta property=\"og:url\" content=\"https:\/\/www.casadelectores.com\/index.php\/producto\/finale-aktion-goya-su-tiempo-su-vida-su-obra-16388\/\" \/>\n<meta property=\"og:site_name\" content=\"casadelectores\" \/>\n<meta property=\"og:image\" content=\"https:\/\/www.casadelectores.com\/wp-content\/uploads\/2025\/SK0184445-DE20251119-101116-0-1763518286-978846621405.webp\" \/>\n\t<meta property=\"og:image:width\" content=\"300\" \/>\n\t<meta property=\"og:image:height\" content=\"391\" \/>\n\t<meta property=\"og:image:type\" content=\"image\/webp\" \/>\n<meta name=\"twitter:card\" content=\"summary_large_image\" \/>\n<script type=\"application\/ld+json\" class=\"yoast-schema-graph\">{\"@context\":\"https:\/\/schema.org\",\"@graph\":[{\"@type\":\"WebPage\",\"@id\":\"https:\/\/www.casadelectores.com\/index.php\/producto\/finale-aktion-goya-su-tiempo-su-vida-su-obra-16388\/\",\"url\":\"https:\/\/www.casadelectores.com\/index.php\/producto\/finale-aktion-goya-su-tiempo-su-vida-su-obra-16388\/\",\"name\":\"Finale Aktion GOYA. SU TIEMPO, SU VIDA, SU OBRA - casadelectores\",\"isPartOf\":{\"@id\":\"https:\/\/www.casadelectores.com\/#website\"},\"primaryImageOfPage\":{\"@id\":\"https:\/\/www.casadelectores.com\/index.php\/producto\/finale-aktion-goya-su-tiempo-su-vida-su-obra-16388\/#primaryimage\"},\"image\":{\"@id\":\"https:\/\/www.casadelectores.com\/index.php\/producto\/finale-aktion-goya-su-tiempo-su-vida-su-obra-16388\/#primaryimage\"},\"thumbnailUrl\":\"https:\/\/www.casadelectores.com\/wp-content\/uploads\/2025\/SK0184445-DE20251119-101116-0-1763518286-978846621405.webp\",\"datePublished\":\"2025-11-25T09:04:49+00:00\",\"breadcrumb\":{\"@id\":\"https:\/\/www.casadelectores.com\/index.php\/producto\/finale-aktion-goya-su-tiempo-su-vida-su-obra-16388\/#breadcrumb\"},\"inLanguage\":\"es\",\"potentialAction\":[{\"@type\":\"ReadAction\",\"target\":[\"https:\/\/www.casadelectores.com\/index.php\/producto\/finale-aktion-goya-su-tiempo-su-vida-su-obra-16388\/\"]}]},{\"@type\":\"ImageObject\",\"inLanguage\":\"es\",\"@id\":\"https:\/\/www.casadelectores.com\/index.php\/producto\/finale-aktion-goya-su-tiempo-su-vida-su-obra-16388\/#primaryimage\",\"url\":\"https:\/\/www.casadelectores.com\/wp-content\/uploads\/2025\/SK0184445-DE20251119-101116-0-1763518286-978846621405.webp\",\"contentUrl\":\"https:\/\/www.casadelectores.com\/wp-content\/uploads\/2025\/SK0184445-DE20251119-101116-0-1763518286-978846621405.webp\",\"width\":300,\"height\":391},{\"@type\":\"BreadcrumbList\",\"@id\":\"https:\/\/www.casadelectores.com\/index.php\/producto\/finale-aktion-goya-su-tiempo-su-vida-su-obra-16388\/#breadcrumb\",\"itemListElement\":[{\"@type\":\"ListItem\",\"position\":1,\"name\":\"Portada\",\"item\":\"https:\/\/www.casadelectores.com\/\"},{\"@type\":\"ListItem\",\"position\":2,\"name\":\"Shop\",\"item\":\"https:\/\/www.casadelectores.com\/index.php\/shop\/\"},{\"@type\":\"ListItem\",\"position\":3,\"name\":\"Finale Aktion GOYA. SU TIEMPO, SU VIDA, SU OBRA\"}]},{\"@type\":\"WebSite\",\"@id\":\"https:\/\/www.casadelectores.com\/#website\",\"url\":\"https:\/\/www.casadelectores.com\/\",\"name\":\"Enam\u00f3rate de las compras\",\"description\":\"\",\"publisher\":{\"@id\":\"https:\/\/www.casadelectores.com\/#organization\"},\"potentialAction\":[{\"@type\":\"SearchAction\",\"target\":{\"@type\":\"EntryPoint\",\"urlTemplate\":\"https:\/\/www.casadelectores.com\/?s={search_term_string}\"},\"query-input\":{\"@type\":\"PropertyValueSpecification\",\"valueRequired\":true,\"valueName\":\"search_term_string\"}}],\"inLanguage\":\"es\"},{\"@type\":\"Organization\",\"@id\":\"https:\/\/www.casadelectores.com\/#organization\",\"name\":\"Enam\u00f3rate de las compras\",\"url\":\"https:\/\/www.casadelectores.com\/\",\"logo\":{\"@type\":\"ImageObject\",\"inLanguage\":\"es\",\"@id\":\"https:\/\/www.casadelectores.com\/#\/schema\/logo\/image\/\",\"url\":\"https:\/\/www.casadelectores.com\/wp-content\/uploads\/2020\/10\/shop-icon.png\",\"contentUrl\":\"https:\/\/www.casadelectores.com\/wp-content\/uploads\/2020\/10\/shop-icon.png\",\"width\":512,\"height\":512,\"caption\":\"Enam\u00f3rate de las compras\"},\"image\":{\"@id\":\"https:\/\/www.casadelectores.com\/#\/schema\/logo\/image\/\"}}]}<\/script>\n<!-- \/ Yoast SEO plugin. -->","yoast_head_json":{"title":"Finale Aktion GOYA. SU TIEMPO, SU VIDA, SU OBRA - casadelectores","robots":{"index":"index","follow":"follow","max-snippet":"max-snippet:-1","max-image-preview":"max-image-preview:large","max-video-preview":"max-video-preview:-1"},"canonical":"https:\/\/www.casadelectores.com\/index.php\/producto\/finale-aktion-goya-su-tiempo-su-vida-su-obra-16388\/","og_locale":"es_ES","og_type":"article","og_title":"Finale Aktion GOYA. SU TIEMPO, SU VIDA, SU OBRA - casadelectores","og_description":"En esta obra se recogen los hitos fundamentales de su biograf\u00eda, as\u00ed como la mayor parte de su trabajo como pintor, lo que constituye un fiel reflejo de la \u00e9poca en que vivi\u00f3. Goya es, sin lugar a duda, el gran visionario de la pintura de finales del siglo XVIII. \u00ab,","og_url":"https:\/\/www.casadelectores.com\/index.php\/producto\/finale-aktion-goya-su-tiempo-su-vida-su-obra-16388\/","og_site_name":"casadelectores","og_image":[{"width":300,"height":391,"url":"https:\/\/www.casadelectores.com\/wp-content\/uploads\/2025\/SK0184445-DE20251119-101116-0-1763518286-978846621405.webp","type":"image\/webp"}],"twitter_card":"summary_large_image","schema":{"@context":"https:\/\/schema.org","@graph":[{"@type":"WebPage","@id":"https:\/\/www.casadelectores.com\/index.php\/producto\/finale-aktion-goya-su-tiempo-su-vida-su-obra-16388\/","url":"https:\/\/www.casadelectores.com\/index.php\/producto\/finale-aktion-goya-su-tiempo-su-vida-su-obra-16388\/","name":"Finale Aktion GOYA. SU TIEMPO, SU VIDA, SU OBRA - casadelectores","isPartOf":{"@id":"https:\/\/www.casadelectores.com\/#website"},"primaryImageOfPage":{"@id":"https:\/\/www.casadelectores.com\/index.php\/producto\/finale-aktion-goya-su-tiempo-su-vida-su-obra-16388\/#primaryimage"},"image":{"@id":"https:\/\/www.casadelectores.com\/index.php\/producto\/finale-aktion-goya-su-tiempo-su-vida-su-obra-16388\/#primaryimage"},"thumbnailUrl":"https:\/\/www.casadelectores.com\/wp-content\/uploads\/2025\/SK0184445-DE20251119-101116-0-1763518286-978846621405.webp","datePublished":"2025-11-25T09:04:49+00:00","breadcrumb":{"@id":"https:\/\/www.casadelectores.com\/index.php\/producto\/finale-aktion-goya-su-tiempo-su-vida-su-obra-16388\/#breadcrumb"},"inLanguage":"es","potentialAction":[{"@type":"ReadAction","target":["https:\/\/www.casadelectores.com\/index.php\/producto\/finale-aktion-goya-su-tiempo-su-vida-su-obra-16388\/"]}]},{"@type":"ImageObject","inLanguage":"es","@id":"https:\/\/www.casadelectores.com\/index.php\/producto\/finale-aktion-goya-su-tiempo-su-vida-su-obra-16388\/#primaryimage","url":"https:\/\/www.casadelectores.com\/wp-content\/uploads\/2025\/SK0184445-DE20251119-101116-0-1763518286-978846621405.webp","contentUrl":"https:\/\/www.casadelectores.com\/wp-content\/uploads\/2025\/SK0184445-DE20251119-101116-0-1763518286-978846621405.webp","width":300,"height":391},{"@type":"BreadcrumbList","@id":"https:\/\/www.casadelectores.com\/index.php\/producto\/finale-aktion-goya-su-tiempo-su-vida-su-obra-16388\/#breadcrumb","itemListElement":[{"@type":"ListItem","position":1,"name":"Portada","item":"https:\/\/www.casadelectores.com\/"},{"@type":"ListItem","position":2,"name":"Shop","item":"https:\/\/www.casadelectores.com\/index.php\/shop\/"},{"@type":"ListItem","position":3,"name":"Finale Aktion GOYA. SU TIEMPO, SU VIDA, SU OBRA"}]},{"@type":"WebSite","@id":"https:\/\/www.casadelectores.com\/#website","url":"https:\/\/www.casadelectores.com\/","name":"Enam\u00f3rate de las compras","description":"","publisher":{"@id":"https:\/\/www.casadelectores.com\/#organization"},"potentialAction":[{"@type":"SearchAction","target":{"@type":"EntryPoint","urlTemplate":"https:\/\/www.casadelectores.com\/?s={search_term_string}"},"query-input":{"@type":"PropertyValueSpecification","valueRequired":true,"valueName":"search_term_string"}}],"inLanguage":"es"},{"@type":"Organization","@id":"https:\/\/www.casadelectores.com\/#organization","name":"Enam\u00f3rate de las compras","url":"https:\/\/www.casadelectores.com\/","logo":{"@type":"ImageObject","inLanguage":"es","@id":"https:\/\/www.casadelectores.com\/#\/schema\/logo\/image\/","url":"https:\/\/www.casadelectores.com\/wp-content\/uploads\/2020\/10\/shop-icon.png","contentUrl":"https:\/\/www.casadelectores.com\/wp-content\/uploads\/2020\/10\/shop-icon.png","width":512,"height":512,"caption":"Enam\u00f3rate de las compras"},"image":{"@id":"https:\/\/www.casadelectores.com\/#\/schema\/logo\/image\/"}}]}},"_links":{"self":[{"href":"https:\/\/www.casadelectores.com\/index.php\/wp-json\/wp\/v2\/product\/16388","targetHints":{"allow":["GET"]}}],"collection":[{"href":"https:\/\/www.casadelectores.com\/index.php\/wp-json\/wp\/v2\/product"}],"about":[{"href":"https:\/\/www.casadelectores.com\/index.php\/wp-json\/wp\/v2\/types\/product"}],"wp:featuredmedia":[{"embeddable":true,"href":"https:\/\/www.casadelectores.com\/index.php\/wp-json\/wp\/v2\/media\/16488"}],"wp:attachment":[{"href":"https:\/\/www.casadelectores.com\/index.php\/wp-json\/wp\/v2\/media?parent=16388"}],"wp:term":[{"taxonomy":"product_brand","embeddable":true,"href":"https:\/\/www.casadelectores.com\/index.php\/wp-json\/wp\/v2\/product_brand?post=16388"},{"taxonomy":"product_cat","embeddable":true,"href":"https:\/\/www.casadelectores.com\/index.php\/wp-json\/wp\/v2\/product_cat?post=16388"},{"taxonomy":"product_tag","embeddable":true,"href":"https:\/\/www.casadelectores.com\/index.php\/wp-json\/wp\/v2\/product_tag?post=16388"}],"curies":[{"name":"wp","href":"https:\/\/api.w.org\/{rel}","templated":true}]}}

<p>En esta obra se recogen los hitos fundamentales de su biografía, así como la mayor parte de su trabajo como pintor, lo que constituye un fiel reflejo de la época en que vivió. Goya es, sin lugar a duda, el gran visionario de la pintura de finales del siglo XVIII. «,</p>

<!-- This site is optimized with the Yoast SEO plugin v26.3 - https://yoast.com/wordpress/plugins/seo/ -->
<title>Finale Aktion GOYA. SU TIEMPO, SU VIDA, SU OBRA - casadelectores</title>
<meta name="robots" content="index, follow, max-snippet:-1, max-image-preview:large, max-video-preview:-1" />
<link rel="canonical" href="https://www.casadelectores.com/index.php/producto/finale-aktion-goya-su-tiempo-su-vida-su-obra-16388/" />
<meta property="og:locale" content="es_ES" />
<meta property="og:type" content="article" />
<meta property="og:title" content="Finale Aktion GOYA. SU TIEMPO, SU VIDA, SU OBRA - casadelectores" />
<meta property="og:description" content="En esta obra se recogen los hitos fundamentales de su biografía, así como la mayor parte de su trabajo como pintor, lo que constituye un fiel reflejo de la época en que vivió. Goya es, sin lugar a duda, el gran visionario de la pintura de finales del siglo XVIII. «," />
<meta property="og:url" content="https://www.casadelectores.com/index.php/producto/finale-aktion-goya-su-tiempo-su-vida-su-obra-16388/" />
<meta property="og:site_name" content="casadelectores" />
<meta property="og:image" content="https://www.casadelectores.com/wp-content/uploads/2025/SK0184445-DE20251119-101116-0-1763518286-978846621405.webp" />
	<meta property="og:image:width" content="300" />
	<meta property="og:image:height" content="391" />
	<meta property="og:image:type" content="image/webp" />
<meta name="twitter:card" content="summary_large_image" />
<script type="application/ld+json" class="yoast-schema-graph">{"@context":"https://schema.org","@graph":[{"@type":"WebPage","@id":"https://www.casadelectores.com/index.php/producto/finale-aktion-goya-su-tiempo-su-vida-su-obra-16388/","url":"https://www.casadelectores.com/index.php/producto/finale-aktion-goya-su-tiempo-su-vida-su-obra-16388/","name":"Finale Aktion GOYA. SU TIEMPO, SU VIDA, SU OBRA - casadelectores","isPartOf":{"@id":"https://www.casadelectores.com/#website"},"primaryImageOfPage":{"@id":"https://www.casadelectores.com/index.php/producto/finale-aktion-goya-su-tiempo-su-vida-su-obra-16388/#primaryimage"},"image":{"@id":"https://www.casadelectores.com/index.php/producto/finale-aktion-goya-su-tiempo-su-vida-su-obra-16388/#primaryimage"},"thumbnailUrl":"https://www.casadelectores.com/wp-content/uploads/2025/SK0184445-DE20251119-101116-0-1763518286-978846621405.webp","datePublished":"2025-11-25T09:04:49+00:00","breadcrumb":{"@id":"https://www.casadelectores.com/index.php/producto/finale-aktion-goya-su-tiempo-su-vida-su-obra-16388/#breadcrumb"},"inLanguage":"es","potentialAction":[{"@type":"ReadAction","target":["https://www.casadelectores.com/index.php/producto/finale-aktion-goya-su-tiempo-su-vida-su-obra-16388/"]}]},{"@type":"ImageObject","inLanguage":"es","@id":"https://www.casadelectores.com/index.php/producto/finale-aktion-goya-su-tiempo-su-vida-su-obra-16388/#primaryimage","url":"https://www.casadelectores.com/wp-content/uploads/2025/SK0184445-DE20251119-101116-0-1763518286-978846621405.webp","contentUrl":"https://www.casadelectores.com/wp-content/uploads/2025/SK0184445-DE20251119-101116-0-1763518286-978846621405.webp","width":300,"height":391},{"@type":"BreadcrumbList","@id":"https://www.casadelectores.com/index.php/producto/finale-aktion-goya-su-tiempo-su-vida-su-obra-16388/#breadcrumb","itemListElement":[{"@type":"ListItem","position":1,"name":"Portada","item":"https://www.casadelectores.com/"},{"@type":"ListItem","position":2,"name":"Shop","item":"https://www.casadelectores.com/index.php/shop/"},{"@type":"ListItem","position":3,"name":"Finale Aktion GOYA. SU TIEMPO, SU VIDA, SU OBRA"}]},{"@type":"WebSite","@id":"https://www.casadelectores.com/#website","url":"https://www.casadelectores.com/","name":"Enamórate de las compras","description":"","publisher":{"@id":"https://www.casadelectores.com/#organization"},"potentialAction":[{"@type":"SearchAction","target":{"@type":"EntryPoint","urlTemplate":"https://www.casadelectores.com/?s={search_term_string}"},"query-input":{"@type":"PropertyValueSpecification","valueRequired":true,"valueName":"search_term_string"}}],"inLanguage":"es"},{"@type":"Organization","@id":"https://www.casadelectores.com/#organization","name":"Enamórate de las compras","url":"https://www.casadelectores.com/","logo":{"@type":"ImageObject","inLanguage":"es","@id":"https://www.casadelectores.com/#/schema/logo/image/","url":"https://www.casadelectores.com/wp-content/uploads/2020/10/shop-icon.png","contentUrl":"https://www.casadelectores.com/wp-content/uploads/2020/10/shop-icon.png","width":512,"height":512,"caption":"Enamórate de las compras"},"image":{"@id":"https://www.casadelectores.com/#/schema/logo/image/"}}]}</script>
<!-- / Yoast SEO plugin. -->

En esta obra se recogen los hitos fundamentales de su biografía, así como la mayor parte de su trabajo como pintor, lo que constituye un fiel reflejo de la época en que vivió. Goya es, sin lugar a duda, el gran visionario de la pintura de finales del siglo XVIII. «,

Enamórate de las compras
