{"id":16176,"date":"2025-11-25T09:04:48","date_gmt":"2025-11-25T09:04:48","guid":{"rendered":""},"modified":"2025-11-25T09:04:48","modified_gmt":"2025-11-25T09:04:48","slug":"finale-aktion-fotoperiodismo-y-republica-16176","status":"publish","type":"product","link":"https:\/\/www.casadelectores.com\/index.php\/producto\/finale-aktion-fotoperiodismo-y-republica-16176\/","title":{"rendered":"Finale Aktion FOTOPERIODISMO Y REP\u00daBLICA"},"content":{"rendered":"<p>En la d\u00e9cada de los treinta del siglo XX, el fotoperiodismo alcanz\u00f3 su esplendor. La actividad en a\u00f1os anteriores, debido al desarrollo de la prensa ilustrada, propici\u00f3 la toma de conciencia de un colectivo tradicionalmente desunido y acostumbrado a trabajar en solitario. Aunque se ha escrito que la fotograf\u00eda de reportaje no consigui\u00f3 su elemento definidor hasta la guerra civil, lo cierto es que a\u00f1os antes, sobre todo tras proclamarse la Segunda Rep\u00fablica, la informaci\u00f3n gr\u00e1fica ya era imprescindible en la prensa peri\u00f3dica.La guerra trunc\u00f3 la experiencia natural y acab\u00f3 con las dos generaciones de reporteros, si bien su huella qued\u00f3 impresa en los diarios y revistas, dejando constancia de su valor profesional y de su aportaci\u00f3n a las empresas en las que colaboraron. La barbarie de los incontrolados al comenzar la contienda caus\u00f3 el desastre, en unos casos se\u00adgando la vida de profesionales ad\u00admirados por su trabajo e integridad, como Camp\u00faa, y en otros relegan\u00addo al exilio a reporteros de la categor\u00eda de Centelles o los hermanos Mayo. \u00ab,<\/p>\n","protected":false},"excerpt":{"rendered":"<p>En la d\u00e9cada de los treinta del siglo XX, el fotoperiodismo alcanz\u00f3 su esplendor. La actividad en a\u00f1os anteriores, debido al desarrollo de la prensa ilustrada, propici\u00f3 la toma de conciencia de un colectivo tradicionalmente desunido y acostumbrado a trabajar en solitario. Aunque se ha escrito que la fotograf\u00eda de reportaje no consigui\u00f3 su elemento&hellip;&nbsp;<a href=\"https:\/\/www.casadelectores.com\/index.php\/producto\/finale-aktion-fotoperiodismo-y-republica-16176\/\" rel=\"bookmark\"><span class=\"screen-reader-text\">Finale Aktion FOTOPERIODISMO Y REP\u00daBLICA<\/span><\/a><\/p>\n","protected":false},"featured_media":16276,"template":"","meta":{"neve_meta_sidebar":"","neve_meta_container":"","neve_meta_enable_content_width":"","neve_meta_content_width":0,"neve_meta_title_alignment":"","neve_meta_author_avatar":"","neve_post_elements_order":"","neve_meta_disable_header":"","neve_meta_disable_footer":"","neve_meta_disable_title":"","_themeisle_gutenberg_block_has_review":false},"product_brand":[],"product_cat":[26],"product_tag":[],"class_list":["post-16176","product","type-product","status-publish","has-post-thumbnail","product_cat-publicaciones-de-libros","first","instock","sale","shipping-taxable","purchasable","product-type-simple"],"yoast_head":"<!-- This site is optimized with the Yoast SEO plugin v26.3 - https:\/\/yoast.com\/wordpress\/plugins\/seo\/ -->\n<title>Finale Aktion FOTOPERIODISMO Y REP\u00daBLICA - casadelectores<\/title>\n<meta name=\"robots\" content=\"index, follow, max-snippet:-1, max-image-preview:large, max-video-preview:-1\" \/>\n<link rel=\"canonical\" href=\"https:\/\/www.casadelectores.com\/index.php\/producto\/finale-aktion-fotoperiodismo-y-republica-16176\/\" \/>\n<meta property=\"og:locale\" content=\"es_ES\" \/>\n<meta property=\"og:type\" content=\"article\" \/>\n<meta property=\"og:title\" content=\"Finale Aktion FOTOPERIODISMO Y REP\u00daBLICA - casadelectores\" \/>\n<meta property=\"og:description\" content=\"En la d\u00e9cada de los treinta del siglo XX, el fotoperiodismo alcanz\u00f3 su esplendor. La actividad en a\u00f1os anteriores, debido al desarrollo de la prensa ilustrada, propici\u00f3 la toma de conciencia de un colectivo tradicionalmente desunido y acostumbrado a trabajar en solitario. Aunque se ha escrito que la fotograf\u00eda de reportaje no consigui\u00f3 su elemento&hellip;&nbsp;Finale Aktion FOTOPERIODISMO Y REP\u00daBLICA\" \/>\n<meta property=\"og:url\" content=\"https:\/\/www.casadelectores.com\/index.php\/producto\/finale-aktion-fotoperiodismo-y-republica-16176\/\" \/>\n<meta property=\"og:site_name\" content=\"casadelectores\" \/>\n<meta property=\"og:image\" content=\"https:\/\/www.casadelectores.com\/wp-content\/uploads\/2025\/SK0184295-DE20251119-101116-0-1763518286-978843763234.webp\" \/>\n\t<meta property=\"og:image:width\" content=\"300\" \/>\n\t<meta property=\"og:image:height\" content=\"467\" \/>\n\t<meta property=\"og:image:type\" content=\"image\/webp\" \/>\n<meta name=\"twitter:card\" content=\"summary_large_image\" \/>\n<meta name=\"twitter:label1\" content=\"Tiempo de lectura\" \/>\n\t<meta name=\"twitter:data1\" content=\"1 minuto\" \/>\n<script type=\"application\/ld+json\" class=\"yoast-schema-graph\">{\"@context\":\"https:\/\/schema.org\",\"@graph\":[{\"@type\":\"WebPage\",\"@id\":\"https:\/\/www.casadelectores.com\/index.php\/producto\/finale-aktion-fotoperiodismo-y-republica-16176\/\",\"url\":\"https:\/\/www.casadelectores.com\/index.php\/producto\/finale-aktion-fotoperiodismo-y-republica-16176\/\",\"name\":\"Finale Aktion FOTOPERIODISMO Y REP\u00daBLICA - casadelectores\",\"isPartOf\":{\"@id\":\"https:\/\/www.casadelectores.com\/#website\"},\"primaryImageOfPage\":{\"@id\":\"https:\/\/www.casadelectores.com\/index.php\/producto\/finale-aktion-fotoperiodismo-y-republica-16176\/#primaryimage\"},\"image\":{\"@id\":\"https:\/\/www.casadelectores.com\/index.php\/producto\/finale-aktion-fotoperiodismo-y-republica-16176\/#primaryimage\"},\"thumbnailUrl\":\"https:\/\/www.casadelectores.com\/wp-content\/uploads\/2025\/SK0184295-DE20251119-101116-0-1763518286-978843763234.webp\",\"datePublished\":\"2025-11-25T09:04:48+00:00\",\"breadcrumb\":{\"@id\":\"https:\/\/www.casadelectores.com\/index.php\/producto\/finale-aktion-fotoperiodismo-y-republica-16176\/#breadcrumb\"},\"inLanguage\":\"es\",\"potentialAction\":[{\"@type\":\"ReadAction\",\"target\":[\"https:\/\/www.casadelectores.com\/index.php\/producto\/finale-aktion-fotoperiodismo-y-republica-16176\/\"]}]},{\"@type\":\"ImageObject\",\"inLanguage\":\"es\",\"@id\":\"https:\/\/www.casadelectores.com\/index.php\/producto\/finale-aktion-fotoperiodismo-y-republica-16176\/#primaryimage\",\"url\":\"https:\/\/www.casadelectores.com\/wp-content\/uploads\/2025\/SK0184295-DE20251119-101116-0-1763518286-978843763234.webp\",\"contentUrl\":\"https:\/\/www.casadelectores.com\/wp-content\/uploads\/2025\/SK0184295-DE20251119-101116-0-1763518286-978843763234.webp\",\"width\":300,\"height\":467},{\"@type\":\"BreadcrumbList\",\"@id\":\"https:\/\/www.casadelectores.com\/index.php\/producto\/finale-aktion-fotoperiodismo-y-republica-16176\/#breadcrumb\",\"itemListElement\":[{\"@type\":\"ListItem\",\"position\":1,\"name\":\"Portada\",\"item\":\"https:\/\/www.casadelectores.com\/\"},{\"@type\":\"ListItem\",\"position\":2,\"name\":\"Shop\",\"item\":\"https:\/\/www.casadelectores.com\/index.php\/shop\/\"},{\"@type\":\"ListItem\",\"position\":3,\"name\":\"Finale Aktion FOTOPERIODISMO Y REP\u00daBLICA\"}]},{\"@type\":\"WebSite\",\"@id\":\"https:\/\/www.casadelectores.com\/#website\",\"url\":\"https:\/\/www.casadelectores.com\/\",\"name\":\"Enam\u00f3rate de las compras\",\"description\":\"\",\"publisher\":{\"@id\":\"https:\/\/www.casadelectores.com\/#organization\"},\"potentialAction\":[{\"@type\":\"SearchAction\",\"target\":{\"@type\":\"EntryPoint\",\"urlTemplate\":\"https:\/\/www.casadelectores.com\/?s={search_term_string}\"},\"query-input\":{\"@type\":\"PropertyValueSpecification\",\"valueRequired\":true,\"valueName\":\"search_term_string\"}}],\"inLanguage\":\"es\"},{\"@type\":\"Organization\",\"@id\":\"https:\/\/www.casadelectores.com\/#organization\",\"name\":\"Enam\u00f3rate de las compras\",\"url\":\"https:\/\/www.casadelectores.com\/\",\"logo\":{\"@type\":\"ImageObject\",\"inLanguage\":\"es\",\"@id\":\"https:\/\/www.casadelectores.com\/#\/schema\/logo\/image\/\",\"url\":\"https:\/\/www.casadelectores.com\/wp-content\/uploads\/2020\/10\/shop-icon.png\",\"contentUrl\":\"https:\/\/www.casadelectores.com\/wp-content\/uploads\/2020\/10\/shop-icon.png\",\"width\":512,\"height\":512,\"caption\":\"Enam\u00f3rate de las compras\"},\"image\":{\"@id\":\"https:\/\/www.casadelectores.com\/#\/schema\/logo\/image\/\"}}]}<\/script>\n<!-- \/ Yoast SEO plugin. -->","yoast_head_json":{"title":"Finale Aktion FOTOPERIODISMO Y REP\u00daBLICA - casadelectores","robots":{"index":"index","follow":"follow","max-snippet":"max-snippet:-1","max-image-preview":"max-image-preview:large","max-video-preview":"max-video-preview:-1"},"canonical":"https:\/\/www.casadelectores.com\/index.php\/producto\/finale-aktion-fotoperiodismo-y-republica-16176\/","og_locale":"es_ES","og_type":"article","og_title":"Finale Aktion FOTOPERIODISMO Y REP\u00daBLICA - casadelectores","og_description":"En la d\u00e9cada de los treinta del siglo XX, el fotoperiodismo alcanz\u00f3 su esplendor. La actividad en a\u00f1os anteriores, debido al desarrollo de la prensa ilustrada, propici\u00f3 la toma de conciencia de un colectivo tradicionalmente desunido y acostumbrado a trabajar en solitario. Aunque se ha escrito que la fotograf\u00eda de reportaje no consigui\u00f3 su elemento&hellip;&nbsp;Finale Aktion FOTOPERIODISMO Y REP\u00daBLICA","og_url":"https:\/\/www.casadelectores.com\/index.php\/producto\/finale-aktion-fotoperiodismo-y-republica-16176\/","og_site_name":"casadelectores","og_image":[{"width":300,"height":467,"url":"https:\/\/www.casadelectores.com\/wp-content\/uploads\/2025\/SK0184295-DE20251119-101116-0-1763518286-978843763234.webp","type":"image\/webp"}],"twitter_card":"summary_large_image","twitter_misc":{"Tiempo de lectura":"1 minuto"},"schema":{"@context":"https:\/\/schema.org","@graph":[{"@type":"WebPage","@id":"https:\/\/www.casadelectores.com\/index.php\/producto\/finale-aktion-fotoperiodismo-y-republica-16176\/","url":"https:\/\/www.casadelectores.com\/index.php\/producto\/finale-aktion-fotoperiodismo-y-republica-16176\/","name":"Finale Aktion FOTOPERIODISMO Y REP\u00daBLICA - casadelectores","isPartOf":{"@id":"https:\/\/www.casadelectores.com\/#website"},"primaryImageOfPage":{"@id":"https:\/\/www.casadelectores.com\/index.php\/producto\/finale-aktion-fotoperiodismo-y-republica-16176\/#primaryimage"},"image":{"@id":"https:\/\/www.casadelectores.com\/index.php\/producto\/finale-aktion-fotoperiodismo-y-republica-16176\/#primaryimage"},"thumbnailUrl":"https:\/\/www.casadelectores.com\/wp-content\/uploads\/2025\/SK0184295-DE20251119-101116-0-1763518286-978843763234.webp","datePublished":"2025-11-25T09:04:48+00:00","breadcrumb":{"@id":"https:\/\/www.casadelectores.com\/index.php\/producto\/finale-aktion-fotoperiodismo-y-republica-16176\/#breadcrumb"},"inLanguage":"es","potentialAction":[{"@type":"ReadAction","target":["https:\/\/www.casadelectores.com\/index.php\/producto\/finale-aktion-fotoperiodismo-y-republica-16176\/"]}]},{"@type":"ImageObject","inLanguage":"es","@id":"https:\/\/www.casadelectores.com\/index.php\/producto\/finale-aktion-fotoperiodismo-y-republica-16176\/#primaryimage","url":"https:\/\/www.casadelectores.com\/wp-content\/uploads\/2025\/SK0184295-DE20251119-101116-0-1763518286-978843763234.webp","contentUrl":"https:\/\/www.casadelectores.com\/wp-content\/uploads\/2025\/SK0184295-DE20251119-101116-0-1763518286-978843763234.webp","width":300,"height":467},{"@type":"BreadcrumbList","@id":"https:\/\/www.casadelectores.com\/index.php\/producto\/finale-aktion-fotoperiodismo-y-republica-16176\/#breadcrumb","itemListElement":[{"@type":"ListItem","position":1,"name":"Portada","item":"https:\/\/www.casadelectores.com\/"},{"@type":"ListItem","position":2,"name":"Shop","item":"https:\/\/www.casadelectores.com\/index.php\/shop\/"},{"@type":"ListItem","position":3,"name":"Finale Aktion FOTOPERIODISMO Y REP\u00daBLICA"}]},{"@type":"WebSite","@id":"https:\/\/www.casadelectores.com\/#website","url":"https:\/\/www.casadelectores.com\/","name":"Enam\u00f3rate de las compras","description":"","publisher":{"@id":"https:\/\/www.casadelectores.com\/#organization"},"potentialAction":[{"@type":"SearchAction","target":{"@type":"EntryPoint","urlTemplate":"https:\/\/www.casadelectores.com\/?s={search_term_string}"},"query-input":{"@type":"PropertyValueSpecification","valueRequired":true,"valueName":"search_term_string"}}],"inLanguage":"es"},{"@type":"Organization","@id":"https:\/\/www.casadelectores.com\/#organization","name":"Enam\u00f3rate de las compras","url":"https:\/\/www.casadelectores.com\/","logo":{"@type":"ImageObject","inLanguage":"es","@id":"https:\/\/www.casadelectores.com\/#\/schema\/logo\/image\/","url":"https:\/\/www.casadelectores.com\/wp-content\/uploads\/2020\/10\/shop-icon.png","contentUrl":"https:\/\/www.casadelectores.com\/wp-content\/uploads\/2020\/10\/shop-icon.png","width":512,"height":512,"caption":"Enam\u00f3rate de las compras"},"image":{"@id":"https:\/\/www.casadelectores.com\/#\/schema\/logo\/image\/"}}]}},"_links":{"self":[{"href":"https:\/\/www.casadelectores.com\/index.php\/wp-json\/wp\/v2\/product\/16176","targetHints":{"allow":["GET"]}}],"collection":[{"href":"https:\/\/www.casadelectores.com\/index.php\/wp-json\/wp\/v2\/product"}],"about":[{"href":"https:\/\/www.casadelectores.com\/index.php\/wp-json\/wp\/v2\/types\/product"}],"wp:featuredmedia":[{"embeddable":true,"href":"https:\/\/www.casadelectores.com\/index.php\/wp-json\/wp\/v2\/media\/16276"}],"wp:attachment":[{"href":"https:\/\/www.casadelectores.com\/index.php\/wp-json\/wp\/v2\/media?parent=16176"}],"wp:term":[{"taxonomy":"product_brand","embeddable":true,"href":"https:\/\/www.casadelectores.com\/index.php\/wp-json\/wp\/v2\/product_brand?post=16176"},{"taxonomy":"product_cat","embeddable":true,"href":"https:\/\/www.casadelectores.com\/index.php\/wp-json\/wp\/v2\/product_cat?post=16176"},{"taxonomy":"product_tag","embeddable":true,"href":"https:\/\/www.casadelectores.com\/index.php\/wp-json\/wp\/v2\/product_tag?post=16176"}],"curies":[{"name":"wp","href":"https:\/\/api.w.org\/{rel}","templated":true}]}}

Finale Aktion FOTOPERIODISMO Y REPÚBLICA

<p>En la década de los treinta del siglo XX, el fotoperiodismo alcanzó su esplendor. La actividad en años anteriores, debido al desarrollo de la prensa ilustrada, propició la toma de conciencia de un colectivo tradicionalmente desunido y acostumbrado a trabajar en solitario. Aunque se ha escrito que la fotografía de reportaje no consiguió su elemento definidor hasta la guerra civil, lo cierto es que años antes, sobre todo tras proclamarse la Segunda República, la información gráfica ya era imprescindible en la prensa periódica.La guerra truncó la experiencia natural y acabó con las dos generaciones de reporteros, si bien su huella quedó impresa en los diarios y revistas, dejando constancia de su valor profesional y de su aportación a las empresas en las que colaboraron. La barbarie de los incontrolados al comenzar la contienda causó el desastre, en unos casos se­gando la vida de profesionales ad­mirados por su trabajo e integridad, como Campúa, y en otros relegan­do al exilio a reporteros de la categoría de Centelles o los hermanos Mayo. «,</p>

<p>En la década de los treinta del siglo XX, el fotoperiodismo alcanzó su esplendor. La actividad en años anteriores, debido al desarrollo de la prensa ilustrada, propició la toma de conciencia de un colectivo tradicionalmente desunido y acostumbrado a trabajar en solitario. Aunque se ha escrito que la fotografía de reportaje no consiguió su elemento&hellip;&nbsp;<a href="https://www.casadelectores.com/index.php/producto/finale-aktion-fotoperiodismo-y-republica-16176/" rel="bookmark"><span class="screen-reader-text">Finale Aktion FOTOPERIODISMO Y REPÚBLICA</span></a></p>

<!-- This site is optimized with the Yoast SEO plugin v26.3 - https://yoast.com/wordpress/plugins/seo/ -->
<title>Finale Aktion FOTOPERIODISMO Y REPÚBLICA - casadelectores</title>
<meta name="robots" content="index, follow, max-snippet:-1, max-image-preview:large, max-video-preview:-1" />
<link rel="canonical" href="https://www.casadelectores.com/index.php/producto/finale-aktion-fotoperiodismo-y-republica-16176/" />
<meta property="og:locale" content="es_ES" />
<meta property="og:type" content="article" />
<meta property="og:title" content="Finale Aktion FOTOPERIODISMO Y REPÚBLICA - casadelectores" />
<meta property="og:description" content="En la década de los treinta del siglo XX, el fotoperiodismo alcanzó su esplendor. La actividad en años anteriores, debido al desarrollo de la prensa ilustrada, propició la toma de conciencia de un colectivo tradicionalmente desunido y acostumbrado a trabajar en solitario. Aunque se ha escrito que la fotografía de reportaje no consiguió su elemento&hellip;&nbsp;Finale Aktion FOTOPERIODISMO Y REPÚBLICA" />
<meta property="og:url" content="https://www.casadelectores.com/index.php/producto/finale-aktion-fotoperiodismo-y-republica-16176/" />
<meta property="og:site_name" content="casadelectores" />
<meta property="og:image" content="https://www.casadelectores.com/wp-content/uploads/2025/SK0184295-DE20251119-101116-0-1763518286-978843763234.webp" />
	<meta property="og:image:width" content="300" />
	<meta property="og:image:height" content="467" />
	<meta property="og:image:type" content="image/webp" />
<meta name="twitter:card" content="summary_large_image" />
<meta name="twitter:label1" content="Tiempo de lectura" />
	<meta name="twitter:data1" content="1 minuto" />
<script type="application/ld+json" class="yoast-schema-graph">{"@context":"https://schema.org","@graph":[{"@type":"WebPage","@id":"https://www.casadelectores.com/index.php/producto/finale-aktion-fotoperiodismo-y-republica-16176/","url":"https://www.casadelectores.com/index.php/producto/finale-aktion-fotoperiodismo-y-republica-16176/","name":"Finale Aktion FOTOPERIODISMO Y REPÚBLICA - casadelectores","isPartOf":{"@id":"https://www.casadelectores.com/#website"},"primaryImageOfPage":{"@id":"https://www.casadelectores.com/index.php/producto/finale-aktion-fotoperiodismo-y-republica-16176/#primaryimage"},"image":{"@id":"https://www.casadelectores.com/index.php/producto/finale-aktion-fotoperiodismo-y-republica-16176/#primaryimage"},"thumbnailUrl":"https://www.casadelectores.com/wp-content/uploads/2025/SK0184295-DE20251119-101116-0-1763518286-978843763234.webp","datePublished":"2025-11-25T09:04:48+00:00","breadcrumb":{"@id":"https://www.casadelectores.com/index.php/producto/finale-aktion-fotoperiodismo-y-republica-16176/#breadcrumb"},"inLanguage":"es","potentialAction":[{"@type":"ReadAction","target":["https://www.casadelectores.com/index.php/producto/finale-aktion-fotoperiodismo-y-republica-16176/"]}]},{"@type":"ImageObject","inLanguage":"es","@id":"https://www.casadelectores.com/index.php/producto/finale-aktion-fotoperiodismo-y-republica-16176/#primaryimage","url":"https://www.casadelectores.com/wp-content/uploads/2025/SK0184295-DE20251119-101116-0-1763518286-978843763234.webp","contentUrl":"https://www.casadelectores.com/wp-content/uploads/2025/SK0184295-DE20251119-101116-0-1763518286-978843763234.webp","width":300,"height":467},{"@type":"BreadcrumbList","@id":"https://www.casadelectores.com/index.php/producto/finale-aktion-fotoperiodismo-y-republica-16176/#breadcrumb","itemListElement":[{"@type":"ListItem","position":1,"name":"Portada","item":"https://www.casadelectores.com/"},{"@type":"ListItem","position":2,"name":"Shop","item":"https://www.casadelectores.com/index.php/shop/"},{"@type":"ListItem","position":3,"name":"Finale Aktion FOTOPERIODISMO Y REPÚBLICA"}]},{"@type":"WebSite","@id":"https://www.casadelectores.com/#website","url":"https://www.casadelectores.com/","name":"Enamórate de las compras","description":"","publisher":{"@id":"https://www.casadelectores.com/#organization"},"potentialAction":[{"@type":"SearchAction","target":{"@type":"EntryPoint","urlTemplate":"https://www.casadelectores.com/?s={search_term_string}"},"query-input":{"@type":"PropertyValueSpecification","valueRequired":true,"valueName":"search_term_string"}}],"inLanguage":"es"},{"@type":"Organization","@id":"https://www.casadelectores.com/#organization","name":"Enamórate de las compras","url":"https://www.casadelectores.com/","logo":{"@type":"ImageObject","inLanguage":"es","@id":"https://www.casadelectores.com/#/schema/logo/image/","url":"https://www.casadelectores.com/wp-content/uploads/2020/10/shop-icon.png","contentUrl":"https://www.casadelectores.com/wp-content/uploads/2020/10/shop-icon.png","width":512,"height":512,"caption":"Enamórate de las compras"},"image":{"@id":"https://www.casadelectores.com/#/schema/logo/image/"}}]}</script>
<!-- / Yoast SEO plugin. -->

Finale Aktion FOTOPERIODISMO Y REPÚBLICA - casadelectores

En la década de los treinta del siglo XX, el fotoperiodismo alcanzó su esplendor. La actividad en años anteriores, debido al desarrollo de la prensa ilustrada, propició la toma de conciencia de un colectivo tradicionalmente desunido y acostumbrado a trabajar en solitario. Aunque se ha escrito que la fotografía de reportaje no consiguió su elemento&hellip;&nbsp;Finale Aktion FOTOPERIODISMO Y REPÚBLICA

Enamórate de las compras
