{"id":12453,"date":"2025-11-25T09:04:44","date_gmt":"2025-11-25T09:04:44","guid":{"rendered":""},"modified":"2025-11-25T09:04:44","modified_gmt":"2025-11-25T09:04:44","slug":"entrevista-sobre-el-siglo-xxi-nur-heute-12453","status":"publish","type":"product","link":"https:\/\/www.casadelectores.com\/index.php\/producto\/entrevista-sobre-el-siglo-xxi-nur-heute-12453\/","title":{"rendered":"ENTREVISTA SOBRE EL SIGLO XXI Nur Heute"},"content":{"rendered":"<p>Esta Entrevista sobre el siglo XXI, a cargo de Antonio Polito, es una reflexi\u00f3n final sobre los a\u00f1os que el gran historiador brit\u00e1nico ha vivido y estudiado tanto en Historia del siglo XX como en A\u00f1os interesantes, y que, de alg\u00fan modo, cierra el c\u00edrculo de su an\u00e1lisis del siglo pasado. El profesor Hobsbawm no pretende en este libro predecir lo que ha de ocurrir durante el siglo XXI -que esa es tarea de astr\u00f3logos y no de historiadores- sino indicar unas l\u00edneas de fuerza que sean \u00fatiles para asentar nuestros proyectos y nuestras esperanzas en un s\u00f3lido conocimiento de la realidad actual. Como ha escrito Josep Fontana en el pr\u00f3logo, \u00abpodr\u00eda decirse que Entrevista sobre el siglo XXI recapitula el conjunto de las eras de Hobsbawm y, muy en especial, la \u00faltima, y nos ense\u00f1a a leerlas con una perspectiva de futuro\u00bb. \u00ab,<\/p>\n","protected":false},"excerpt":{"rendered":"<p>Esta Entrevista sobre el siglo XXI, a cargo de Antonio Polito, es una reflexi\u00f3n final sobre los a\u00f1os que el gran historiador brit\u00e1nico ha vivido y estudiado tanto en Historia del siglo XX como en A\u00f1os interesantes, y que, de alg\u00fan modo, cierra el c\u00edrculo de su an\u00e1lisis del siglo pasado. El profesor Hobsbawm no&hellip;&nbsp;<a href=\"https:\/\/www.casadelectores.com\/index.php\/producto\/entrevista-sobre-el-siglo-xxi-nur-heute-12453\/\" rel=\"bookmark\"><span class=\"screen-reader-text\">ENTREVISTA SOBRE EL SIGLO XXI Nur Heute<\/span><\/a><\/p>\n","protected":false},"featured_media":12553,"template":"","meta":{"neve_meta_sidebar":"","neve_meta_container":"","neve_meta_enable_content_width":"","neve_meta_content_width":0,"neve_meta_title_alignment":"","neve_meta_author_avatar":"","neve_post_elements_order":"","neve_meta_disable_header":"","neve_meta_disable_footer":"","neve_meta_disable_title":"","_themeisle_gutenberg_block_has_review":false},"product_brand":[],"product_cat":[26],"product_tag":[],"class_list":["post-12453","product","type-product","status-publish","has-post-thumbnail","product_cat-publicaciones-de-libros","first","instock","sale","shipping-taxable","purchasable","product-type-simple"],"yoast_head":"<!-- This site is optimized with the Yoast SEO plugin v26.3 - https:\/\/yoast.com\/wordpress\/plugins\/seo\/ -->\n<title>ENTREVISTA SOBRE EL SIGLO XXI Nur Heute - casadelectores<\/title>\n<meta name=\"robots\" content=\"index, follow, max-snippet:-1, max-image-preview:large, max-video-preview:-1\" \/>\n<link rel=\"canonical\" href=\"https:\/\/www.casadelectores.com\/index.php\/producto\/entrevista-sobre-el-siglo-xxi-nur-heute-12453\/\" \/>\n<meta property=\"og:locale\" content=\"es_ES\" \/>\n<meta property=\"og:type\" content=\"article\" \/>\n<meta property=\"og:title\" content=\"ENTREVISTA SOBRE EL SIGLO XXI Nur Heute - casadelectores\" \/>\n<meta property=\"og:description\" content=\"Esta Entrevista sobre el siglo XXI, a cargo de Antonio Polito, es una reflexi\u00f3n final sobre los a\u00f1os que el gran historiador brit\u00e1nico ha vivido y estudiado tanto en Historia del siglo XX como en A\u00f1os interesantes, y que, de alg\u00fan modo, cierra el c\u00edrculo de su an\u00e1lisis del siglo pasado. El profesor Hobsbawm no&hellip;&nbsp;ENTREVISTA SOBRE EL SIGLO XXI Nur Heute\" \/>\n<meta property=\"og:url\" content=\"https:\/\/www.casadelectores.com\/index.php\/producto\/entrevista-sobre-el-siglo-xxi-nur-heute-12453\/\" \/>\n<meta property=\"og:site_name\" content=\"casadelectores\" \/>\n<meta property=\"og:image\" content=\"https:\/\/www.casadelectores.com\/wp-content\/uploads\/2025\/SK0181866-DE20251119-101116-0-1763518286-978848432517.webp\" \/>\n\t<meta property=\"og:image:width\" content=\"120\" \/>\n\t<meta property=\"og:image:height\" content=\"190\" \/>\n\t<meta property=\"og:image:type\" content=\"image\/webp\" \/>\n<meta name=\"twitter:card\" content=\"summary_large_image\" \/>\n<meta name=\"twitter:label1\" content=\"Tiempo de lectura\" \/>\n\t<meta name=\"twitter:data1\" content=\"1 minuto\" \/>\n<script type=\"application\/ld+json\" class=\"yoast-schema-graph\">{\"@context\":\"https:\/\/schema.org\",\"@graph\":[{\"@type\":\"WebPage\",\"@id\":\"https:\/\/www.casadelectores.com\/index.php\/producto\/entrevista-sobre-el-siglo-xxi-nur-heute-12453\/\",\"url\":\"https:\/\/www.casadelectores.com\/index.php\/producto\/entrevista-sobre-el-siglo-xxi-nur-heute-12453\/\",\"name\":\"ENTREVISTA SOBRE EL SIGLO XXI Nur Heute - casadelectores\",\"isPartOf\":{\"@id\":\"https:\/\/www.casadelectores.com\/#website\"},\"primaryImageOfPage\":{\"@id\":\"https:\/\/www.casadelectores.com\/index.php\/producto\/entrevista-sobre-el-siglo-xxi-nur-heute-12453\/#primaryimage\"},\"image\":{\"@id\":\"https:\/\/www.casadelectores.com\/index.php\/producto\/entrevista-sobre-el-siglo-xxi-nur-heute-12453\/#primaryimage\"},\"thumbnailUrl\":\"https:\/\/www.casadelectores.com\/wp-content\/uploads\/2025\/SK0181866-DE20251119-101116-0-1763518286-978848432517.webp\",\"datePublished\":\"2025-11-25T09:04:44+00:00\",\"breadcrumb\":{\"@id\":\"https:\/\/www.casadelectores.com\/index.php\/producto\/entrevista-sobre-el-siglo-xxi-nur-heute-12453\/#breadcrumb\"},\"inLanguage\":\"es\",\"potentialAction\":[{\"@type\":\"ReadAction\",\"target\":[\"https:\/\/www.casadelectores.com\/index.php\/producto\/entrevista-sobre-el-siglo-xxi-nur-heute-12453\/\"]}]},{\"@type\":\"ImageObject\",\"inLanguage\":\"es\",\"@id\":\"https:\/\/www.casadelectores.com\/index.php\/producto\/entrevista-sobre-el-siglo-xxi-nur-heute-12453\/#primaryimage\",\"url\":\"https:\/\/www.casadelectores.com\/wp-content\/uploads\/2025\/SK0181866-DE20251119-101116-0-1763518286-978848432517.webp\",\"contentUrl\":\"https:\/\/www.casadelectores.com\/wp-content\/uploads\/2025\/SK0181866-DE20251119-101116-0-1763518286-978848432517.webp\",\"width\":120,\"height\":190},{\"@type\":\"BreadcrumbList\",\"@id\":\"https:\/\/www.casadelectores.com\/index.php\/producto\/entrevista-sobre-el-siglo-xxi-nur-heute-12453\/#breadcrumb\",\"itemListElement\":[{\"@type\":\"ListItem\",\"position\":1,\"name\":\"Portada\",\"item\":\"https:\/\/www.casadelectores.com\/\"},{\"@type\":\"ListItem\",\"position\":2,\"name\":\"Shop\",\"item\":\"https:\/\/www.casadelectores.com\/index.php\/shop\/\"},{\"@type\":\"ListItem\",\"position\":3,\"name\":\"ENTREVISTA SOBRE EL SIGLO XXI Nur Heute\"}]},{\"@type\":\"WebSite\",\"@id\":\"https:\/\/www.casadelectores.com\/#website\",\"url\":\"https:\/\/www.casadelectores.com\/\",\"name\":\"Enam\u00f3rate de las compras\",\"description\":\"\",\"publisher\":{\"@id\":\"https:\/\/www.casadelectores.com\/#organization\"},\"potentialAction\":[{\"@type\":\"SearchAction\",\"target\":{\"@type\":\"EntryPoint\",\"urlTemplate\":\"https:\/\/www.casadelectores.com\/?s={search_term_string}\"},\"query-input\":{\"@type\":\"PropertyValueSpecification\",\"valueRequired\":true,\"valueName\":\"search_term_string\"}}],\"inLanguage\":\"es\"},{\"@type\":\"Organization\",\"@id\":\"https:\/\/www.casadelectores.com\/#organization\",\"name\":\"Enam\u00f3rate de las compras\",\"url\":\"https:\/\/www.casadelectores.com\/\",\"logo\":{\"@type\":\"ImageObject\",\"inLanguage\":\"es\",\"@id\":\"https:\/\/www.casadelectores.com\/#\/schema\/logo\/image\/\",\"url\":\"https:\/\/www.casadelectores.com\/wp-content\/uploads\/2020\/10\/shop-icon.png\",\"contentUrl\":\"https:\/\/www.casadelectores.com\/wp-content\/uploads\/2020\/10\/shop-icon.png\",\"width\":512,\"height\":512,\"caption\":\"Enam\u00f3rate de las compras\"},\"image\":{\"@id\":\"https:\/\/www.casadelectores.com\/#\/schema\/logo\/image\/\"}}]}<\/script>\n<!-- \/ Yoast SEO plugin. -->","yoast_head_json":{"title":"ENTREVISTA SOBRE EL SIGLO XXI Nur Heute - casadelectores","robots":{"index":"index","follow":"follow","max-snippet":"max-snippet:-1","max-image-preview":"max-image-preview:large","max-video-preview":"max-video-preview:-1"},"canonical":"https:\/\/www.casadelectores.com\/index.php\/producto\/entrevista-sobre-el-siglo-xxi-nur-heute-12453\/","og_locale":"es_ES","og_type":"article","og_title":"ENTREVISTA SOBRE EL SIGLO XXI Nur Heute - casadelectores","og_description":"Esta Entrevista sobre el siglo XXI, a cargo de Antonio Polito, es una reflexi\u00f3n final sobre los a\u00f1os que el gran historiador brit\u00e1nico ha vivido y estudiado tanto en Historia del siglo XX como en A\u00f1os interesantes, y que, de alg\u00fan modo, cierra el c\u00edrculo de su an\u00e1lisis del siglo pasado. El profesor Hobsbawm no&hellip;&nbsp;ENTREVISTA SOBRE EL SIGLO XXI Nur Heute","og_url":"https:\/\/www.casadelectores.com\/index.php\/producto\/entrevista-sobre-el-siglo-xxi-nur-heute-12453\/","og_site_name":"casadelectores","og_image":[{"width":120,"height":190,"url":"https:\/\/www.casadelectores.com\/wp-content\/uploads\/2025\/SK0181866-DE20251119-101116-0-1763518286-978848432517.webp","type":"image\/webp"}],"twitter_card":"summary_large_image","twitter_misc":{"Tiempo de lectura":"1 minuto"},"schema":{"@context":"https:\/\/schema.org","@graph":[{"@type":"WebPage","@id":"https:\/\/www.casadelectores.com\/index.php\/producto\/entrevista-sobre-el-siglo-xxi-nur-heute-12453\/","url":"https:\/\/www.casadelectores.com\/index.php\/producto\/entrevista-sobre-el-siglo-xxi-nur-heute-12453\/","name":"ENTREVISTA SOBRE EL SIGLO XXI Nur Heute - casadelectores","isPartOf":{"@id":"https:\/\/www.casadelectores.com\/#website"},"primaryImageOfPage":{"@id":"https:\/\/www.casadelectores.com\/index.php\/producto\/entrevista-sobre-el-siglo-xxi-nur-heute-12453\/#primaryimage"},"image":{"@id":"https:\/\/www.casadelectores.com\/index.php\/producto\/entrevista-sobre-el-siglo-xxi-nur-heute-12453\/#primaryimage"},"thumbnailUrl":"https:\/\/www.casadelectores.com\/wp-content\/uploads\/2025\/SK0181866-DE20251119-101116-0-1763518286-978848432517.webp","datePublished":"2025-11-25T09:04:44+00:00","breadcrumb":{"@id":"https:\/\/www.casadelectores.com\/index.php\/producto\/entrevista-sobre-el-siglo-xxi-nur-heute-12453\/#breadcrumb"},"inLanguage":"es","potentialAction":[{"@type":"ReadAction","target":["https:\/\/www.casadelectores.com\/index.php\/producto\/entrevista-sobre-el-siglo-xxi-nur-heute-12453\/"]}]},{"@type":"ImageObject","inLanguage":"es","@id":"https:\/\/www.casadelectores.com\/index.php\/producto\/entrevista-sobre-el-siglo-xxi-nur-heute-12453\/#primaryimage","url":"https:\/\/www.casadelectores.com\/wp-content\/uploads\/2025\/SK0181866-DE20251119-101116-0-1763518286-978848432517.webp","contentUrl":"https:\/\/www.casadelectores.com\/wp-content\/uploads\/2025\/SK0181866-DE20251119-101116-0-1763518286-978848432517.webp","width":120,"height":190},{"@type":"BreadcrumbList","@id":"https:\/\/www.casadelectores.com\/index.php\/producto\/entrevista-sobre-el-siglo-xxi-nur-heute-12453\/#breadcrumb","itemListElement":[{"@type":"ListItem","position":1,"name":"Portada","item":"https:\/\/www.casadelectores.com\/"},{"@type":"ListItem","position":2,"name":"Shop","item":"https:\/\/www.casadelectores.com\/index.php\/shop\/"},{"@type":"ListItem","position":3,"name":"ENTREVISTA SOBRE EL SIGLO XXI Nur Heute"}]},{"@type":"WebSite","@id":"https:\/\/www.casadelectores.com\/#website","url":"https:\/\/www.casadelectores.com\/","name":"Enam\u00f3rate de las compras","description":"","publisher":{"@id":"https:\/\/www.casadelectores.com\/#organization"},"potentialAction":[{"@type":"SearchAction","target":{"@type":"EntryPoint","urlTemplate":"https:\/\/www.casadelectores.com\/?s={search_term_string}"},"query-input":{"@type":"PropertyValueSpecification","valueRequired":true,"valueName":"search_term_string"}}],"inLanguage":"es"},{"@type":"Organization","@id":"https:\/\/www.casadelectores.com\/#organization","name":"Enam\u00f3rate de las compras","url":"https:\/\/www.casadelectores.com\/","logo":{"@type":"ImageObject","inLanguage":"es","@id":"https:\/\/www.casadelectores.com\/#\/schema\/logo\/image\/","url":"https:\/\/www.casadelectores.com\/wp-content\/uploads\/2020\/10\/shop-icon.png","contentUrl":"https:\/\/www.casadelectores.com\/wp-content\/uploads\/2020\/10\/shop-icon.png","width":512,"height":512,"caption":"Enam\u00f3rate de las compras"},"image":{"@id":"https:\/\/www.casadelectores.com\/#\/schema\/logo\/image\/"}}]}},"_links":{"self":[{"href":"https:\/\/www.casadelectores.com\/index.php\/wp-json\/wp\/v2\/product\/12453","targetHints":{"allow":["GET"]}}],"collection":[{"href":"https:\/\/www.casadelectores.com\/index.php\/wp-json\/wp\/v2\/product"}],"about":[{"href":"https:\/\/www.casadelectores.com\/index.php\/wp-json\/wp\/v2\/types\/product"}],"wp:featuredmedia":[{"embeddable":true,"href":"https:\/\/www.casadelectores.com\/index.php\/wp-json\/wp\/v2\/media\/12553"}],"wp:attachment":[{"href":"https:\/\/www.casadelectores.com\/index.php\/wp-json\/wp\/v2\/media?parent=12453"}],"wp:term":[{"taxonomy":"product_brand","embeddable":true,"href":"https:\/\/www.casadelectores.com\/index.php\/wp-json\/wp\/v2\/product_brand?post=12453"},{"taxonomy":"product_cat","embeddable":true,"href":"https:\/\/www.casadelectores.com\/index.php\/wp-json\/wp\/v2\/product_cat?post=12453"},{"taxonomy":"product_tag","embeddable":true,"href":"https:\/\/www.casadelectores.com\/index.php\/wp-json\/wp\/v2\/product_tag?post=12453"}],"curies":[{"name":"wp","href":"https:\/\/api.w.org\/{rel}","templated":true}]}}

<p>Esta Entrevista sobre el siglo XXI, a cargo de Antonio Polito, es una reflexión final sobre los años que el gran historiador británico ha vivido y estudiado tanto en Historia del siglo XX como en Años interesantes, y que, de algún modo, cierra el círculo de su análisis del siglo pasado. El profesor Hobsbawm no pretende en este libro predecir lo que ha de ocurrir durante el siglo XXI -que esa es tarea de astrólogos y no de historiadores- sino indicar unas líneas de fuerza que sean útiles para asentar nuestros proyectos y nuestras esperanzas en un sólido conocimiento de la realidad actual. Como ha escrito Josep Fontana en el prólogo, «podría decirse que Entrevista sobre el siglo XXI recapitula el conjunto de las eras de Hobsbawm y, muy en especial, la última, y nos enseña a leerlas con una perspectiva de futuro». «,</p>

<p>Esta Entrevista sobre el siglo XXI, a cargo de Antonio Polito, es una reflexión final sobre los años que el gran historiador británico ha vivido y estudiado tanto en Historia del siglo XX como en Años interesantes, y que, de algún modo, cierra el círculo de su análisis del siglo pasado. El profesor Hobsbawm no&hellip;&nbsp;<a href="https://www.casadelectores.com/index.php/producto/entrevista-sobre-el-siglo-xxi-nur-heute-12453/" rel="bookmark"><span class="screen-reader-text">ENTREVISTA SOBRE EL SIGLO XXI Nur Heute</span></a></p>

<!-- This site is optimized with the Yoast SEO plugin v26.3 - https://yoast.com/wordpress/plugins/seo/ -->
<title>ENTREVISTA SOBRE EL SIGLO XXI Nur Heute - casadelectores</title>
<meta name="robots" content="index, follow, max-snippet:-1, max-image-preview:large, max-video-preview:-1" />
<link rel="canonical" href="https://www.casadelectores.com/index.php/producto/entrevista-sobre-el-siglo-xxi-nur-heute-12453/" />
<meta property="og:locale" content="es_ES" />
<meta property="og:type" content="article" />
<meta property="og:title" content="ENTREVISTA SOBRE EL SIGLO XXI Nur Heute - casadelectores" />
<meta property="og:description" content="Esta Entrevista sobre el siglo XXI, a cargo de Antonio Polito, es una reflexión final sobre los años que el gran historiador británico ha vivido y estudiado tanto en Historia del siglo XX como en Años interesantes, y que, de algún modo, cierra el círculo de su análisis del siglo pasado. El profesor Hobsbawm no&hellip;&nbsp;ENTREVISTA SOBRE EL SIGLO XXI Nur Heute" />
<meta property="og:url" content="https://www.casadelectores.com/index.php/producto/entrevista-sobre-el-siglo-xxi-nur-heute-12453/" />
<meta property="og:site_name" content="casadelectores" />
<meta property="og:image" content="https://www.casadelectores.com/wp-content/uploads/2025/SK0181866-DE20251119-101116-0-1763518286-978848432517.webp" />
	<meta property="og:image:width" content="120" />
	<meta property="og:image:height" content="190" />
	<meta property="og:image:type" content="image/webp" />
<meta name="twitter:card" content="summary_large_image" />
<meta name="twitter:label1" content="Tiempo de lectura" />
	<meta name="twitter:data1" content="1 minuto" />
<script type="application/ld+json" class="yoast-schema-graph">{"@context":"https://schema.org","@graph":[{"@type":"WebPage","@id":"https://www.casadelectores.com/index.php/producto/entrevista-sobre-el-siglo-xxi-nur-heute-12453/","url":"https://www.casadelectores.com/index.php/producto/entrevista-sobre-el-siglo-xxi-nur-heute-12453/","name":"ENTREVISTA SOBRE EL SIGLO XXI Nur Heute - casadelectores","isPartOf":{"@id":"https://www.casadelectores.com/#website"},"primaryImageOfPage":{"@id":"https://www.casadelectores.com/index.php/producto/entrevista-sobre-el-siglo-xxi-nur-heute-12453/#primaryimage"},"image":{"@id":"https://www.casadelectores.com/index.php/producto/entrevista-sobre-el-siglo-xxi-nur-heute-12453/#primaryimage"},"thumbnailUrl":"https://www.casadelectores.com/wp-content/uploads/2025/SK0181866-DE20251119-101116-0-1763518286-978848432517.webp","datePublished":"2025-11-25T09:04:44+00:00","breadcrumb":{"@id":"https://www.casadelectores.com/index.php/producto/entrevista-sobre-el-siglo-xxi-nur-heute-12453/#breadcrumb"},"inLanguage":"es","potentialAction":[{"@type":"ReadAction","target":["https://www.casadelectores.com/index.php/producto/entrevista-sobre-el-siglo-xxi-nur-heute-12453/"]}]},{"@type":"ImageObject","inLanguage":"es","@id":"https://www.casadelectores.com/index.php/producto/entrevista-sobre-el-siglo-xxi-nur-heute-12453/#primaryimage","url":"https://www.casadelectores.com/wp-content/uploads/2025/SK0181866-DE20251119-101116-0-1763518286-978848432517.webp","contentUrl":"https://www.casadelectores.com/wp-content/uploads/2025/SK0181866-DE20251119-101116-0-1763518286-978848432517.webp","width":120,"height":190},{"@type":"BreadcrumbList","@id":"https://www.casadelectores.com/index.php/producto/entrevista-sobre-el-siglo-xxi-nur-heute-12453/#breadcrumb","itemListElement":[{"@type":"ListItem","position":1,"name":"Portada","item":"https://www.casadelectores.com/"},{"@type":"ListItem","position":2,"name":"Shop","item":"https://www.casadelectores.com/index.php/shop/"},{"@type":"ListItem","position":3,"name":"ENTREVISTA SOBRE EL SIGLO XXI Nur Heute"}]},{"@type":"WebSite","@id":"https://www.casadelectores.com/#website","url":"https://www.casadelectores.com/","name":"Enamórate de las compras","description":"","publisher":{"@id":"https://www.casadelectores.com/#organization"},"potentialAction":[{"@type":"SearchAction","target":{"@type":"EntryPoint","urlTemplate":"https://www.casadelectores.com/?s={search_term_string}"},"query-input":{"@type":"PropertyValueSpecification","valueRequired":true,"valueName":"search_term_string"}}],"inLanguage":"es"},{"@type":"Organization","@id":"https://www.casadelectores.com/#organization","name":"Enamórate de las compras","url":"https://www.casadelectores.com/","logo":{"@type":"ImageObject","inLanguage":"es","@id":"https://www.casadelectores.com/#/schema/logo/image/","url":"https://www.casadelectores.com/wp-content/uploads/2020/10/shop-icon.png","contentUrl":"https://www.casadelectores.com/wp-content/uploads/2020/10/shop-icon.png","width":512,"height":512,"caption":"Enamórate de las compras"},"image":{"@id":"https://www.casadelectores.com/#/schema/logo/image/"}}]}</script>
<!-- / Yoast SEO plugin. -->

Esta Entrevista sobre el siglo XXI, a cargo de Antonio Polito, es una reflexión final sobre los años que el gran historiador británico ha vivido y estudiado tanto en Historia del siglo XX como en Años interesantes, y que, de algún modo, cierra el círculo de su análisis del siglo pasado. El profesor Hobsbawm no&hellip;&nbsp;ENTREVISTA SOBRE EL SIGLO XXI Nur Heute

Enamórate de las compras
