{"id":12052,"date":"2025-11-25T09:04:44","date_gmt":"2025-11-25T09:04:44","guid":{"rendered":""},"modified":"2025-11-25T09:04:44","modified_gmt":"2025-11-25T09:04:44","slug":"expressversand-fundamentos-geneticos-del-lenguaje-12052","status":"publish","type":"product","link":"https:\/\/www.casadelectores.com\/index.php\/producto\/expressversand-fundamentos-geneticos-del-lenguaje-12052\/","title":{"rendered":"Expressversand FUNDAMENTOS GEN\u00c9TICOS DEL LENGUAJE"},"content":{"rendered":"<p>Este libro no plantea la cuesti\u00f3n del lenguaje en t\u00e9rminos l\u00f3gico-matem\u00e1ticos, sino biol\u00f3gicos. El ser humano es un organismo, consta de productos minerales y de procesos org\u00e1nicos similares en todo a la naturaleza, pues no deja de ser parte de ella; pero adem\u00e1s habla, tiene lenguaje y, por ello mismo, piensa y vive en sociedad. Rechazando y huyendo de cualquier impostura intelectual, es decir, sin pretender utilizar conceptos extra\u00eddos de las ciencias duras para hacer progresar las ciencias blandas, el lector de este libro no encontrar\u00e1 otra cosa que una gran cantidad de leyes y categor\u00edas ling\u00fc\u00edsticas que son equivalentes a otras tantas leyes y categor\u00edas gen\u00e9ticas. El resultado es sorprendente y las implicaciones muy profundas. El tema est\u00e1 en el ojo del hurac\u00e1n de la cultura del siglo XXI y las conclusiones que cada uno extraiga de su lectura pueden representar un punto de inflexi\u00f3n en la imagen que los humanos tenemos de nosotros mismos. \u00ab,<\/p>\n","protected":false},"excerpt":{"rendered":"<p>Este libro no plantea la cuesti\u00f3n del lenguaje en t\u00e9rminos l\u00f3gico-matem\u00e1ticos, sino biol\u00f3gicos. El ser humano es un organismo, consta de productos minerales y de procesos org\u00e1nicos similares en todo a la naturaleza, pues no deja de ser parte de ella; pero adem\u00e1s habla, tiene lenguaje y, por ello mismo, piensa y vive en sociedad.&hellip;&nbsp;<a href=\"https:\/\/www.casadelectores.com\/index.php\/producto\/expressversand-fundamentos-geneticos-del-lenguaje-12052\/\" rel=\"bookmark\"><span class=\"screen-reader-text\">Expressversand FUNDAMENTOS GEN\u00c9TICOS DEL LENGUAJE<\/span><\/a><\/p>\n","protected":false},"featured_media":12152,"template":"","meta":{"neve_meta_sidebar":"","neve_meta_container":"","neve_meta_enable_content_width":"","neve_meta_content_width":0,"neve_meta_title_alignment":"","neve_meta_author_avatar":"","neve_post_elements_order":"","neve_meta_disable_header":"","neve_meta_disable_footer":"","neve_meta_disable_title":"","_themeisle_gutenberg_block_has_review":false},"product_brand":[],"product_cat":[26],"product_tag":[],"class_list":["post-12052","product","type-product","status-publish","has-post-thumbnail","product_cat-publicaciones-de-libros","first","instock","sale","shipping-taxable","purchasable","product-type-simple"],"yoast_head":"<!-- This site is optimized with the Yoast SEO plugin v26.3 - https:\/\/yoast.com\/wordpress\/plugins\/seo\/ -->\n<title>Expressversand FUNDAMENTOS GEN\u00c9TICOS DEL LENGUAJE - casadelectores<\/title>\n<meta name=\"robots\" content=\"index, follow, max-snippet:-1, max-image-preview:large, max-video-preview:-1\" \/>\n<link rel=\"canonical\" href=\"https:\/\/www.casadelectores.com\/index.php\/producto\/expressversand-fundamentos-geneticos-del-lenguaje-12052\/\" \/>\n<meta property=\"og:locale\" content=\"es_ES\" \/>\n<meta property=\"og:type\" content=\"article\" \/>\n<meta property=\"og:title\" content=\"Expressversand FUNDAMENTOS GEN\u00c9TICOS DEL LENGUAJE - casadelectores\" \/>\n<meta property=\"og:description\" content=\"Este libro no plantea la cuesti\u00f3n del lenguaje en t\u00e9rminos l\u00f3gico-matem\u00e1ticos, sino biol\u00f3gicos. El ser humano es un organismo, consta de productos minerales y de procesos org\u00e1nicos similares en todo a la naturaleza, pues no deja de ser parte de ella; pero adem\u00e1s habla, tiene lenguaje y, por ello mismo, piensa y vive en sociedad.&hellip;&nbsp;Expressversand FUNDAMENTOS GEN\u00c9TICOS DEL LENGUAJE\" \/>\n<meta property=\"og:url\" content=\"https:\/\/www.casadelectores.com\/index.php\/producto\/expressversand-fundamentos-geneticos-del-lenguaje-12052\/\" \/>\n<meta property=\"og:site_name\" content=\"casadelectores\" \/>\n<meta property=\"og:image\" content=\"https:\/\/www.casadelectores.com\/wp-content\/uploads\/2025\/SK0181758-DE20251119-101116-0-1763518286-978843761991.webp\" \/>\n\t<meta property=\"og:image:width\" content=\"100\" \/>\n\t<meta property=\"og:image:height\" content=\"150\" \/>\n\t<meta property=\"og:image:type\" content=\"image\/webp\" \/>\n<meta name=\"twitter:card\" content=\"summary_large_image\" \/>\n<meta name=\"twitter:label1\" content=\"Tiempo de lectura\" \/>\n\t<meta name=\"twitter:data1\" content=\"1 minuto\" \/>\n<script type=\"application\/ld+json\" class=\"yoast-schema-graph\">{\"@context\":\"https:\/\/schema.org\",\"@graph\":[{\"@type\":\"WebPage\",\"@id\":\"https:\/\/www.casadelectores.com\/index.php\/producto\/expressversand-fundamentos-geneticos-del-lenguaje-12052\/\",\"url\":\"https:\/\/www.casadelectores.com\/index.php\/producto\/expressversand-fundamentos-geneticos-del-lenguaje-12052\/\",\"name\":\"Expressversand FUNDAMENTOS GEN\u00c9TICOS DEL LENGUAJE - casadelectores\",\"isPartOf\":{\"@id\":\"https:\/\/www.casadelectores.com\/#website\"},\"primaryImageOfPage\":{\"@id\":\"https:\/\/www.casadelectores.com\/index.php\/producto\/expressversand-fundamentos-geneticos-del-lenguaje-12052\/#primaryimage\"},\"image\":{\"@id\":\"https:\/\/www.casadelectores.com\/index.php\/producto\/expressversand-fundamentos-geneticos-del-lenguaje-12052\/#primaryimage\"},\"thumbnailUrl\":\"https:\/\/www.casadelectores.com\/wp-content\/uploads\/2025\/SK0181758-DE20251119-101116-0-1763518286-978843761991.webp\",\"datePublished\":\"2025-11-25T09:04:44+00:00\",\"breadcrumb\":{\"@id\":\"https:\/\/www.casadelectores.com\/index.php\/producto\/expressversand-fundamentos-geneticos-del-lenguaje-12052\/#breadcrumb\"},\"inLanguage\":\"es\",\"potentialAction\":[{\"@type\":\"ReadAction\",\"target\":[\"https:\/\/www.casadelectores.com\/index.php\/producto\/expressversand-fundamentos-geneticos-del-lenguaje-12052\/\"]}]},{\"@type\":\"ImageObject\",\"inLanguage\":\"es\",\"@id\":\"https:\/\/www.casadelectores.com\/index.php\/producto\/expressversand-fundamentos-geneticos-del-lenguaje-12052\/#primaryimage\",\"url\":\"https:\/\/www.casadelectores.com\/wp-content\/uploads\/2025\/SK0181758-DE20251119-101116-0-1763518286-978843761991.webp\",\"contentUrl\":\"https:\/\/www.casadelectores.com\/wp-content\/uploads\/2025\/SK0181758-DE20251119-101116-0-1763518286-978843761991.webp\",\"width\":100,\"height\":150},{\"@type\":\"BreadcrumbList\",\"@id\":\"https:\/\/www.casadelectores.com\/index.php\/producto\/expressversand-fundamentos-geneticos-del-lenguaje-12052\/#breadcrumb\",\"itemListElement\":[{\"@type\":\"ListItem\",\"position\":1,\"name\":\"Portada\",\"item\":\"https:\/\/www.casadelectores.com\/\"},{\"@type\":\"ListItem\",\"position\":2,\"name\":\"Shop\",\"item\":\"https:\/\/www.casadelectores.com\/index.php\/shop\/\"},{\"@type\":\"ListItem\",\"position\":3,\"name\":\"Expressversand FUNDAMENTOS GEN\u00c9TICOS DEL LENGUAJE\"}]},{\"@type\":\"WebSite\",\"@id\":\"https:\/\/www.casadelectores.com\/#website\",\"url\":\"https:\/\/www.casadelectores.com\/\",\"name\":\"Enam\u00f3rate de las compras\",\"description\":\"\",\"publisher\":{\"@id\":\"https:\/\/www.casadelectores.com\/#organization\"},\"potentialAction\":[{\"@type\":\"SearchAction\",\"target\":{\"@type\":\"EntryPoint\",\"urlTemplate\":\"https:\/\/www.casadelectores.com\/?s={search_term_string}\"},\"query-input\":{\"@type\":\"PropertyValueSpecification\",\"valueRequired\":true,\"valueName\":\"search_term_string\"}}],\"inLanguage\":\"es\"},{\"@type\":\"Organization\",\"@id\":\"https:\/\/www.casadelectores.com\/#organization\",\"name\":\"Enam\u00f3rate de las compras\",\"url\":\"https:\/\/www.casadelectores.com\/\",\"logo\":{\"@type\":\"ImageObject\",\"inLanguage\":\"es\",\"@id\":\"https:\/\/www.casadelectores.com\/#\/schema\/logo\/image\/\",\"url\":\"https:\/\/www.casadelectores.com\/wp-content\/uploads\/2020\/10\/shop-icon.png\",\"contentUrl\":\"https:\/\/www.casadelectores.com\/wp-content\/uploads\/2020\/10\/shop-icon.png\",\"width\":512,\"height\":512,\"caption\":\"Enam\u00f3rate de las compras\"},\"image\":{\"@id\":\"https:\/\/www.casadelectores.com\/#\/schema\/logo\/image\/\"}}]}<\/script>\n<!-- \/ Yoast SEO plugin. -->","yoast_head_json":{"title":"Expressversand FUNDAMENTOS GEN\u00c9TICOS DEL LENGUAJE - casadelectores","robots":{"index":"index","follow":"follow","max-snippet":"max-snippet:-1","max-image-preview":"max-image-preview:large","max-video-preview":"max-video-preview:-1"},"canonical":"https:\/\/www.casadelectores.com\/index.php\/producto\/expressversand-fundamentos-geneticos-del-lenguaje-12052\/","og_locale":"es_ES","og_type":"article","og_title":"Expressversand FUNDAMENTOS GEN\u00c9TICOS DEL LENGUAJE - casadelectores","og_description":"Este libro no plantea la cuesti\u00f3n del lenguaje en t\u00e9rminos l\u00f3gico-matem\u00e1ticos, sino biol\u00f3gicos. El ser humano es un organismo, consta de productos minerales y de procesos org\u00e1nicos similares en todo a la naturaleza, pues no deja de ser parte de ella; pero adem\u00e1s habla, tiene lenguaje y, por ello mismo, piensa y vive en sociedad.&hellip;&nbsp;Expressversand FUNDAMENTOS GEN\u00c9TICOS DEL LENGUAJE","og_url":"https:\/\/www.casadelectores.com\/index.php\/producto\/expressversand-fundamentos-geneticos-del-lenguaje-12052\/","og_site_name":"casadelectores","og_image":[{"width":100,"height":150,"url":"https:\/\/www.casadelectores.com\/wp-content\/uploads\/2025\/SK0181758-DE20251119-101116-0-1763518286-978843761991.webp","type":"image\/webp"}],"twitter_card":"summary_large_image","twitter_misc":{"Tiempo de lectura":"1 minuto"},"schema":{"@context":"https:\/\/schema.org","@graph":[{"@type":"WebPage","@id":"https:\/\/www.casadelectores.com\/index.php\/producto\/expressversand-fundamentos-geneticos-del-lenguaje-12052\/","url":"https:\/\/www.casadelectores.com\/index.php\/producto\/expressversand-fundamentos-geneticos-del-lenguaje-12052\/","name":"Expressversand FUNDAMENTOS GEN\u00c9TICOS DEL LENGUAJE - casadelectores","isPartOf":{"@id":"https:\/\/www.casadelectores.com\/#website"},"primaryImageOfPage":{"@id":"https:\/\/www.casadelectores.com\/index.php\/producto\/expressversand-fundamentos-geneticos-del-lenguaje-12052\/#primaryimage"},"image":{"@id":"https:\/\/www.casadelectores.com\/index.php\/producto\/expressversand-fundamentos-geneticos-del-lenguaje-12052\/#primaryimage"},"thumbnailUrl":"https:\/\/www.casadelectores.com\/wp-content\/uploads\/2025\/SK0181758-DE20251119-101116-0-1763518286-978843761991.webp","datePublished":"2025-11-25T09:04:44+00:00","breadcrumb":{"@id":"https:\/\/www.casadelectores.com\/index.php\/producto\/expressversand-fundamentos-geneticos-del-lenguaje-12052\/#breadcrumb"},"inLanguage":"es","potentialAction":[{"@type":"ReadAction","target":["https:\/\/www.casadelectores.com\/index.php\/producto\/expressversand-fundamentos-geneticos-del-lenguaje-12052\/"]}]},{"@type":"ImageObject","inLanguage":"es","@id":"https:\/\/www.casadelectores.com\/index.php\/producto\/expressversand-fundamentos-geneticos-del-lenguaje-12052\/#primaryimage","url":"https:\/\/www.casadelectores.com\/wp-content\/uploads\/2025\/SK0181758-DE20251119-101116-0-1763518286-978843761991.webp","contentUrl":"https:\/\/www.casadelectores.com\/wp-content\/uploads\/2025\/SK0181758-DE20251119-101116-0-1763518286-978843761991.webp","width":100,"height":150},{"@type":"BreadcrumbList","@id":"https:\/\/www.casadelectores.com\/index.php\/producto\/expressversand-fundamentos-geneticos-del-lenguaje-12052\/#breadcrumb","itemListElement":[{"@type":"ListItem","position":1,"name":"Portada","item":"https:\/\/www.casadelectores.com\/"},{"@type":"ListItem","position":2,"name":"Shop","item":"https:\/\/www.casadelectores.com\/index.php\/shop\/"},{"@type":"ListItem","position":3,"name":"Expressversand FUNDAMENTOS GEN\u00c9TICOS DEL LENGUAJE"}]},{"@type":"WebSite","@id":"https:\/\/www.casadelectores.com\/#website","url":"https:\/\/www.casadelectores.com\/","name":"Enam\u00f3rate de las compras","description":"","publisher":{"@id":"https:\/\/www.casadelectores.com\/#organization"},"potentialAction":[{"@type":"SearchAction","target":{"@type":"EntryPoint","urlTemplate":"https:\/\/www.casadelectores.com\/?s={search_term_string}"},"query-input":{"@type":"PropertyValueSpecification","valueRequired":true,"valueName":"search_term_string"}}],"inLanguage":"es"},{"@type":"Organization","@id":"https:\/\/www.casadelectores.com\/#organization","name":"Enam\u00f3rate de las compras","url":"https:\/\/www.casadelectores.com\/","logo":{"@type":"ImageObject","inLanguage":"es","@id":"https:\/\/www.casadelectores.com\/#\/schema\/logo\/image\/","url":"https:\/\/www.casadelectores.com\/wp-content\/uploads\/2020\/10\/shop-icon.png","contentUrl":"https:\/\/www.casadelectores.com\/wp-content\/uploads\/2020\/10\/shop-icon.png","width":512,"height":512,"caption":"Enam\u00f3rate de las compras"},"image":{"@id":"https:\/\/www.casadelectores.com\/#\/schema\/logo\/image\/"}}]}},"_links":{"self":[{"href":"https:\/\/www.casadelectores.com\/index.php\/wp-json\/wp\/v2\/product\/12052","targetHints":{"allow":["GET"]}}],"collection":[{"href":"https:\/\/www.casadelectores.com\/index.php\/wp-json\/wp\/v2\/product"}],"about":[{"href":"https:\/\/www.casadelectores.com\/index.php\/wp-json\/wp\/v2\/types\/product"}],"wp:featuredmedia":[{"embeddable":true,"href":"https:\/\/www.casadelectores.com\/index.php\/wp-json\/wp\/v2\/media\/12152"}],"wp:attachment":[{"href":"https:\/\/www.casadelectores.com\/index.php\/wp-json\/wp\/v2\/media?parent=12052"}],"wp:term":[{"taxonomy":"product_brand","embeddable":true,"href":"https:\/\/www.casadelectores.com\/index.php\/wp-json\/wp\/v2\/product_brand?post=12052"},{"taxonomy":"product_cat","embeddable":true,"href":"https:\/\/www.casadelectores.com\/index.php\/wp-json\/wp\/v2\/product_cat?post=12052"},{"taxonomy":"product_tag","embeddable":true,"href":"https:\/\/www.casadelectores.com\/index.php\/wp-json\/wp\/v2\/product_tag?post=12052"}],"curies":[{"name":"wp","href":"https:\/\/api.w.org\/{rel}","templated":true}]}}

Expressversand FUNDAMENTOS GENÉTICOS DEL LENGUAJE

<p>Este libro no plantea la cuestión del lenguaje en términos lógico-matemáticos, sino biológicos. El ser humano es un organismo, consta de productos minerales y de procesos orgánicos similares en todo a la naturaleza, pues no deja de ser parte de ella; pero además habla, tiene lenguaje y, por ello mismo, piensa y vive en sociedad. Rechazando y huyendo de cualquier impostura intelectual, es decir, sin pretender utilizar conceptos extraídos de las ciencias duras para hacer progresar las ciencias blandas, el lector de este libro no encontrará otra cosa que una gran cantidad de leyes y categorías lingüísticas que son equivalentes a otras tantas leyes y categorías genéticas. El resultado es sorprendente y las implicaciones muy profundas. El tema está en el ojo del huracán de la cultura del siglo XXI y las conclusiones que cada uno extraiga de su lectura pueden representar un punto de inflexión en la imagen que los humanos tenemos de nosotros mismos. «,</p>

<p>Este libro no plantea la cuestión del lenguaje en términos lógico-matemáticos, sino biológicos. El ser humano es un organismo, consta de productos minerales y de procesos orgánicos similares en todo a la naturaleza, pues no deja de ser parte de ella; pero además habla, tiene lenguaje y, por ello mismo, piensa y vive en sociedad.&hellip;&nbsp;<a href="https://www.casadelectores.com/index.php/producto/expressversand-fundamentos-geneticos-del-lenguaje-12052/" rel="bookmark"><span class="screen-reader-text">Expressversand FUNDAMENTOS GENÉTICOS DEL LENGUAJE</span></a></p>

<!-- This site is optimized with the Yoast SEO plugin v26.3 - https://yoast.com/wordpress/plugins/seo/ -->
<title>Expressversand FUNDAMENTOS GENÉTICOS DEL LENGUAJE - casadelectores</title>
<meta name="robots" content="index, follow, max-snippet:-1, max-image-preview:large, max-video-preview:-1" />
<link rel="canonical" href="https://www.casadelectores.com/index.php/producto/expressversand-fundamentos-geneticos-del-lenguaje-12052/" />
<meta property="og:locale" content="es_ES" />
<meta property="og:type" content="article" />
<meta property="og:title" content="Expressversand FUNDAMENTOS GENÉTICOS DEL LENGUAJE - casadelectores" />
<meta property="og:description" content="Este libro no plantea la cuestión del lenguaje en términos lógico-matemáticos, sino biológicos. El ser humano es un organismo, consta de productos minerales y de procesos orgánicos similares en todo a la naturaleza, pues no deja de ser parte de ella; pero además habla, tiene lenguaje y, por ello mismo, piensa y vive en sociedad.&hellip;&nbsp;Expressversand FUNDAMENTOS GENÉTICOS DEL LENGUAJE" />
<meta property="og:url" content="https://www.casadelectores.com/index.php/producto/expressversand-fundamentos-geneticos-del-lenguaje-12052/" />
<meta property="og:site_name" content="casadelectores" />
<meta property="og:image" content="https://www.casadelectores.com/wp-content/uploads/2025/SK0181758-DE20251119-101116-0-1763518286-978843761991.webp" />
	<meta property="og:image:width" content="100" />
	<meta property="og:image:height" content="150" />
	<meta property="og:image:type" content="image/webp" />
<meta name="twitter:card" content="summary_large_image" />
<meta name="twitter:label1" content="Tiempo de lectura" />
	<meta name="twitter:data1" content="1 minuto" />
<script type="application/ld+json" class="yoast-schema-graph">{"@context":"https://schema.org","@graph":[{"@type":"WebPage","@id":"https://www.casadelectores.com/index.php/producto/expressversand-fundamentos-geneticos-del-lenguaje-12052/","url":"https://www.casadelectores.com/index.php/producto/expressversand-fundamentos-geneticos-del-lenguaje-12052/","name":"Expressversand FUNDAMENTOS GENÉTICOS DEL LENGUAJE - casadelectores","isPartOf":{"@id":"https://www.casadelectores.com/#website"},"primaryImageOfPage":{"@id":"https://www.casadelectores.com/index.php/producto/expressversand-fundamentos-geneticos-del-lenguaje-12052/#primaryimage"},"image":{"@id":"https://www.casadelectores.com/index.php/producto/expressversand-fundamentos-geneticos-del-lenguaje-12052/#primaryimage"},"thumbnailUrl":"https://www.casadelectores.com/wp-content/uploads/2025/SK0181758-DE20251119-101116-0-1763518286-978843761991.webp","datePublished":"2025-11-25T09:04:44+00:00","breadcrumb":{"@id":"https://www.casadelectores.com/index.php/producto/expressversand-fundamentos-geneticos-del-lenguaje-12052/#breadcrumb"},"inLanguage":"es","potentialAction":[{"@type":"ReadAction","target":["https://www.casadelectores.com/index.php/producto/expressversand-fundamentos-geneticos-del-lenguaje-12052/"]}]},{"@type":"ImageObject","inLanguage":"es","@id":"https://www.casadelectores.com/index.php/producto/expressversand-fundamentos-geneticos-del-lenguaje-12052/#primaryimage","url":"https://www.casadelectores.com/wp-content/uploads/2025/SK0181758-DE20251119-101116-0-1763518286-978843761991.webp","contentUrl":"https://www.casadelectores.com/wp-content/uploads/2025/SK0181758-DE20251119-101116-0-1763518286-978843761991.webp","width":100,"height":150},{"@type":"BreadcrumbList","@id":"https://www.casadelectores.com/index.php/producto/expressversand-fundamentos-geneticos-del-lenguaje-12052/#breadcrumb","itemListElement":[{"@type":"ListItem","position":1,"name":"Portada","item":"https://www.casadelectores.com/"},{"@type":"ListItem","position":2,"name":"Shop","item":"https://www.casadelectores.com/index.php/shop/"},{"@type":"ListItem","position":3,"name":"Expressversand FUNDAMENTOS GENÉTICOS DEL LENGUAJE"}]},{"@type":"WebSite","@id":"https://www.casadelectores.com/#website","url":"https://www.casadelectores.com/","name":"Enamórate de las compras","description":"","publisher":{"@id":"https://www.casadelectores.com/#organization"},"potentialAction":[{"@type":"SearchAction","target":{"@type":"EntryPoint","urlTemplate":"https://www.casadelectores.com/?s={search_term_string}"},"query-input":{"@type":"PropertyValueSpecification","valueRequired":true,"valueName":"search_term_string"}}],"inLanguage":"es"},{"@type":"Organization","@id":"https://www.casadelectores.com/#organization","name":"Enamórate de las compras","url":"https://www.casadelectores.com/","logo":{"@type":"ImageObject","inLanguage":"es","@id":"https://www.casadelectores.com/#/schema/logo/image/","url":"https://www.casadelectores.com/wp-content/uploads/2020/10/shop-icon.png","contentUrl":"https://www.casadelectores.com/wp-content/uploads/2020/10/shop-icon.png","width":512,"height":512,"caption":"Enamórate de las compras"},"image":{"@id":"https://www.casadelectores.com/#/schema/logo/image/"}}]}</script>
<!-- / Yoast SEO plugin. -->

Expressversand FUNDAMENTOS GENÉTICOS DEL LENGUAJE - casadelectores

Este libro no plantea la cuestión del lenguaje en términos lógico-matemáticos, sino biológicos. El ser humano es un organismo, consta de productos minerales y de procesos orgánicos similares en todo a la naturaleza, pues no deja de ser parte de ella; pero además habla, tiene lenguaje y, por ello mismo, piensa y vive en sociedad.&hellip;&nbsp;Expressversand FUNDAMENTOS GENÉTICOS DEL LENGUAJE

Enamórate de las compras
